176.79.190.245 - - [28/Mar/2024:00:50:56 -0500] "HEAD / HTTP/1.0" 200 -1 "https://topvitannya.net.ua" "Mozilla/5.0 (compatible; Googlebot/2.1; +http://www.google.com/bot.html)"
176.79.190.245 - - [28/Mar/2024:00:50:56 -0500] "HEAD / HTTP/1.0" 200 -1 "https://topvitannya.net.ua" "Mozilla/5.0 (compatible; Googlebot/2.1; +http://www.google.com/bot.html)"
176.79.190.245 - - [28/Mar/2024:00:50:56 -0500] "HEAD / HTTP/1.0" 200 -1 "https://topvitannya.net.ua" "Mozilla/5.0 (compatible; Googlebot/2.1; +http://www.google.com/bot.html)"
176.79.190.245 - - [28/Mar/2024:00:50:56 -0500] "HEAD / HTTP/1.0" 200 -1 "https://topvitannya.net.ua" "Mozilla/5.0 (compatible; Googlebot/2.1; +http://www.google.com/bot.html)"
176.79.190.245 - - [28/Mar/2024:00:50:56 -0500] "HEAD / HTTP/1.0" 200 -1 "https://topvitannya.net.ua" "Mozilla/5.0 (compatible; Googlebot/2.1; +http://www.google.com/bot.html)"
176.79.190.245 - - [28/Mar/2024:00:50:56 -0500] "HEAD / HTTP/1.0" 200 -1 "https://topvitannya.net.ua" "Mozilla/5.0 (compatible; Googlebot/2.1; +http://www.google.com/bot.html)"
176.79.190.245 - - [28/Mar/2024:00:50:56 -0500] "HEAD / HTTP/1.0" 200 -1 "https://vitannya.net" "Mozilla/5.0 (compatible; Googlebot/2.1; +http://www.google.com/bot.html)"
176.79.190.245 - - [28/Mar/2024:00:50:56 -0500] "HEAD / HTTP/1.0" 200 -1 "https://topvitannya.net.ua" "Mozilla/5.0 (compatible; Googlebot/2.1; +http://www.google.com/bot.html)"
176.79.190.245 - - [28/Mar/2024:00:50:56 -0500] "HEAD / HTTP/1.0" 200 -1 "https://topvitannya.net.ua" "Mozilla/5.0 (compatible; Googlebot/2.1; +http://www.google.com/bot.html)"
176.79.190.245 - - [28/Mar/2024:00:50:56 -0500] "HEAD / HTTP/1.0" 200 -1 "https://topvitannya.net.ua" "Mozilla/5.0 (compatible; Googlebot/2.1; +http://www.google.com/bot.html)"
176.79.190.245 - - [28/Mar/2024:00:50:56 -0500] "HEAD / HTTP/1.0" 200 -1 "https://topvitannya.net.ua" "Mozilla/5.0 (compatible; Googlebot/2.1; +http://www.google.com/bot.html)"
176.79.190.245 - - [28/Mar/2024:00:50:56 -0500] "HEAD / HTTP/1.0" 200 -1 "https://topvitannya.net.ua" "Mozilla/5.0 (compatible; Googlebot/2.1; +http://www.google.com/bot.html)"
176.79.190.245 - - [28/Mar/2024:00:50:56 -0500] "HEAD / HTTP/1.0" 200 -1 "https://topvitannya.net.ua" "Mozilla/5.0 (compatible; Googlebot/2.1; +http://www.google.com/bot.html)"
176.79.190.245 - - [28/Mar/2024:00:50:56 -0500] "HEAD / HTTP/1.0" 200 -1 "https://topvitannya.net.ua" "Mozilla/5.0 (compatible; Googlebot/2.1; +http://www.google.com/bot.html)"
46.22.51.77 - - [28/Mar/2024:00:50:58 -0500] "GET / HTTP/1.1" 200 -1 "https://sigs.ru/" "Mozilla/5.0 (Windows NT 6.1) AppleWebKit/537.36 (KHTML, like Gecko) Chrome/86.0.4240.198 Safari/537.36"
46.22.51.77 - - [28/Mar/2024:00:51:04 -0500] "GET / HTTP/1.1" 200 -1 "https://top-chat24.ru/" "Mozilla/5.0 (Windows NT 10.0; Win64; x64) AppleWebKit/537.36 (KHTML, like Gecko) Chrome/83.0.4100.3 Safari/537.36"
46.22.51.77 - - [28/Mar/2024:00:51:17 -0500] "GET / HTTP/1.1" 200 -1 "https://top-chat24.ru/" "Mozilla/5.0 (Windows NT 6.1; rv:88.0) Gecko/20100101 Firefox/88.0"
46.22.51.77 - - [28/Mar/2024:00:51:24 -0500] "GET / HTTP/1.1" 200 -1 "https://wmusor.ru/" "Mozilla/5.0 (Windows NT 6.3; WOW64) AppleWebKit/537.36 (KHTML, like Gecko) Chrome/66.0.3359.181 Safari/537.36"
46.22.51.77 - - [28/Mar/2024:00:51:25 -0500] "GET / HTTP/1.1" 200 -1 "https://wmusor.ru/" "Mozilla/5.0 (Windows NT 6.1; WOW64) AppleWebKit/537.36 (KHTML, like Gecko) Chrome/89.0.4389.105 YaBrowser/21.3.3.234 Yowser/2.5 Safari/537.36"
46.22.51.77 - - [28/Mar/2024:00:51:35 -0500] "GET / HTTP/1.1" 200 -1 "https://top-chat24.ru/" "Mozilla/5.0 (Windows NT 6.1; WOW64) AppleWebKit/537.36 (KHTML, like Gecko) Chrome/92.0.4515.159 YaBrowser/21.8.3.607 Yowser/2.5 Safari/537.36"
46.22.51.77 - - [28/Mar/2024:00:51:49 -0500] "GET / HTTP/1.1" 200 -1 "https://wmusor.ru/" "Mozilla/5.0 (Windows NT 5.1) AppleWebKit/537.36 (KHTML, like Gecko) Maxthon/4.9.4.3000 Chrome/39.0.2146.0 Safari/537.36"
95.216.227.15 - - [28/Mar/2024:00:51:53 -0500] "GET /pub/Stats/usage_202403.html HTTP/1.0" 200 113173 "https://krakenat.com" "Mozilla/5.0 (Windows NT 10.0; Win64; x64) AppleWebKit/537.36 (KHTML, like Gecko) Chrome/111.0.0.0 Safari/537.36"
95.216.227.15 - - [28/Mar/2024:00:51:55 -0500] "GET /pub/Stats/usage_202403.html HTTP/1.0" 200 113173 "https://xn--k1-h2s.com" "Mozilla/5.0 (Windows NT 10.0; Win64; x64) AppleWebKit/537.36 (KHTML, like Gecko) Chrome/117.0.5938.132 Safari/537.36"
95.216.227.15 - - [28/Mar/2024:00:51:58 -0500] "GET /pub/Stats/usage_202403.html HTTP/1.0" 200 113173 "https://xn--k1-h2s.com" "Mozilla/5.0 (Windows NT 10.0; Win64; x64) AppleWebKit/537.36 (KHTML, like Gecko) Chrome/120.0.0.0 Iron Safari/537.36"
46.22.51.77 - - [28/Mar/2024:00:51:59 -0500] "GET / HTTP/1.1" 200 -1 "https://autoportal24.ru/" "Mozilla/5.0 (Windows NT 10.0; WOW64) AppleWebKit/537.36 (KHTML, like Gecko) Chrome/83.0.4103.116 YaBrowser/20.7.2.124 Yowser/2.5 Yptp/1.23 Safari/537.36"
37.139.53.88 - - [28/Mar/2024:00:52:08 -0500] "GET /pub/Stats/usage_202403.html HTTP/1.0" 200 113173 "https://www.bigsexvideo.tube/" "Mozilla/5.0 (Windows NT 10.0; Win64; x64) AppleWebKit/537.36 (KHTML, like Gecko) Chrome/119.0.0.0 Safari/537.36"
46.22.51.77 - - [28/Mar/2024:00:52:09 -0500] "GET / HTTP/1.1" 200 -1 "https://autoportal24.ru/" "Mozilla/5.0 (Windows NT 6.1; Win64; x64) AppleWebKit/537.36 (KHTML, like Gecko) Chrome/86.0.4240.198 YaBrowser/20.11.3.183 Yowser/2.5 Safari/537.36"
37.139.53.88 - - [28/Mar/2024:00:52:11 -0500] "GET /pub/Stats/usage_202403.html HTTP/1.0" 200 113173 "https://www.bigsexvideo.tube/" "Mozilla/5.0 (Windows NT 10.0; Win64; x64) AppleWebKit/537.36 (KHTML, like Gecko) Chrome/120.0.0.0 Iron Safari/537.36"
136.243.13.183 - - [28/Mar/2024:00:52:12 -0500] "HEAD /pub/stats/ HTTP/1.0" 200 -1 "https://apkstorage.net/" "Mozilla/5.0 (compatible; Googlebot/2.1; +http://www.google.com/bot.html)"
136.243.13.183 - - [28/Mar/2024:00:52:12 -0500] "HEAD /pub/stats/ HTTP/1.0" 200 -1 "https://apkstorage.net/" "Mozilla/5.0 (compatible; Googlebot/2.1; +http://www.google.com/bot.html)"
136.243.13.183 - - [28/Mar/2024:00:52:12 -0500] "HEAD /pub/stats/ HTTP/1.0" 200 -1 "https://apkstorage.net/" "Mozilla/5.0 (compatible; Googlebot/2.1; +http://www.google.com/bot.html)"
37.139.53.88 - - [28/Mar/2024:00:52:14 -0500] "GET /pub/Stats/usage_202403.html HTTP/1.0" 200 113173 "https://www.bigsexvideo.tube/" "Mozilla/5.0 (Windows NT 10.0; Win64; x64) AppleWebKit/537.36 (KHTML, like Gecko) Chrome/120.0.0.0 Safari/537.36"
46.22.51.77 - - [28/Mar/2024:00:52:14 -0500] "GET / HTTP/1.1" 200 -1 "https://autoportal24.ru/" "Mozilla/5.0 (Macintosh; Intel Mac OS X 11.1; rv:84.0) Gecko/20100101 Firefox/84.0"
136.243.13.183 - - [28/Mar/2024:00:52:23 -0500] "HEAD /pub/stats/ HTTP/1.0" 200 -1 "https://vzlomannye-igry-na-android.net/" "Mozilla/5.0 (compatible; Googlebot/2.1; +http://www.google.com/bot.html)"
136.243.13.183 - - [28/Mar/2024:00:52:23 -0500] "HEAD /pub/stats/ HTTP/1.0" 200 -1 "https://vzlomannye-igry-na-android.net/" "Mozilla/5.0 (compatible; Googlebot/2.1; +http://www.google.com/bot.html)"
136.243.13.183 - - [28/Mar/2024:00:52:23 -0500] "HEAD /pub/stats/ HTTP/1.0" 200 -1 "https://vzlomannye-igry-na-android.net/" "Mozilla/5.0 (compatible; Googlebot/2.1; +http://www.google.com/bot.html)"
46.22.51.77 - - [28/Mar/2024:00:52:24 -0500] "GET / HTTP/1.1" 200 -1 "https://top-chat24.ru/" "Mozilla/5.0 (Macintosh; Intel Mac OS X 10_12_6) AppleWebKit/605.1.15 (KHTML, like Gecko) Version/12.1.2 Safari/605.1.15"
5.42.65.70 - - [28/Mar/2024:00:52:27 -0500] "GET /pub/Stats/usage_202403.html HTTP/1.0" 200 113173 "https://xn--megab-mdb.com" "Mozilla/5.0 (Windows NT 6.3; Win64; x64) AppleWebKit/537.36 (KHTML, like Gecko) Chrome/103.0.0.0 Safari/537.36"
46.22.51.77 - - [28/Mar/2024:00:52:36 -0500] "GET / HTTP/1.1" 200 -1 "https://wmusor.ru/" "Mozilla/5.0 (Windows NT 10.0; WOW64) AppleWebKit/537.36 (KHTML, like Gecko) Chrome/90.0.4430.41 YaBrowser/21.5.0.582 Yowser/2.5 Safari/537.36"
46.22.51.77 - - [28/Mar/2024:00:52:44 -0500] "GET / HTTP/1.1" 200 -1 "https://top-chat24.ru/" "Mozilla/5.0 (Windows NT 10.0; Win64; x64; rv:87.0) Gecko/20100101 Firefox/87.0"
46.22.51.77 - - [28/Mar/2024:00:52:45 -0500] "GET / HTTP/1.1" 200 -1 "https://autoportal24.ru/" "Mozilla/5.0 (Macintosh; Intel Mac OS X 10_15_5) AppleWebKit/605.1.15 (KHTML, like Gecko) Version/13.1.1 Safari/605.1.15"
176.79.190.245 - - [28/Mar/2024:00:52:52 -0500] "HEAD / HTTP/1.0" 200 -1 "https://citata.net.ua" "Mozilla/5.0 (compatible; Googlebot/2.1; +http://www.google.com/bot.html)"
176.79.190.245 - - [28/Mar/2024:00:52:52 -0500] "HEAD / HTTP/1.0" 200 -1 "https://citata.net.ua" "Mozilla/5.0 (compatible; Googlebot/2.1; +http://www.google.com/bot.html)"
176.79.190.245 - - [28/Mar/2024:00:52:52 -0500] "HEAD / HTTP/1.0" 200 -1 "https://citata.net.ua" "Mozilla/5.0 (compatible; Googlebot/2.1; +http://www.google.com/bot.html)"
176.79.190.245 - - [28/Mar/2024:00:52:52 -0500] "HEAD / HTTP/1.0" 200 -1 "https://citata.net.ua" "Mozilla/5.0 (compatible; Googlebot/2.1; +http://www.google.com/bot.html)"
176.79.190.245 - - [28/Mar/2024:00:52:52 -0500] "HEAD / HTTP/1.0" 200 -1 "https://citata.net.ua" "Mozilla/5.0 (compatible; Googlebot/2.1; +http://www.google.com/bot.html)"
176.79.190.245 - - [28/Mar/2024:00:52:52 -0500] "HEAD / HTTP/1.0" 200 -1 "https://citata.net.ua" "Mozilla/5.0 (compatible; Googlebot/2.1; +http://www.google.com/bot.html)"
176.79.190.245 - - [28/Mar/2024:00:52:52 -0500] "HEAD / HTTP/1.0" 200 -1 "https://citata.net.ua" "Mozilla/5.0 (compatible; Googlebot/2.1; +http://www.google.com/bot.html)"
176.79.190.245 - - [28/Mar/2024:00:52:52 -0500] "HEAD / HTTP/1.0" 200 -1 "https://citata.net.ua" "Mozilla/5.0 (compatible; Googlebot/2.1; +http://www.google.com/bot.html)"
176.79.190.245 - - [28/Mar/2024:00:52:52 -0500] "HEAD / HTTP/1.0" 200 -1 "https://citata.net.ua" "Mozilla/5.0 (compatible; Googlebot/2.1; +http://www.google.com/bot.html)"
176.79.190.245 - - [28/Mar/2024:00:52:52 -0500] "HEAD / HTTP/1.0" 200 -1 "https://citata.net.ua" "Mozilla/5.0 (compatible; Googlebot/2.1; +http://www.google.com/bot.html)"
176.79.190.245 - - [28/Mar/2024:00:52:52 -0500] "HEAD / HTTP/1.0" 200 -1 "https://vitannya.net" "Mozilla/5.0 (compatible; Googlebot/2.1; +http://www.google.com/bot.html)"
176.79.190.245 - - [28/Mar/2024:00:52:52 -0500] "HEAD / HTTP/1.0" 200 -1 "https://citata.net.ua" "Mozilla/5.0 (compatible; Googlebot/2.1; +http://www.google.com/bot.html)"
176.79.190.245 - - [28/Mar/2024:00:52:52 -0500] "HEAD / HTTP/1.0" 200 -1 "https://citata.net.ua" "Mozilla/5.0 (compatible; Googlebot/2.1; +http://www.google.com/bot.html)"
176.79.190.245 - - [28/Mar/2024:00:52:52 -0500] "HEAD / HTTP/1.0" 200 -1 "https://citata.net.ua" "Mozilla/5.0 (compatible; Googlebot/2.1; +http://www.google.com/bot.html)"
176.79.190.245 - - [28/Mar/2024:00:52:52 -0500] "HEAD / HTTP/1.0" 200 -1 "https://citata.net.ua" "Mozilla/5.0 (compatible; Googlebot/2.1; +http://www.google.com/bot.html)"
176.79.190.245 - - [28/Mar/2024:00:52:52 -0500] "HEAD / HTTP/1.0" 200 -1 "https://citata.net.ua" "Mozilla/5.0 (compatible; Googlebot/2.1; +http://www.google.com/bot.html)"
176.79.190.245 - - [28/Mar/2024:00:52:52 -0500] "HEAD / HTTP/1.0" 200 -1 "https://mammedia.com.ua" "Mozilla/5.0 (compatible; Googlebot/2.1; +http://www.google.com/bot.html)"
176.79.190.245 - - [28/Mar/2024:00:52:52 -0500] "HEAD / HTTP/1.0" 200 -1 "https://citata.net.ua" "Mozilla/5.0 (compatible; Googlebot/2.1; +http://www.google.com/bot.html)"
176.79.190.245 - - [28/Mar/2024:00:52:52 -0500] "HEAD / HTTP/1.0" 200 -1 "https://citata.net.ua" "Mozilla/5.0 (compatible; Googlebot/2.1; +http://www.google.com/bot.html)"
176.79.190.245 - - [28/Mar/2024:00:52:52 -0500] "HEAD / HTTP/1.0" 200 -1 "https://citata.net.ua" "Mozilla/5.0 (compatible; Googlebot/2.1; +http://www.google.com/bot.html)"
176.79.190.245 - - [28/Mar/2024:00:52:52 -0500] "HEAD / HTTP/1.0" 200 -1 "https://citata.net.ua" "Mozilla/5.0 (compatible; Googlebot/2.1; +http://www.google.com/bot.html)"
46.22.51.77 - - [28/Mar/2024:00:53:03 -0500] "GET / HTTP/1.1" 200 -1 "https://vesti.spb.ru/" "Mozilla/5.0 (Windows NT 10.0; WOW64) AppleWebKit/537.36 (KHTML, like Gecko) Chrome/61.0.3163.79 Safari/537.36 Maxthon/5.2.3.2000"
46.22.51.77 - - [28/Mar/2024:00:53:05 -0500] "GET / HTTP/1.1" 200 -1 "https://sigs.ru/" "Mozilla/5.0 (Windows NT 10.0; Win64; x64) AppleWebKit/537.36 (KHTML, like Gecko) Chrome/90.0.4430.93 Safari/537.36 OPR/76.0.4017.123"
95.216.227.15 - - [28/Mar/2024:00:53:10 -0500] "GET /pub/Stats/usage_202403.html HTTP/1.0" 200 113173 "https://xn--krkn-xva44n.com" "Mozilla/5.0 (Windows NT 10.0; Win64; x64) AppleWebKit/537.36 (KHTML, like Gecko) Chrome/115.0.0.0 Safari/537.36"
46.22.51.77 - - [28/Mar/2024:00:53:12 -0500] "GET / HTTP/1.1" 200 -1 "https://sigs.ru/" "Mozilla/5.0 (Windows NT 10.0; WOW64) AppleWebKit/537.36 (KHTML, like Gecko) Chrome/63.0.3239.26 Safari/537.36 Core/1.63.5383.400 QQBrowser/10.0.1313.400"
95.216.227.15 - - [28/Mar/2024:00:53:13 -0500] "GET /pub/Stats/usage_202403.html HTTP/1.0" 200 113173 "https://vk9at.com" "Mozilla/5.0 (Windows NT 6.1; Win64; x64) AppleWebKit/537.36 (KHTML, like Gecko) Chrome/109.0.5414.120 Safari/537.36"
95.216.227.15 - - [28/Mar/2024:00:53:16 -0500] "GET /pub/Stats/usage_202403.html HTTP/1.0" 200 113173 "https://kraken30at.com" "Mozilla/5.0 (Windows NT 10.0; Win64; x64) AppleWebKit/537.36 (KHTML, like Gecko) Chrome/121.0.0.0 Safari/537.36"
46.22.51.77 - - [28/Mar/2024:00:53:32 -0500] "GET / HTTP/1.1" 200 -1 "https://wmusor.ru/" "Mozilla/5.0 (Windows NT 6.1) AppleWebKit/537.36 (KHTML, like Gecko) Chrome/90.0.4430.212 Safari/537.36"
46.22.51.77 - - [28/Mar/2024:00:53:45 -0500] "GET / HTTP/1.1" 200 -1 "https://top-chat24.ru/" "Mozilla/5.0 (Windows NT 6.1; rv:8.0) Gecko/20100101 Firefox/8.0"
46.22.51.77 - - [28/Mar/2024:00:53:46 -0500] "GET / HTTP/1.1" 200 -1 "https://sigs.ru/" "Mozilla/5.0 (Windows NT 6.1) AppleWebKit/537.36 (KHTML, like Gecko) Chrome/59.0.3071.15 Safari/537.36"
37.139.53.88 - - [28/Mar/2024:00:53:51 -0500] "GET /pub/Stats/usage_202403.html HTTP/1.0" 200 113173 "https://www.bigsexvideo.tube/" "Mozilla/5.0 (Windows NT 10.0; Win64; x64) AppleWebKit/537.36 (KHTML, like Gecko) Chrome/114.0.5735.289 Safari/537.36"
37.139.53.88 - - [28/Mar/2024:00:53:54 -0500] "GET /pub/Stats/usage_202403.html HTTP/1.0" 200 113173 "https://www.bigsexvideo.tube/" "Mozilla/5.0 (Windows NT 10.0; Win64; x64) AppleWebKit/537.36 (KHTML, like Gecko) Chrome/120.0.0.0 Safari/537.36"
37.139.53.88 - - [28/Mar/2024:00:53:58 -0500] "GET /pub/Stats/usage_202403.html HTTP/1.0" 200 113173 "https://www.bigsexvideo.tube/" "Mozilla/5.0 (Windows NT 6.3; Win64; x64) AppleWebKit/537.36 (KHTML, like Gecko) Chrome/113.0.0.0 Safari/537.36"
46.22.51.77 - - [28/Mar/2024:00:54:05 -0500] "GET / HTTP/1.1" 200 -1 "https://vesti.spb.ru/" "Mozilla/5.0 (Windows NT 10.0; Win64; x64) AppleWebKit/537.36 (KHTML, like Gecko) Chrome/83.0.4096.0 Safari/537.36"
79.137.204.186 - - [28/Mar/2024:00:54:15 -0500] "GET /pub/Stats/usage_202403.html HTTP/1.0" 200 113173 "https://korpus-mebli.com.ua/" "Mozilla/5.0 (Windows NT 10.0; Win64; x64) AppleWebKit/537.36 (KHTML, like Gecko) Chrome/117.0.0.0 Safari/537.36"
46.22.51.77 - - [28/Mar/2024:00:54:15 -0500] "GET / HTTP/1.1" 200 -1 "https://sigs.ru/" "Mozilla/5.0 (Windows NT 10.0; Win64; x64) AppleWebKit/537.36 (KHTML, like Gecko) Chrome/64.0.3282.140 Safari/537.36 Edge/18.17763"
46.22.51.77 - - [28/Mar/2024:00:54:16 -0500] "GET / HTTP/1.1" 200 -1 "https://autoportal24.ru/" "Mozilla/5.0 (X11; Linux x86_64) AppleWebKit/537.36 (KHTML, like Gecko) Chrome/49.0.2623.75 Safari/537.36 Google Favicon"
79.137.204.186 - - [28/Mar/2024:00:54:19 -0500] "GET /pub/Stats/usage_202403.html HTTP/1.0" 200 113173 "https://korpus-mebli.com.ua/" "Mozilla/5.0 (Windows NT 10.0; Win64; x64) AppleWebKit/537.36 (KHTML, like Gecko) Chrome/112.0.0.0 Safari/537.36"
46.22.51.77 - - [28/Mar/2024:00:54:20 -0500] "GET / HTTP/1.1" 200 -1 "https://top-chat24.ru/" "Mozilla/5.0 (Macintosh; Intel Mac OS X 10_15_6) AppleWebKit/605.1.15 (KHTML, like Gecko) Version/13.1.2 Safari/605.1.15"
79.137.204.186 - - [28/Mar/2024:00:54:22 -0500] "GET /pub/Stats/usage_202403.html HTTP/1.0" 200 113173 "https://korpus-mebli.com.ua/" "Mozilla/5.0 (Windows NT 10.0; Win64; x64) AppleWebKit/537.36 (KHTML, like Gecko) Chrome/120.0.6099.71 Safari/537.36"
46.22.51.77 - - [28/Mar/2024:00:54:24 -0500] "GET / HTTP/1.1" 200 -1 "https://wmusor.ru/" "Mozilla/5.0 (Windows NT 10.0; Win64; x64) AppleWebKit/537.36 (KHTML, like Gecko) Chrome/85.0.4183.83 Safari/537.36"
95.216.227.15 - - [28/Mar/2024:00:54:27 -0500] "GET /pub/Stats/usage_202403.html HTTP/1.0" 200 113173 "https://krakenat.com" "Mozilla/5.0 (Windows NT 10.0; Win64; x64) AppleWebKit/537.36 (KHTML, like Gecko) Chrome/111.0.0.0 Safari/537.36"
46.22.51.77 - - [28/Mar/2024:00:54:27 -0500] "GET / HTTP/1.1" 200 -1 "https://vesti.spb.ru/" "Mozilla/5.0 (Windows NT 10.0; Win64; x64) AppleWebKit/537.36 (KHTML, like Gecko) Chrome/83.0.4103.116 YaBrowser/20.7.2.115 Yowser/2.5 Safari/537.36"
95.216.227.15 - - [28/Mar/2024:00:54:30 -0500] "GET /pub/Stats/usage_202403.html HTTP/1.0" 200 113173 "https://krakenat.com" "Mozilla/5.0 (Windows NT 10.0) AppleWebKit/537.36 (KHTML, like Gecko) Chrome/110.0.0.0 Safari/537.36"
95.216.227.15 - - [28/Mar/2024:00:54:33 -0500] "GET /pub/Stats/usage_202403.html HTTP/1.0" 200 113173 "https://xn--krkn-xva44n.com" "Mozilla/5.0 (Windows NT 10.0; Win64; x64) AppleWebKit/537.36 (KHTML, like Gecko) Chrome/115.0.0.0 Safari/537.36"
46.22.51.77 - - [28/Mar/2024:00:54:36 -0500] "GET / HTTP/1.1" 200 -1 "https://vesti.spb.ru/" "Mozilla/5.0 (Windows NT 6.1; WOW64) AppleWebKit/537.36 (KHTML, like Gecko) Chrome/55.0.2883.87 Safari/537.36"
136.243.13.183 - - [28/Mar/2024:00:54:50 -0500] "HEAD /pub/stats/ HTTP/1.0" 200 -1 "https://prezentacii.info/" "Mozilla/5.0 (compatible; Googlebot/2.1; +http://www.google.com/bot.html)"
136.243.13.183 - - [28/Mar/2024:00:54:50 -0500] "HEAD /pub/stats/ HTTP/1.0" 200 -1 "https://prezentacii.info/" "Mozilla/5.0 (compatible; Googlebot/2.1; +http://www.google.com/bot.html)"
136.243.13.183 - - [28/Mar/2024:00:54:50 -0500] "HEAD /pub/stats/ HTTP/1.0" 200 -1 "https://prezentacii.info/" "Mozilla/5.0 (compatible; Googlebot/2.1; +http://www.google.com/bot.html)"
176.79.190.245 - - [28/Mar/2024:00:54:54 -0500] "HEAD / HTTP/1.0" 200 -1 "https://vitannya.net" "Mozilla/5.0 (compatible; Googlebot/2.1; +http://www.google.com/bot.html)"
176.79.190.245 - - [28/Mar/2024:00:54:54 -0500] "HEAD / HTTP/1.0" 200 -1 "https://vitannya.net" "Mozilla/5.0 (compatible; Googlebot/2.1; +http://www.google.com/bot.html)"
176.79.190.245 - - [28/Mar/2024:00:54:54 -0500] "HEAD / HTTP/1.0" 200 -1 "https://mammedia.com.ua" "Mozilla/5.0 (compatible; Googlebot/2.1; +http://www.google.com/bot.html)"
176.79.190.245 - - [28/Mar/2024:00:54:54 -0500] "HEAD / HTTP/1.0" 200 -1 "https://vitannya.net" "Mozilla/5.0 (compatible; Googlebot/2.1; +http://www.google.com/bot.html)"
176.79.190.245 - - [28/Mar/2024:00:54:54 -0500] "HEAD / HTTP/1.0" 200 -1 "https://vitannya.net" "Mozilla/5.0 (compatible; Googlebot/2.1; +http://www.google.com/bot.html)"
176.79.190.245 - - [28/Mar/2024:00:54:54 -0500] "HEAD / HTTP/1.0" 200 -1 "https://vitannya.net" "Mozilla/5.0 (compatible; Googlebot/2.1; +http://www.google.com/bot.html)"
176.79.190.245 - - [28/Mar/2024:00:54:54 -0500] "HEAD / HTTP/1.0" 200 -1 "https://vitannya.net" "Mozilla/5.0 (compatible; Googlebot/2.1; +http://www.google.com/bot.html)"
176.79.190.245 - - [28/Mar/2024:00:54:54 -0500] "HEAD / HTTP/1.0" 200 -1 "https://vitannya.net" "Mozilla/5.0 (compatible; Googlebot/2.1; +http://www.google.com/bot.html)"
176.79.190.245 - - [28/Mar/2024:00:54:54 -0500] "HEAD / HTTP/1.0" 200 -1 "https://vitannya.net" "Mozilla/5.0 (compatible; Googlebot/2.1; +http://www.google.com/bot.html)"
176.79.190.245 - - [28/Mar/2024:00:54:54 -0500] "HEAD / HTTP/1.0" 200 -1 "https://vitannya.net" "Mozilla/5.0 (compatible; Googlebot/2.1; +http://www.google.com/bot.html)"
176.79.190.245 - - [28/Mar/2024:00:54:54 -0500] "HEAD / HTTP/1.0" 200 -1 "https://vitannya.net" "Mozilla/5.0 (compatible; Googlebot/2.1; +http://www.google.com/bot.html)"
176.79.190.245 - - [28/Mar/2024:00:54:54 -0500] "HEAD / HTTP/1.0" 200 -1 "https://vitannya.net" "Mozilla/5.0 (compatible; Googlebot/2.1; +http://www.google.com/bot.html)"
176.79.190.245 - - [28/Mar/2024:00:54:54 -0500] "HEAD / HTTP/1.0" 200 -1 "https://svyato365.net.ua" "Mozilla/5.0 (compatible; Googlebot/2.1; +http://www.google.com/bot.html)"
176.79.190.245 - - [28/Mar/2024:00:54:54 -0500] "HEAD / HTTP/1.0" 200 -1 "https://vitannya.net" "Mozilla/5.0 (compatible; Googlebot/2.1; +http://www.google.com/bot.html)"
176.79.190.245 - - [28/Mar/2024:00:54:54 -0500] "HEAD / HTTP/1.0" 200 -1 "https://vitannya.net" "Mozilla/5.0 (compatible; Googlebot/2.1; +http://www.google.com/bot.html)"
176.79.190.245 - - [28/Mar/2024:00:54:54 -0500] "HEAD / HTTP/1.0" 200 -1 "https://vitannya.net" "Mozilla/5.0 (compatible; Googlebot/2.1; +http://www.google.com/bot.html)"
46.22.51.77 - - [28/Mar/2024:00:54:57 -0500] "GET / HTTP/1.1" 200 -1 "https://sigs.ru/" "Mozilla/5.0 (Windows NT 6.3; Win64; x64) AppleWebKit/537.36 (KHTML, like Gecko) Chrome/90.0.4430.212 Safari/537.36"
176.79.190.245 - - [28/Mar/2024:00:54:58 -0500] "HEAD / HTTP/1.0" 200 -1 "https://vitannya.net" "Mozilla/5.0 (compatible; Googlebot/2.1; +http://www.google.com/bot.html)"
176.79.190.245 - - [28/Mar/2024:00:54:58 -0500] "HEAD / HTTP/1.0" 200 -1 "https://vitannya.net" "Mozilla/5.0 (compatible; Googlebot/2.1; +http://www.google.com/bot.html)"
176.79.190.245 - - [28/Mar/2024:00:54:58 -0500] "HEAD / HTTP/1.0" 200 -1 "https://vitannya.net" "Mozilla/5.0 (compatible; Googlebot/2.1; +http://www.google.com/bot.html)"
176.79.190.245 - - [28/Mar/2024:00:54:58 -0500] "HEAD / HTTP/1.0" 200 -1 "https://vitannya.net" "Mozilla/5.0 (compatible; Googlebot/2.1; +http://www.google.com/bot.html)"
176.79.190.245 - - [28/Mar/2024:00:54:58 -0500] "HEAD / HTTP/1.0" 200 -1 "https://vitannya.net" "Mozilla/5.0 (compatible; Googlebot/2.1; +http://www.google.com/bot.html)"
46.22.51.77 - - [28/Mar/2024:00:55:06 -0500] "GET / HTTP/1.1" 200 -1 "https://vesti.spb.ru/" "Mozilla/5.0 (Windows NT 10.0; Win64; x64) AppleWebKit/537.36 (KHTML, like Gecko) Chrome/94.0.4606.61 Safari/537.36"
46.22.51.77 - - [28/Mar/2024:00:55:07 -0500] "GET / HTTP/1.1" 200 -1 "https://autoportal24.ru/" "Mozilla/5.0 (Windows NT 10.0; Win64; x64) AppleWebKit/537.36 (KHTML, like Gecko) Chrome/91.0.4472.114 Safari/537.36 OPR/77.0.4054.172"
46.22.51.77 - - [28/Mar/2024:00:55:20 -0500] "GET / HTTP/1.1" 200 -1 "https://top-chat24.ru/" "Mozilla/5.0 (Windows NT 10.0; Win64; x64; rv:88.0) Gecko/20100101 Firefox/88.0"
51.222.253.8 - - [28/Mar/2024:00:55:21 -0500] "GET /DeadPage/Fidelity/events/completed_events/CHips/CHIPS.html HTTP/1.1" 200 2283 "" "Mozilla/5.0 (compatible; AhrefsBot/7.0; +http://ahrefs.com/robot/)"
5.42.65.70 - - [28/Mar/2024:00:55:28 -0500] "GET /pub/Stats/usage_202403.html HTTP/1.0" 200 113173 "https://xn--megab-mdb.com" "Mozilla/5.0 (Windows NT 10.0) AppleWebKit/537.36 (KHTML, like Gecko) Chrome/103.0.0.0 Safari/537.36"
46.22.51.77 - - [28/Mar/2024:00:55:28 -0500] "GET / HTTP/1.1" 200 -1 "https://wmusor.ru/" "Mozilla/5.0 (Windows NT 6.1; rv:57.0) Gecko/20100101 Firefox/B8A7"
46.22.51.77 - - [28/Mar/2024:00:55:33 -0500] "GET / HTTP/1.1" 200 -1 "https://wmusor.ru/" "Mozilla/5.0 (X11; Linux x86_64) AppleWebKit/537.36 (KHTML, like Gecko) Chrome/66.0.3359.106 Safari/537.36"
37.139.53.88 - - [28/Mar/2024:00:55:34 -0500] "GET /pub/Stats/usage_202403.html HTTP/1.0" 200 113173 "https://www.bigsexvideo.tube/" "Mozilla/5.0 (Windows NT 10.0; Win64; x64) AppleWebKit/537.36 (KHTML, like Gecko) Chrome/120.0.0.0 Iron Safari/537.36"
37.139.53.88 - - [28/Mar/2024:00:55:37 -0500] "GET /pub/Stats/usage_202403.html HTTP/1.0" 200 113173 "https://www.bigsexvideo.tube/" "Mozilla/5.0 (Windows NT 10.0; Win64; x64) AppleWebKit/537.36 (KHTML, like Gecko) Chrome/120.0.0.0 Iron Safari/537.36"
37.139.53.88 - - [28/Mar/2024:00:55:40 -0500] "GET /pub/Stats/usage_202403.html HTTP/1.0" 200 113173 "https://www.bigsexvideo.tube/" "Mozilla/5.0 (Windows NT 10.0; Win64; x64) AppleWebKit/537.36 (KHTML, like Gecko) Chrome/122.0.0.0 Safari/537.36"
46.22.51.77 - - [28/Mar/2024:00:55:44 -0500] "GET / HTTP/1.1" 200 -1 "https://sigs.ru/" "Mozilla/5.0 (Windows NT 6.1) AppleWebKit/537.36 (KHTML, like Gecko) Chrome/88.0.4324.182 Safari/537.36"
95.216.227.15 - - [28/Mar/2024:00:55:44 -0500] "GET /pub/Stats/usage_202403.html HTTP/1.0" 200 113173 "https://xn--krkn-xva44n.com" "Mozilla/5.0 (Windows NT 10.0; Win64; x64) AppleWebKit/537.36 (KHTML, like Gecko) Chrome/120.0.0.0 Safari/537.36"
95.216.227.15 - - [28/Mar/2024:00:55:47 -0500] "GET /pub/Stats/usage_202403.html HTTP/1.0" 200 113173 "https://krakenat.com" "Mozilla/5.0 (Windows NT 10.0; Win64; x64) AppleWebKit/537.36 (KHTML, like Gecko) Chrome/120.0.6099.71 Safari/537.36"
46.22.51.77 - - [28/Mar/2024:00:55:48 -0500] "GET / HTTP/1.1" 200 -1 "https://top-chat24.ru/" "Mozilla/5.0 (Windows NT 10.0; Win64; x64) AppleWebKit/537.36 (KHTML, like Gecko) Chrome/88.0.4324.41 YaBrowser/21.2.0.1097 Yowser/2.5 Safari/537.36"
95.216.227.15 - - [28/Mar/2024:00:55:50 -0500] "GET /pub/Stats/usage_202403.html HTTP/1.0" 200 113173 "https://kraken30at.com" "Mozilla/5.0 (Windows NT 10.0; Win64; x64) AppleWebKit/537.36 (KHTML, like Gecko) Chrome/122.0.0.0 Safari/537.36"
46.22.51.77 - - [28/Mar/2024:00:55:53 -0500] "GET / HTTP/1.1" 200 -1 "https://autoportal24.ru/" "Mozilla/5.0 (Windows NT 6.1; Win64; x64; rv:83.0) Gecko/20100101 Firefox/83.0"
46.22.51.77 - - [28/Mar/2024:00:56:06 -0500] "GET / HTTP/1.1" 200 -1 "https://vesti.spb.ru/" "Mozilla/5.0 (Windows NT 10.0; WOW64) AppleWebKit/537.36 (KHTML, like Gecko) Chrome/45.0.2454.93 Safari/537.36"
46.22.51.77 - - [28/Mar/2024:00:56:09 -0500] "GET / HTTP/1.1" 200 -1 "https://top-chat24.ru/" "Mozilla/5.0 (Windows NT 6.1; Win64; x64) AppleWebKit/537.36 (KHTML, like Gecko) Chrome/91.0.4472.114 Safari/537.36"
46.22.51.77 - - [28/Mar/2024:00:56:16 -0500] "GET / HTTP/1.1" 200 -1 "https://wmusor.ru/" "Mozilla/5.0 (Windows NT 6.1; Win64; x64) AppleWebKit/537.36 (KHTML, like Gecko) Chrome/79.0.3945.130 Safari/537.36"
46.22.51.77 - - [28/Mar/2024:00:56:20 -0500] "GET / HTTP/1.1" 200 -1 "https://wmusor.ru/" "Mozilla/5.0 (Windows NT 10.0; WOW64) AppleWebKit/537.36 (KHTML, like Gecko) Chrome/81.0.4044.138 YaBrowser/20.6.2.197 Yowser/2.5 Yptp/1.23 Safari/537.36"
51.222.253.14 - - [28/Mar/2024:00:56:27 -0500] "GET /thetoolbag/cooladons4palmos/?order=tnx HTTP/1.1" 200 -1 "" "Mozilla/5.0 (compatible; AhrefsBot/7.0; +http://ahrefs.com/robot/)"
46.22.51.77 - - [28/Mar/2024:00:56:38 -0500] "GET / HTTP/1.1" 200 -1 "https://sigs.ru/" "Mozilla/5.0 (X11; Linux x86_64) AppleWebKit/537.36 (KHTML, like Gecko) Chrome/65.0.3325.93 Safari/537.36"
46.22.51.77 - - [28/Mar/2024:00:56:40 -0500] "GET / HTTP/1.1" 200 -1 "https://top-chat24.ru/" "Mozilla/5.0 (Windows NT 10.0; WOW64) AppleWebKit/537.36 (KHTML, like Gecko) Chrome/66.0.3359.170 Safari/537.36"
136.243.13.183 - - [28/Mar/2024:00:56:52 -0500] "HEAD /pub/stats/ HTTP/1.0" 200 -1 "https://www.mobilecards.com.ua/" "Mozilla/5.0 (compatible; Googlebot/2.1; +http://www.google.com/bot.html)"
136.243.13.183 - - [28/Mar/2024:00:56:52 -0500] "HEAD /pub/stats/ HTTP/1.0" 200 -1 "https://www.mobilecards.com.ua/" "Mozilla/5.0 (compatible; Googlebot/2.1; +http://www.google.com/bot.html)"
136.243.13.183 - - [28/Mar/2024:00:56:52 -0500] "HEAD /pub/stats/ HTTP/1.0" 200 -1 "https://www.mobilecards.com.ua/" "Mozilla/5.0 (compatible; Googlebot/2.1; +http://www.google.com/bot.html)"
46.22.51.77 - - [28/Mar/2024:00:56:54 -0500] "GET / HTTP/1.1" 200 -1 "https://autoportal24.ru/" "Mozilla/5.0 (Windows NT 10.0; WOW64) AppleWebKit/537.36 (KHTML, like Gecko) Chrome/50.0.2661.94 Safari/537.36"
46.22.51.77 - - [28/Mar/2024:00:56:54 -0500] "GET / HTTP/1.1" 200 -1 "https://autoportal24.ru/" "Mozilla/5.0 (Windows NT 10.0; Win64; x64) AppleWebKit/537.36 (KHTML, like Gecko) Chrome/84.0.4147.135 Safari/537.36"
95.216.227.15 - - [28/Mar/2024:00:57:00 -0500] "GET /pub/Stats/usage_202403.html HTTP/1.0" 200 113173 "https://vk9at.com" "Mozilla/5.0 (Windows NT 10.0; Win64; x64) AppleWebKit/537.36 (KHTML, like Gecko) Chrome/122.0.0.0 Safari/537.36"
95.216.227.15 - - [28/Mar/2024:00:57:03 -0500] "GET /pub/Stats/usage_202403.html HTTP/1.0" 200 113173 "https://xn--krkn-xva44n.com" "Mozilla/5.0 (Windows NT 10.0; Win64; x64) AppleWebKit/537.36 (KHTML, like Gecko) Chrome/120.0.0.0 Iron Safari/537.36"
95.216.227.15 - - [28/Mar/2024:00:57:07 -0500] "GET /pub/Stats/usage_202403.html HTTP/1.0" 200 113173 "https://krakenat.com" "Mozilla/5.0 (Windows NT 10.0; Win64; x64) AppleWebKit/537.36 (KHTML, like Gecko) Chrome/120.0.6099.71 Safari/537.36"
176.79.190.245 - - [28/Mar/2024:00:57:09 -0500] "HEAD / HTTP/1.0" 200 -1 "https://mammedia.com.ua" "Mozilla/5.0 (compatible; Googlebot/2.1; +http://www.google.com/bot.html)"
176.79.190.245 - - [28/Mar/2024:00:57:09 -0500] "HEAD / HTTP/1.0" 200 -1 "https://mammedia.com.ua" "Mozilla/5.0 (compatible; Googlebot/2.1; +http://www.google.com/bot.html)"
176.79.190.245 - - [28/Mar/2024:00:57:09 -0500] "HEAD / HTTP/1.0" 200 -1 "https://mammedia.com.ua" "Mozilla/5.0 (compatible; Googlebot/2.1; +http://www.google.com/bot.html)"
176.79.190.245 - - [28/Mar/2024:00:57:09 -0500] "HEAD / HTTP/1.0" 200 -1 "https://mammedia.com.ua" "Mozilla/5.0 (compatible; Googlebot/2.1; +http://www.google.com/bot.html)"
176.79.190.245 - - [28/Mar/2024:00:57:09 -0500] "HEAD / HTTP/1.0" 200 -1 "https://mammedia.com.ua" "Mozilla/5.0 (compatible; Googlebot/2.1; +http://www.google.com/bot.html)"
176.79.190.245 - - [28/Mar/2024:00:57:09 -0500] "HEAD / HTTP/1.0" 200 -1 "https://mammedia.com.ua" "Mozilla/5.0 (compatible; Googlebot/2.1; +http://www.google.com/bot.html)"
176.79.190.245 - - [28/Mar/2024:00:57:09 -0500] "HEAD / HTTP/1.0" 200 -1 "https://mammedia.com.ua" "Mozilla/5.0 (compatible; Googlebot/2.1; +http://www.google.com/bot.html)"
176.79.190.245 - - [28/Mar/2024:00:57:09 -0500] "HEAD / HTTP/1.0" 200 -1 "https://mammedia.com.ua" "Mozilla/5.0 (compatible; Googlebot/2.1; +http://www.google.com/bot.html)"
176.79.190.245 - - [28/Mar/2024:00:57:09 -0500] "HEAD / HTTP/1.0" 200 -1 "https://mammedia.com.ua" "Mozilla/5.0 (compatible; Googlebot/2.1; +http://www.google.com/bot.html)"
176.79.190.245 - - [28/Mar/2024:00:57:09 -0500] "HEAD / HTTP/1.0" 200 -1 "https://mammedia.com.ua" "Mozilla/5.0 (compatible; Googlebot/2.1; +http://www.google.com/bot.html)"
176.79.190.245 - - [28/Mar/2024:00:57:09 -0500] "HEAD / HTTP/1.0" 200 -1 "https://mammedia.com.ua" "Mozilla/5.0 (compatible; Googlebot/2.1; +http://www.google.com/bot.html)"
176.79.190.245 - - [28/Mar/2024:00:57:09 -0500] "HEAD / HTTP/1.0" 200 -1 "https://mammedia.com.ua" "Mozilla/5.0 (compatible; Googlebot/2.1; +http://www.google.com/bot.html)"
176.79.190.245 - - [28/Mar/2024:00:57:09 -0500] "HEAD / HTTP/1.0" 200 -1 "https://pryvitay.co.ua" "Mozilla/5.0 (compatible; Googlebot/2.1; +http://www.google.com/bot.html)"
176.79.190.245 - - [28/Mar/2024:00:57:09 -0500] "HEAD / HTTP/1.0" 200 -1 "https://mammedia.com.ua" "Mozilla/5.0 (compatible; Googlebot/2.1; +http://www.google.com/bot.html)"
176.79.190.245 - - [28/Mar/2024:00:57:09 -0500] "HEAD / HTTP/1.0" 200 -1 "https://mammedia.com.ua" "Mozilla/5.0 (compatible; Googlebot/2.1; +http://www.google.com/bot.html)"
176.79.190.245 - - [28/Mar/2024:00:57:09 -0500] "HEAD / HTTP/1.0" 200 -1 "https://mammedia.com.ua" "Mozilla/5.0 (compatible; Googlebot/2.1; +http://www.google.com/bot.html)"
176.79.190.245 - - [28/Mar/2024:00:57:09 -0500] "HEAD / HTTP/1.0" 200 -1 "https://mammedia.com.ua" "Mozilla/5.0 (compatible; Googlebot/2.1; +http://www.google.com/bot.html)"
176.79.190.245 - - [28/Mar/2024:00:57:09 -0500] "HEAD / HTTP/1.0" 200 -1 "https://svyato365.net.ua" "Mozilla/5.0 (compatible; Googlebot/2.1; +http://www.google.com/bot.html)"
176.79.190.245 - - [28/Mar/2024:00:57:09 -0500] "HEAD / HTTP/1.0" 200 -1 "https://mammedia.com.ua" "Mozilla/5.0 (compatible; Googlebot/2.1; +http://www.google.com/bot.html)"
176.79.190.245 - - [28/Mar/2024:00:57:09 -0500] "HEAD / HTTP/1.0" 200 -1 "https://mammedia.com.ua" "Mozilla/5.0 (compatible; Googlebot/2.1; +http://www.google.com/bot.html)"
176.79.190.245 - - [28/Mar/2024:00:57:09 -0500] "HEAD / HTTP/1.0" 200 -1 "https://mammedia.com.ua" "Mozilla/5.0 (compatible; Googlebot/2.1; +http://www.google.com/bot.html)"
136.243.13.183 - - [28/Mar/2024:00:57:10 -0500] "HEAD /pub/stats/ HTTP/1.0" 200 -1 "https://apkzavr.com/" "Mozilla/5.0 (compatible; Googlebot/2.1; +http://www.google.com/bot.html)"
136.243.13.183 - - [28/Mar/2024:00:57:10 -0500] "HEAD /pub/stats/ HTTP/1.0" 200 -1 "https://apkzavr.com/" "Mozilla/5.0 (compatible; Googlebot/2.1; +http://www.google.com/bot.html)"
136.243.13.183 - - [28/Mar/2024:00:57:10 -0500] "HEAD /pub/stats/ HTTP/1.0" 200 -1 "https://apkzavr.com/" "Mozilla/5.0 (compatible; Googlebot/2.1; +http://www.google.com/bot.html)"
136.243.13.183 - - [28/Mar/2024:00:57:17 -0500] "HEAD /pub/stats/ HTTP/1.0" 200 -1 "https://coloriage-carnaval.com/" "Mozilla/5.0 (compatible; Googlebot/2.1; +http://www.google.com/bot.html)"
136.243.13.183 - - [28/Mar/2024:00:57:17 -0500] "HEAD /pub/stats/ HTTP/1.0" 200 -1 "https://coloriage-carnaval.com/" "Mozilla/5.0 (compatible; Googlebot/2.1; +http://www.google.com/bot.html)"
136.243.13.183 - - [28/Mar/2024:00:57:17 -0500] "HEAD /pub/stats/ HTTP/1.0" 200 -1 "https://coloriage-carnaval.com/" "Mozilla/5.0 (compatible; Googlebot/2.1; +http://www.google.com/bot.html)"
37.139.53.88 - - [28/Mar/2024:00:57:17 -0500] "GET /pub/Stats/usage_202403.html HTTP/1.0" 200 113173 "https://www.bigsexvideo.tube/" "Mozilla/5.0 (Windows NT 10.0; Win64; x64) AppleWebKit/537.36 (KHTML, like Gecko) Chrome/120.0.0.0 Safari/537.36"
37.139.53.88 - - [28/Mar/2024:00:57:21 -0500] "GET /pub/Stats/usage_202403.html HTTP/1.0" 200 113173 "https://www.bigsexvideo.tube/" "Mozilla/5.0 (Windows NT 10.0; Win64; x64) AppleWebKit/537.36 (KHTML, like Gecko) Chrome/121.0.0.0 Safari/537.36"
37.139.53.88 - - [28/Mar/2024:00:57:24 -0500] "GET /pub/Stats/usage_202403.html HTTP/1.0" 200 113173 "https://www.bigsexvideo.tube/" "Mozilla/5.0 (Windows NT 6.3; Win64; x64) AppleWebKit/537.36 (KHTML, like Gecko) Chrome/113.0.0.0 Safari/537.36"
46.22.51.77 - - [28/Mar/2024:00:57:27 -0500] "GET / HTTP/1.1" 200 -1 "https://wmusor.ru/" "Mozilla/5.0 (Windows NT 6.1) AppleWebKit/537.36 (KHTML, like Gecko) Chrome/44.0.2403.157 UBrowser/5.5.5701.114 Safari/537.36"
46.22.51.77 - - [28/Mar/2024:00:57:34 -0500] "GET / HTTP/1.1" 200 -1 "https://vesti.spb.ru/" "Mozilla/5.0 (Windows NT 6.1; rv:57.0) Gecko/20100101 Firefox/A46D"
46.22.51.77 - - [28/Mar/2024:00:57:39 -0500] "GET / HTTP/1.1" 200 -1 "https://wmusor.ru/" "Mozilla/5.0 (Windows NT 10.0; Win64; x64) AppleWebKit/537.36 (KHTML, like Gecko) Chrome/91.0.4472.101 Safari/537.36 Edg/91.0.864.48"
46.22.51.77 - - [28/Mar/2024:00:57:50 -0500] "GET / HTTP/1.1" 200 -1 "https://sigs.ru/" "Mozilla/5.0 (Windows NT 10.0; WOW64) AppleWebKit/537.36 (KHTML, like Gecko) Chrome/88.0.4324.152 YaBrowser/21.2.3.106 Yowser/2.5 Safari/537.36"
46.22.51.77 - - [28/Mar/2024:00:57:52 -0500] "GET / HTTP/1.1" 200 -1 "https://autoportal24.ru/" "Mozilla/5.0 (Windows NT 10.0; WOW64) AppleWebKit/537.36 (KHTML, like Gecko) Chrome/64.0.3282.39 Safari/537.36"
46.22.51.77 - - [28/Mar/2024:00:57:54 -0500] "GET / HTTP/1.1" 200 -1 "https://sigs.ru/" "Mozilla/5.0 (Macintosh; Intel Mac OS X 10_15_7) AppleWebKit/605.1.15 (KHTML, like Gecko) Version/14.1.1 Safari/605.1.15"
136.243.13.183 - - [28/Mar/2024:00:57:54 -0500] "HEAD /pub/stats/ HTTP/1.0" 200 -1 "https://ausmalbilderdisney.com/" "Mozilla/5.0 (compatible; Googlebot/2.1; +http://www.google.com/bot.html)"
136.243.13.183 - - [28/Mar/2024:00:57:54 -0500] "HEAD /pub/stats/ HTTP/1.0" 200 -1 "https://ausmalbilderdisney.com/" "Mozilla/5.0 (compatible; Googlebot/2.1; +http://www.google.com/bot.html)"
136.243.13.183 - - [28/Mar/2024:00:57:54 -0500] "HEAD /pub/stats/ HTTP/1.0" 200 -1 "https://ausmalbilderdisney.com/" "Mozilla/5.0 (compatible; Googlebot/2.1; +http://www.google.com/bot.html)"
46.22.51.77 - - [28/Mar/2024:00:57:58 -0500] "GET / HTTP/1.1" 200 -1 "https://vesti.spb.ru/" "Mozilla/5.0 (Windows NT 10.0; Win64; x64) AppleWebKit/537.36 (KHTML, like Gecko) Chrome/80.0.3987.122 Safari/537.36"
136.243.13.183 - - [28/Mar/2024:00:58:03 -0500] "HEAD /pub/stats/ HTTP/1.0" 200 -1 "https://driverss.net/" "Mozilla/5.0 (compatible; Googlebot/2.1; +http://www.google.com/bot.html)"
136.243.13.183 - - [28/Mar/2024:00:58:03 -0500] "HEAD /pub/stats/ HTTP/1.0" 200 -1 "https://driverss.net/" "Mozilla/5.0 (compatible; Googlebot/2.1; +http://www.google.com/bot.html)"
136.243.13.183 - - [28/Mar/2024:00:58:03 -0500] "HEAD /pub/stats/ HTTP/1.0" 200 -1 "https://driverss.net/" "Mozilla/5.0 (compatible; Googlebot/2.1; +http://www.google.com/bot.html)"
79.137.204.186 - - [28/Mar/2024:00:58:06 -0500] "GET /pub/Stats/usage_202403.html HTTP/1.0" 200 113173 "https://korpus-mebli.com.ua/" "Mozilla/5.0 (Windows NT 6.3; Win64; x64) AppleWebKit/537.36 (KHTML, like Gecko) Chrome/113.0.0.0 Safari/537.36"
79.137.204.186 - - [28/Mar/2024:00:58:10 -0500] "GET /pub/Stats/usage_202403.html HTTP/1.0" 200 113173 "https://korpus-mebli.com.ua/" "Mozilla/5.0 (Windows NT 6.3; Win64; x64) AppleWebKit/537.36 (KHTML, like Gecko) Chrome/113.0.0.0 Safari/537.36"
46.22.51.77 - - [28/Mar/2024:00:58:12 -0500] "GET / HTTP/1.1" 200 -1 "https://autoportal24.ru/" "Mozilla/5.0 (Windows NT 6.3; Win64; x64) AppleWebKit/537.36 (KHTML, like Gecko) Chrome/89.0.4389.114 Safari/537.36"
46.22.51.77 - - [28/Mar/2024:00:58:12 -0500] "GET / HTTP/1.1" 200 -1 "https://top-chat24.ru/" "Mozilla/5.0 (Windows NT 10.0; Win64; x64) AppleWebKit/537.36 (KHTML, like Gecko) Chrome/83.0.4093.3 Safari/537.36"
79.137.204.186 - - [28/Mar/2024:00:58:14 -0500] "GET /pub/Stats/usage_202403.html HTTP/1.0" 200 113173 "https://korpus-mebli.com.ua/" "Mozilla/5.0 (Windows NT 10.0; Win64; x64) AppleWebKit/537.36 (KHTML, like Gecko) Chrome/120.0.0.0 Iron Safari/537.36"
95.216.227.15 - - [28/Mar/2024:00:58:17 -0500] "GET /pub/Stats/usage_202403.html HTTP/1.0" 200 113173 "https://vk9at.com" "Mozilla/5.0 (Windows NT 10.0; Win64; x64) AppleWebKit/537.36 (KHTML, like Gecko) Chrome/117.0.0.0 Safari/537.36"
46.22.51.77 - - [28/Mar/2024:00:58:18 -0500] "GET / HTTP/1.1" 200 -1 "https://vesti.spb.ru/" "Mozilla/5.0 (X11; Linux i686) AppleWebKit/537.36 (KHTML, like Gecko) Ubuntu Chromium/65.0.3325.181 Chrome/65.0.3325.181 Safari/537.36"
95.216.227.15 - - [28/Mar/2024:00:58:21 -0500] "GET /pub/Stats/usage_202403.html HTTP/1.0" 200 113173 "https://xn--krkn-xva44n.com" "Mozilla/5.0 (Windows NT 10.0; Win64; x64) AppleWebKit/537.36 (KHTML, like Gecko) Chrome/112.0.0.0 Safari/537.36"
95.216.227.15 - - [28/Mar/2024:00:58:24 -0500] "GET /pub/Stats/usage_202403.html HTTP/1.0" 200 113173 "https://kraken30at.com" "Mozilla/5.0 (Windows NT 10.0; Win64; x64) AppleWebKit/537.36 (KHTML, like Gecko) Chrome/121.0.0.0 Safari/537.36"
46.22.51.77 - - [28/Mar/2024:00:58:24 -0500] "GET / HTTP/1.1" 200 -1 "https://sigs.ru/" "Mozilla/5.0 (Windows NT 10.0; Win64; x64) AppleWebKit/537.36 (KHTML, like Gecko) Chrome/85.0.4183.121 Safari/537.36 OPR/71.0.3770.284"
5.42.65.70 - - [28/Mar/2024:00:58:27 -0500] "GET /pub/Stats/usage_202403.html HTTP/1.0" 200 113173 "https://xn--megab-mdb.com" "Mozilla/5.0 (Windows NT 6.2; Win64; x64) AppleWebKit/537.36 (KHTML, like Gecko) Chrome/103.0.0.0 Safari/537.36"
46.22.51.77 - - [28/Mar/2024:00:58:44 -0500] "GET / HTTP/1.1" 200 -1 "https://sigs.ru/" "Mozilla/5.0 (Windows NT 10.0; WOW64) AppleWebKit/537.36 (KHTML, like Gecko) Chrome/45.0.2454.101 Safari/537.36"
37.139.53.88 - - [28/Mar/2024:00:59:01 -0500] "GET /pub/Stats/usage_202403.html HTTP/1.0" 200 113173 "https://www.bigsexvideo.tube/" "Mozilla/5.0 (Windows NT 10.0; Win64; x64) AppleWebKit/537.36 (KHTML, like Gecko) Chrome/121.0.0.0 Safari/537.36"
46.22.51.77 - - [28/Mar/2024:00:59:01 -0500] "GET / HTTP/1.1" 200 -1 "https://top-chat24.ru/" "Mozilla/5.0 (Windows NT 10.0; Win64; x64; rv:68.0) Gecko/20100101 Firefox/68.0"
37.139.53.88 - - [28/Mar/2024:00:59:03 -0500] "GET /pub/Stats/usage_202403.html HTTP/1.0" 200 113173 "https://www.bigsexvideo.tube/" "Mozilla/5.0 (Windows NT 10.0; Win64; x64) AppleWebKit/537.36 (KHTML, like Gecko) Chrome/120.0.0.0 Safari/537.36"
37.139.53.88 - - [28/Mar/2024:00:59:06 -0500] "GET /pub/Stats/usage_202403.html HTTP/1.0" 200 113173 "https://www.bigsexvideo.tube/" "Mozilla/5.0 (Windows NT 10.0; Win64; x64) AppleWebKit/537.36 (KHTML, like Gecko) Chrome/121.0.0.0 Safari/537.36"
46.22.51.77 - - [28/Mar/2024:00:59:10 -0500] "GET / HTTP/1.1" 200 -1 "https://wmusor.ru/" "Mozilla/5.0 (Windows NT 10.0; Win64; x64) AppleWebKit/537.36 (KHTML, like Gecko) Chrome/88.0.4324.182 Safari/537.36 OPR/74.0.3911.203"
46.22.51.77 - - [28/Mar/2024:00:59:12 -0500] "GET / HTTP/1.1" 200 -1 "https://vesti.spb.ru/" "Mozilla/5.0 (Windows NT 10.0; Win64; x64; rv:81.0) Gecko/20100101 Firefox/81.0"
46.22.51.77 - - [28/Mar/2024:00:59:18 -0500] "GET / HTTP/1.1" 200 -1 "https://vesti.spb.ru/" "Mozilla/5.0 (Windows NT 10.0; Win64; x64; rv:83.0) Gecko/20100101 Firefox/83.0"
46.22.51.77 - - [28/Mar/2024:00:59:18 -0500] "GET / HTTP/1.1" 200 -1 "https://vesti.spb.ru/" "Mozilla/5.0 (Windows NT 10.0; Win64; x64) AppleWebKit/537.36 (KHTML, like Gecko) Chrome/89.0.4389.105 YaBrowser/21.3.3.230 Yowser/2.5 Safari/537.36"
136.243.13.183 - - [28/Mar/2024:00:59:22 -0500] "HEAD /pub/stats/ HTTP/1.0" 200 -1 "https://driverss.net/" "Mozilla/5.0 (compatible; Googlebot/2.1; +http://www.google.com/bot.html)"
136.243.13.183 - - [28/Mar/2024:00:59:22 -0500] "HEAD /pub/stats/ HTTP/1.0" 200 -1 "https://driverss.net/" "Mozilla/5.0 (compatible; Googlebot/2.1; +http://www.google.com/bot.html)"
136.243.13.183 - - [28/Mar/2024:00:59:23 -0500] "HEAD /pub/stats/ HTTP/1.0" 200 -1 "https://driverss.net/" "Mozilla/5.0 (compatible; Googlebot/2.1; +http://www.google.com/bot.html)"
176.79.190.245 - - [28/Mar/2024:00:59:28 -0500] "HEAD / HTTP/1.0" 200 -1 "https://svyato365.net.ua" "Mozilla/5.0 (compatible; Googlebot/2.1; +http://www.google.com/bot.html)"
176.79.190.245 - - [28/Mar/2024:00:59:28 -0500] "HEAD / HTTP/1.0" 200 -1 "https://svyato365.net.ua" "Mozilla/5.0 (compatible; Googlebot/2.1; +http://www.google.com/bot.html)"
176.79.190.245 - - [28/Mar/2024:00:59:28 -0500] "HEAD / HTTP/1.0" 200 -1 "https://svyato365.net.ua" "Mozilla/5.0 (compatible; Googlebot/2.1; +http://www.google.com/bot.html)"
176.79.190.245 - - [28/Mar/2024:00:59:28 -0500] "HEAD / HTTP/1.0" 200 -1 "https://svyato365.net.ua" "Mozilla/5.0 (compatible; Googlebot/2.1; +http://www.google.com/bot.html)"
176.79.190.245 - - [28/Mar/2024:00:59:28 -0500] "HEAD / HTTP/1.0" 200 -1 "https://svyato365.net.ua" "Mozilla/5.0 (compatible; Googlebot/2.1; +http://www.google.com/bot.html)"
176.79.190.245 - - [28/Mar/2024:00:59:28 -0500] "HEAD / HTTP/1.0" 200 -1 "https://svyato365.net.ua" "Mozilla/5.0 (compatible; Googlebot/2.1; +http://www.google.com/bot.html)"
176.79.190.245 - - [28/Mar/2024:00:59:28 -0500] "HEAD / HTTP/1.0" 200 -1 "https://svyato365.net.ua" "Mozilla/5.0 (compatible; Googlebot/2.1; +http://www.google.com/bot.html)"
176.79.190.245 - - [28/Mar/2024:00:59:28 -0500] "HEAD / HTTP/1.0" 200 -1 "https://svyato365.net.ua" "Mozilla/5.0 (compatible; Googlebot/2.1; +http://www.google.com/bot.html)"
176.79.190.245 - - [28/Mar/2024:00:59:28 -0500] "HEAD / HTTP/1.0" 200 -1 "https://svyato365.net.ua" "Mozilla/5.0 (compatible; Googlebot/2.1; +http://www.google.com/bot.html)"
176.79.190.245 - - [28/Mar/2024:00:59:28 -0500] "HEAD / HTTP/1.0" 200 -1 "https://svyato365.net.ua" "Mozilla/5.0 (compatible; Googlebot/2.1; +http://www.google.com/bot.html)"
176.79.190.245 - - [28/Mar/2024:00:59:28 -0500] "HEAD / HTTP/1.0" 200 -1 "https://svyato365.net.ua" "Mozilla/5.0 (compatible; Googlebot/2.1; +http://www.google.com/bot.html)"
176.79.190.245 - - [28/Mar/2024:00:59:28 -0500] "HEAD / HTTP/1.0" 200 -1 "https://svyato365.net.ua" "Mozilla/5.0 (compatible; Googlebot/2.1; +http://www.google.com/bot.html)"
176.79.190.245 - - [28/Mar/2024:00:59:28 -0500] "HEAD / HTTP/1.0" 200 -1 "https://svyato365.net.ua" "Mozilla/5.0 (compatible; Googlebot/2.1; +http://www.google.com/bot.html)"
176.79.190.245 - - [28/Mar/2024:00:59:28 -0500] "HEAD / HTTP/1.0" 200 -1 "https://svyato365.net.ua" "Mozilla/5.0 (compatible; Googlebot/2.1; +http://www.google.com/bot.html)"
176.79.190.245 - - [28/Mar/2024:00:59:28 -0500] "HEAD / HTTP/1.0" 200 -1 "https://svyato365.net.ua" "Mozilla/5.0 (compatible; Googlebot/2.1; +http://www.google.com/bot.html)"
176.79.190.245 - - [28/Mar/2024:00:59:28 -0500] "HEAD / HTTP/1.0" 200 -1 "https://svyato365.net.ua" "Mozilla/5.0 (compatible; Googlebot/2.1; +http://www.google.com/bot.html)"
176.79.190.245 - - [28/Mar/2024:00:59:28 -0500] "HEAD / HTTP/1.0" 200 -1 "https://svyato365.net.ua" "Mozilla/5.0 (compatible; Googlebot/2.1; +http://www.google.com/bot.html)"
176.79.190.245 - - [28/Mar/2024:00:59:28 -0500] "HEAD / HTTP/1.0" 200 -1 "https://pryvitay.co.ua" "Mozilla/5.0 (compatible; Googlebot/2.1; +http://www.google.com/bot.html)"
176.79.190.245 - - [28/Mar/2024:00:59:28 -0500] "HEAD / HTTP/1.0" 200 -1 "https://svyato365.net.ua" "Mozilla/5.0 (compatible; Googlebot/2.1; +http://www.google.com/bot.html)"
176.79.190.245 - - [28/Mar/2024:00:59:28 -0500] "HEAD / HTTP/1.0" 200 -1 "https://svyato365.net.ua" "Mozilla/5.0 (compatible; Googlebot/2.1; +http://www.google.com/bot.html)"
176.79.190.245 - - [28/Mar/2024:00:59:28 -0500] "HEAD / HTTP/1.0" 200 -1 "https://privitus.net.ua" "Mozilla/5.0 (compatible; Googlebot/2.1; +http://www.google.com/bot.html)"
46.22.51.77 - - [28/Mar/2024:00:59:32 -0500] "GET / HTTP/1.1" 200 -1 "https://autoportal24.ru/" "Mozilla/5.0 (Windows NT 10.0; Win64; x64) AppleWebKit/537.36 (KHTML, like Gecko) Chrome/88.0.4324.104 Safari/537.36"
95.216.227.15 - - [28/Mar/2024:00:59:35 -0500] "GET /pub/Stats/usage_202403.html HTTP/1.0" 200 113173 "https://krakenat.com" "Mozilla/5.0 (Windows NT 10.0; Win64; x64) AppleWebKit/537.36 (KHTML, like Gecko) Chrome/120.0.0.0 Safari/537.36"
95.216.227.15 - - [28/Mar/2024:00:59:38 -0500] "GET /pub/Stats/usage_202403.html HTTP/1.0" 200 113173 "https://krakenat.com" "Mozilla/5.0 (Windows NT 10.0; Win64; x64) AppleWebKit/537.36 (KHTML, like Gecko) Chrome/113.0.0.0 Safari/537.36"
95.216.227.15 - - [28/Mar/2024:00:59:41 -0500] "GET /pub/Stats/usage_202403.html HTTP/1.0" 200 113173 "https://vk9at.com" "Mozilla/5.0 (Windows NT 10.0; Win64; x64) AppleWebKit/537.36 (KHTML, like Gecko) Chrome/120.0.6099.71 Safari/537.36"
46.22.51.77 - - [28/Mar/2024:00:59:45 -0500] "GET / HTTP/1.1" 200 -1 "https://wmusor.ru/" "Mozilla/5.0 (Windows NT 6.1; Win64; x64; rv:52.9) Gecko/20100101 Goanna/3.4 Firefox/52.9 PaleMoon/27.8.1"
46.22.51.77 - - [28/Mar/2024:00:59:55 -0500] "GET / HTTP/1.1" 200 -1 "https://autoportal24.ru/" "Mozilla/5.0 (Windows NT 6.3; Win64; x64) AppleWebKit/537.36 (KHTML, like Gecko) Chrome/90.0.4430.72 Safari/537.36"
46.22.51.77 - - [28/Mar/2024:01:00:02 -0500] "GET / HTTP/1.1" 200 -1 "https://sigs.ru/" "Mozilla/5.0 (Windows NT 10.0; WOW64) AppleWebKit/537.36 (KHTML, like Gecko) Chrome/45.0.2454.101 Safari/537.36"
46.22.51.77 - - [28/Mar/2024:01:00:11 -0500] "GET / HTTP/1.1" 200 -1 "https://autoportal24.ru/" "Mozilla/5.0 (Macintosh; Intel Mac OS X 10_11_6) AppleWebKit/537.36 (KHTML, like Gecko) Chrome/66.0.3359.181 Safari/537.36"
46.22.51.77 - - [28/Mar/2024:01:00:16 -0500] "GET / HTTP/1.1" 200 -1 "https://top-chat24.ru/" "Mozilla/5.0 (Windows NT 6.1) AppleWebKit/537.36 (KHTML, like Gecko) Chrome/88.0.4324.111 YaBrowser/21.2.1.108 Yowser/2.5 Safari/537.36"
51.222.253.1 - - [28/Mar/2024:01:00:17 -0500] "GET /deadpage/hammer/html/Heli_9.htm HTTP/1.1" 200 5633 "" "Mozilla/5.0 (compatible; AhrefsBot/7.0; +http://ahrefs.com/robot/)"
46.22.51.77 - - [28/Mar/2024:01:00:28 -0500] "GET / HTTP/1.1" 200 -1 "https://wmusor.ru/" "Mozilla/5.0 (Windows NT 10.0; WOW64) AppleWebKit/537.36 (KHTML, like Gecko) Chrome/53.0.2785.104 Safari/537.36 Core/1.53.4843.400 QQBrowser/9.7.13021.400"
46.22.51.77 - - [28/Mar/2024:01:00:35 -0500] "GET / HTTP/1.1" 200 -1 "https://top-chat24.ru/" "Mozilla/5.0 (Windows NT 10.0; Win64; x64) AppleWebKit/537.36 (KHTML, like Gecko) Chrome/89.0.4389.128 Safari/537.36"
46.22.51.77 - - [28/Mar/2024:01:00:39 -0500] "GET / HTTP/1.1" 200 -1 "https://top-chat24.ru/" "Mozilla/5.0 (X11; Linux x86_64) AppleWebKit/537.36 (KHTML, like Gecko) Chrome/80.0.3987.149 Safari/537.36"
37.139.53.88 - - [28/Mar/2024:01:00:43 -0500] "GET /pub/Stats/usage_202403.html HTTP/1.0" 200 113173 "https://www.bigsexvideo.tube/" "Mozilla/5.0 (Windows NT 10.0; Win64; x64) AppleWebKit/537.36 (KHTML, like Gecko) Chrome/122.0.0.0 Safari/537.36"
37.139.53.88 - - [28/Mar/2024:01:00:47 -0500] "GET /pub/Stats/usage_202403.html HTTP/1.0" 200 113173 "https://www.bigsexvideo.tube/" "Mozilla/5.0 (Windows NT 10.0; Win64; x64) AppleWebKit/537.36 (KHTML, like Gecko) Chrome/120.0.6099.71 Safari/537.36"
37.139.53.88 - - [28/Mar/2024:01:00:50 -0500] "GET /pub/Stats/usage_202403.html HTTP/1.0" 200 113173 "https://www.bigsexvideo.tube/" "Mozilla/5.0 (Windows NT 10.0; Win64; x64) AppleWebKit/537.36 (KHTML, like Gecko) Chrome/122.0.0.0 Safari/537.36"
95.216.227.15 - - [28/Mar/2024:01:00:52 -0500] "GET /pub/Stats/usage_202403.html HTTP/1.0" 200 113173 "https://vk9at.com" "Mozilla/5.0 (Windows NT 10.0; Win64; x64) AppleWebKit/537.36 (KHTML, like Gecko) Chrome/120.0.0.0 Safari/537.36"
95.216.227.15 - - [28/Mar/2024:01:00:55 -0500] "GET /pub/Stats/usage_202403.html HTTP/1.0" 200 113173 "https://vk9at.com" "Mozilla/5.0 (Windows NT 6.3; Win64; x64) AppleWebKit/537.36 (KHTML, like Gecko) Chrome/113.0.0.0 Safari/537.36"
46.22.51.77 - - [28/Mar/2024:01:00:56 -0500] "GET / HTTP/1.1" 200 -1 "https://vesti.spb.ru/" "Mozilla/5.0 (Windows NT 6.1; Win64; x64) AppleWebKit/537.36 (KHTML, like Gecko) Chrome/84.0.4147.89 Safari/537.36"
95.216.227.15 - - [28/Mar/2024:01:00:59 -0500] "GET /pub/Stats/usage_202403.html HTTP/1.0" 200 113173 "https://krakenat.com" "Mozilla/5.0 (Windows NT 10.0; Win64; x64) AppleWebKit/537.36 (KHTML, like Gecko) Chrome/121.0.0.0 Safari/537.36"
