176.79.190.245 - - [28/Mar/2024:05:20:25 -0500] "HEAD / HTTP/1.0" 200 -1 "https://citata.net.ua" "Mozilla/5.0 (compatible; Googlebot/2.1; +http://www.google.com/bot.html)"
176.79.190.245 - - [28/Mar/2024:05:20:25 -0500] "HEAD / HTTP/1.0" 200 -1 "https://mammedia.com.ua" "Mozilla/5.0 (compatible; Googlebot/2.1; +http://www.google.com/bot.html)"
176.79.190.245 - - [28/Mar/2024:05:20:25 -0500] "HEAD / HTTP/1.0" 200 -1 "https://citata.net.ua" "Mozilla/5.0 (compatible; Googlebot/2.1; +http://www.google.com/bot.html)"
176.79.190.245 - - [28/Mar/2024:05:20:25 -0500] "HEAD / HTTP/1.0" 200 -1 "https://citata.net.ua" "Mozilla/5.0 (compatible; Googlebot/2.1; +http://www.google.com/bot.html)"
176.79.190.245 - - [28/Mar/2024:05:20:25 -0500] "HEAD / HTTP/1.0" 200 -1 "https://citata.net.ua" "Mozilla/5.0 (compatible; Googlebot/2.1; +http://www.google.com/bot.html)"
176.79.190.245 - - [28/Mar/2024:05:20:25 -0500] "HEAD / HTTP/1.0" 200 -1 "https://citata.net.ua" "Mozilla/5.0 (compatible; Googlebot/2.1; +http://www.google.com/bot.html)"
176.79.190.245 - - [28/Mar/2024:05:20:25 -0500] "HEAD / HTTP/1.0" 200 -1 "https://citata.net.ua" "Mozilla/5.0 (compatible; Googlebot/2.1; +http://www.google.com/bot.html)"
176.79.190.245 - - [28/Mar/2024:05:20:25 -0500] "HEAD / HTTP/1.0" 200 -1 "https://citata.net.ua" "Mozilla/5.0 (compatible; Googlebot/2.1; +http://www.google.com/bot.html)"
136.243.13.183 - - [28/Mar/2024:05:20:27 -0500] "HEAD /pub/stats/ HTTP/1.0" 200 -1 "https://pdatop.net/" "Mozilla/5.0 (compatible; Googlebot/2.1; +http://www.google.com/bot.html)"
136.243.13.183 - - [28/Mar/2024:05:20:27 -0500] "HEAD /pub/stats/ HTTP/1.0" 200 -1 "https://pdatop.net/" "Mozilla/5.0 (compatible; Googlebot/2.1; +http://www.google.com/bot.html)"
136.243.13.183 - - [28/Mar/2024:05:20:27 -0500] "HEAD /pub/stats/ HTTP/1.0" 200 -1 "https://pdatop.net/" "Mozilla/5.0 (compatible; Googlebot/2.1; +http://www.google.com/bot.html)"
95.216.227.15 - - [28/Mar/2024:05:20:35 -0500] "GET /pub/Stats/usage_202403.html HTTP/1.0" 200 113898 "https://krakenat.com" "Mozilla/5.0 (Windows NT 10.0; Win64; x64) AppleWebKit/537.36 (KHTML, like Gecko) Chrome/113.0.0.0 Safari/537.36"
46.22.51.77 - - [28/Mar/2024:05:20:38 -0500] "GET / HTTP/1.1" 200 -1 "https://autoportal24.ru/" "Mozilla/5.0 (Windows NT 6.1; Win64; x64; rv:52.9) Gecko/20100101 Goanna/3.4 Firefox/52.9 PaleMoon/27.8.1"
46.22.51.77 - - [28/Mar/2024:05:20:38 -0500] "GET / HTTP/1.1" 200 -1 "https://vesti.spb.ru/" "Mozilla/5.0 (Windows NT 10.0; WOW64) AppleWebKit/537.36 (KHTML, like Gecko) Chrome/89.0.4389.86 YaBrowser/21.3.1.81 Yowser/2.5 Safari/537.36"
95.216.227.15 - - [28/Mar/2024:05:20:39 -0500] "GET /pub/Stats/usage_202403.html HTTP/1.0" 200 113898 "https://vk9at.com" "Mozilla/5.0 (Windows NT 10.0; Win64; x64) AppleWebKit/537.36 (KHTML, like Gecko) Chrome/121.0.0.0 Safari/537.36"
95.216.227.15 - - [28/Mar/2024:05:20:42 -0500] "GET /pub/Stats/usage_202403.html HTTP/1.0" 200 113898 "https://vk9at.com" "Mozilla/5.0 (Windows NT 10.0; Win64; x64) AppleWebKit/537.36 (KHTML, like Gecko) Chrome/120.0.0.0 Safari/537.36"
46.22.51.77 - - [28/Mar/2024:05:20:43 -0500] "GET / HTTP/1.1" 200 -1 "https://sigs.ru/" "Mozilla/5.0 (Windows NT 10.0; Win64; x64) AppleWebKit/537.36 (KHTML, like Gecko) Chrome/91.0.4472.135 YaBrowser/21.6.2.855 Yowser/2.5 Safari/537.36"
37.139.53.88 - - [28/Mar/2024:05:20:47 -0500] "GET /pub/Stats/usage_202403.html HTTP/1.0" 200 113898 "https://www.bigsexvideo.tube/" "Mozilla/5.0 (Windows NT 10.0; Win64; x64) AppleWebKit/537.36 (KHTML, like Gecko) Chrome/121.0.0.0 Safari/537.36"
37.139.53.88 - - [28/Mar/2024:05:20:51 -0500] "GET /pub/Stats/usage_202403.html HTTP/1.0" 200 113898 "https://www.bigsexvideo.tube/" "Mozilla/5.0 (Windows NT 10.0; Win64; x64) AppleWebKit/537.36 (KHTML, like Gecko) Chrome/117.0.0.0 Safari/537.36"
46.22.51.77 - - [28/Mar/2024:05:20:52 -0500] "GET / HTTP/1.1" 200 -1 "https://wmusor.ru/" "Mozilla/5.0 (Windows NT 10.0; Win64; x64) AppleWebKit/537.36 (KHTML, like Gecko) Chrome/92.0.4515.131 Safari/537.36"
37.139.53.88 - - [28/Mar/2024:05:20:54 -0500] "GET /pub/Stats/usage_202403.html HTTP/1.0" 200 113898 "https://www.bigsexvideo.tube/" "Mozilla/5.0 (Windows NT 10.0; Win64; x64) AppleWebKit/537.36 (KHTML, like Gecko) Chrome/120.0.0.0 Safari/537.36"
46.22.51.77 - - [28/Mar/2024:05:20:56 -0500] "GET / HTTP/1.1" 200 -1 "https://top-chat24.ru/" "Mozilla/5.0 (Windows NT 6.1; WOW64) AppleWebKit/537.36 (KHTML, like Gecko) Chrome/84.0.4147.86 YaBrowser/20.8.0.903 Yowser/2.5 Safari/537.36"
46.22.51.77 - - [28/Mar/2024:05:21:06 -0500] "GET / HTTP/1.1" 200 -1 "https://wmusor.ru/" "Mozilla/5.0 (Windows NT 6.1; Win64; x64; rv:84.0) Gecko/20100101 Firefox/84.0"
46.22.51.77 - - [28/Mar/2024:05:21:24 -0500] "GET / HTTP/1.1" 200 -1 "https://sigs.ru/" "Mozilla/5.0 (X11; U; Linux i686; en-US; rv:1.8.1.2) Gecko/20061201 Firefox/2.0.0.2"
46.22.51.77 - - [28/Mar/2024:05:21:25 -0500] "GET / HTTP/1.1" 200 -1 "https://vesti.spb.ru/" "Mozilla/5.0 (Windows NT 6.1) AppleWebKit/537.36 (KHTML, like Gecko) Chrome/58.0.3029.110 Safari/537.36 SE 2.X MetaSr 1.0"
66.249.66.201 - - [28/Mar/2024:05:21:25 -0500] "GET /thetoolbag/DesktopPictures/view/?JPGREF=MOON6B HTTP/1.1" 200 777 "" "Mozilla/5.0 (Linux; Android 6.0.1; Nexus 5X Build/MMB29P) AppleWebKit/537.36 (KHTML, like Gecko) Chrome/122.0.6261.94 Mobile Safari/537.36 (compatible; Googlebot/2.1; +http://www.google.com/bot.html)"
46.22.51.77 - - [28/Mar/2024:05:21:35 -0500] "GET / HTTP/1.1" 200 -1 "https://vesti.spb.ru/" "Mozilla/5.0 (Windows NT 6.1; WOW64) AppleWebKit/537.36 (KHTML, like Gecko) Chrome/63.0.3239.26 Safari/537.36 Core/1.63.4737.400 QQBrowser/10.0.654.400"
46.22.51.77 - - [28/Mar/2024:05:21:44 -0500] "GET / HTTP/1.1" 200 -1 "https://vesti.spb.ru/" "Mozilla/5.0 (Windows NT 10.0; Win64; x64) AppleWebKit/537.36 (KHTML, like Gecko) Chrome/83.0.4103.61 Safari/537.36 Edg/83.0.478.37"
95.216.227.15 - - [28/Mar/2024:05:21:52 -0500] "GET /pub/Stats/usage_202403.html HTTP/1.0" 200 113898 "https://xn--krkn-xva44n.com" "Mozilla/5.0 (Windows NT 10.0; Win64; x64) AppleWebKit/537.36 (KHTML, like Gecko) Chrome/120.0.6099.71 Safari/537.36"
46.22.51.77 - - [28/Mar/2024:05:21:55 -0500] "GET / HTTP/1.1" 200 -1 "https://top-chat24.ru/" "Mozilla/5.0 (Windows NT 10.0; Win64; x64) AppleWebKit/537.36 (KHTML, like Gecko) Chrome/84.0.4147.89 Safari/537.36"
95.216.227.15 - - [28/Mar/2024:05:21:55 -0500] "GET /pub/Stats/usage_202403.html HTTP/1.0" 200 113898 "https://xn--k1-h2s.com" "Mozilla/5.0 (Windows NT 10.0; Win64; x64) AppleWebKit/537.36 (KHTML, like Gecko) Chrome/113.0.0.0 Safari/537.36"
95.216.227.15 - - [28/Mar/2024:05:21:57 -0500] "GET /pub/Stats/usage_202403.html HTTP/1.0" 200 113898 "https://vk9at.com" "Mozilla/5.0 (Windows NT 10.0; Win64; x64) AppleWebKit/537.36 (KHTML, like Gecko) Chrome/117.0.0.0 Iron Safari/537.36"
46.22.51.77 - - [28/Mar/2024:05:22:12 -0500] "GET / HTTP/1.1" 200 -1 "https://vesti.spb.ru/" "Mozilla/5.0 (Windows NT 6.1) AppleWebKit/537.36 (KHTML, like Gecko) Chrome/87.0.4280.141 Safari/537.36 OPR/73.0.3856.344"
46.22.51.77 - - [28/Mar/2024:05:22:21 -0500] "GET / HTTP/1.1" 200 -1 "https://top-chat24.ru/" "Mozilla/5.0 (Macintosh; Intel Mac OS X 10_15_7) AppleWebKit/605.1.15 (KHTML, like Gecko) Version/14.0.1 Safari/605.1.15"
46.22.51.77 - - [28/Mar/2024:05:22:30 -0500] "GET / HTTP/1.1" 200 -1 "https://wmusor.ru/" "Mozilla/5.0 (Windows NT 10.0; WOW64) AppleWebKit/537.36 (KHTML, like Gecko) Chrome/83.0.4103.106 YaBrowser/20.7.1.68 Yowser/2.5 Safari/537.36"
31.184.236.51 - - [28/Mar/2024:05:22:31 -0500] "GET /AdminBookMarks.htm HTTP/1.0" 200 22075 "http://pcexpress.theolddub.com/AdminBookMarks.htm" "Mozilla/5.0 (Windows NT 6.1; Win64; x64) AppleWebKit/537.36 (KHTML, like Gecko) Chrome/103.0.5060.66 Safari/537.36"
37.139.53.88 - - [28/Mar/2024:05:22:32 -0500] "GET /pub/Stats/usage_202403.html HTTP/1.0" 200 113898 "https://www.bigsexvideo.tube/" "Mozilla/5.0 (Windows NT 10.0; Win64; x64) AppleWebKit/537.36 (KHTML, like Gecko) Chrome/114.0.0.0 Safari/537.36"
37.139.53.88 - - [28/Mar/2024:05:22:35 -0500] "GET /pub/Stats/usage_202403.html HTTP/1.0" 200 113898 "https://www.bigsexvideo.tube/" "Mozilla/5.0 (Windows NT 10.0; Win64; x64) AppleWebKit/537.36 (KHTML, like Gecko) Chrome/121.0.0.0 Safari/537.36"
46.22.51.77 - - [28/Mar/2024:05:22:37 -0500] "GET / HTTP/1.1" 200 -1 "https://autoportal24.ru/" "Mozilla/5.0 (Windows NT 6.1; Win64; x64) AppleWebKit/537.36 (KHTML, like Gecko) Chrome/86.0.4240.111 Safari/537.36 OPR/72.0.3815.186"
37.139.53.88 - - [28/Mar/2024:05:22:38 -0500] "GET /pub/Stats/usage_202403.html HTTP/1.0" 200 113898 "https://www.bigsexvideo.tube/" "Mozilla/5.0 (Windows NT 10.0; Win64; x64) AppleWebKit/537.36 (KHTML, like Gecko) Chrome/113.0.0.0 Safari/537.36"
79.137.204.186 - - [28/Mar/2024:05:22:48 -0500] "GET /pub/Stats/usage_202403.html HTTP/1.0" 200 113898 "https://provotkin.com.ua/" "Mozilla/5.0 (Windows NT 10.0; Win64; x64) AppleWebKit/537.36 (KHTML, like Gecko) Chrome/120.0.0.0 Safari/537.36"
79.137.204.186 - - [28/Mar/2024:05:22:52 -0500] "GET /pub/Stats/usage_202403.html HTTP/1.0" 200 113898 "https://provotkin.com.ua/" "Mozilla/5.0 (Windows NT 10.0; Win64; x64) AppleWebKit/537.36 (KHTML, like Gecko) Chrome/114.0.5735.289 Safari/537.36"
46.22.51.77 - - [28/Mar/2024:05:22:55 -0500] "GET / HTTP/1.1" 200 -1 "https://sigs.ru/" "Mozilla/5.0 (Macintosh; Intel Mac OS X 10_15_6) AppleWebKit/605.1.15 (KHTML, like Gecko) Version/14.0 Safari/605.1.15"
79.137.204.186 - - [28/Mar/2024:05:22:55 -0500] "GET /pub/Stats/usage_202403.html HTTP/1.0" 200 113898 "https://provotkin.com.ua/" "Mozilla/5.0 (Windows NT 10.0; Win64; x64) AppleWebKit/537.36 (KHTML, like Gecko) Chrome/120.0.0.0 Iron Safari/537.36"
46.22.51.77 - - [28/Mar/2024:05:22:56 -0500] "GET / HTTP/1.1" 200 -1 "https://autoportal24.ru/" "Mozilla/5.0 (Windows NT 6.3; Win64; x64) AppleWebKit/537.36 (KHTML, like Gecko) Chrome/85.0.4183.83 Safari/537.36"
176.79.190.245 - - [28/Mar/2024:05:22:58 -0500] "HEAD / HTTP/1.0" 200 -1 "https://vitannya.net" "Mozilla/5.0 (compatible; Googlebot/2.1; +http://www.google.com/bot.html)"
176.79.190.245 - - [28/Mar/2024:05:22:58 -0500] "HEAD / HTTP/1.0" 200 -1 "https://vitannya.net" "Mozilla/5.0 (compatible; Googlebot/2.1; +http://www.google.com/bot.html)"
176.79.190.245 - - [28/Mar/2024:05:22:58 -0500] "HEAD / HTTP/1.0" 200 -1 "https://vitannya.net" "Mozilla/5.0 (compatible; Googlebot/2.1; +http://www.google.com/bot.html)"
176.79.190.245 - - [28/Mar/2024:05:22:58 -0500] "HEAD / HTTP/1.0" 200 -1 "https://vitannya.net" "Mozilla/5.0 (compatible; Googlebot/2.1; +http://www.google.com/bot.html)"
176.79.190.245 - - [28/Mar/2024:05:22:58 -0500] "HEAD / HTTP/1.0" 200 -1 "https://vitannya.net" "Mozilla/5.0 (compatible; Googlebot/2.1; +http://www.google.com/bot.html)"
176.79.190.245 - - [28/Mar/2024:05:22:58 -0500] "HEAD / HTTP/1.0" 200 -1 "https://vitannya.net" "Mozilla/5.0 (compatible; Googlebot/2.1; +http://www.google.com/bot.html)"
176.79.190.245 - - [28/Mar/2024:05:22:58 -0500] "HEAD / HTTP/1.0" 200 -1 "https://vitannya.net" "Mozilla/5.0 (compatible; Googlebot/2.1; +http://www.google.com/bot.html)"
176.79.190.245 - - [28/Mar/2024:05:22:58 -0500] "HEAD / HTTP/1.0" 200 -1 "https://mammedia.com.ua" "Mozilla/5.0 (compatible; Googlebot/2.1; +http://www.google.com/bot.html)"
176.79.190.245 - - [28/Mar/2024:05:22:58 -0500] "HEAD / HTTP/1.0" 200 -1 "https://vitannya.net" "Mozilla/5.0 (compatible; Googlebot/2.1; +http://www.google.com/bot.html)"
176.79.190.245 - - [28/Mar/2024:05:22:58 -0500] "HEAD / HTTP/1.0" 200 -1 "https://vitannya.net" "Mozilla/5.0 (compatible; Googlebot/2.1; +http://www.google.com/bot.html)"
176.79.190.245 - - [28/Mar/2024:05:22:58 -0500] "HEAD / HTTP/1.0" 200 -1 "https://vitannya.net" "Mozilla/5.0 (compatible; Googlebot/2.1; +http://www.google.com/bot.html)"
176.79.190.245 - - [28/Mar/2024:05:22:58 -0500] "HEAD / HTTP/1.0" 200 -1 "https://vitannya.net" "Mozilla/5.0 (compatible; Googlebot/2.1; +http://www.google.com/bot.html)"
176.79.190.245 - - [28/Mar/2024:05:22:58 -0500] "HEAD / HTTP/1.0" 200 -1 "https://vitannya.net" "Mozilla/5.0 (compatible; Googlebot/2.1; +http://www.google.com/bot.html)"
176.79.190.245 - - [28/Mar/2024:05:22:58 -0500] "HEAD / HTTP/1.0" 200 -1 "https://vitannya.net" "Mozilla/5.0 (compatible; Googlebot/2.1; +http://www.google.com/bot.html)"
176.79.190.245 - - [28/Mar/2024:05:22:58 -0500] "HEAD / HTTP/1.0" 200 -1 "https://vitannya.net" "Mozilla/5.0 (compatible; Googlebot/2.1; +http://www.google.com/bot.html)"
176.79.190.245 - - [28/Mar/2024:05:22:58 -0500] "HEAD / HTTP/1.0" 200 -1 "https://vitannya.net" "Mozilla/5.0 (compatible; Googlebot/2.1; +http://www.google.com/bot.html)"
176.79.190.245 - - [28/Mar/2024:05:22:58 -0500] "HEAD / HTTP/1.0" 200 -1 "https://vitannya.net" "Mozilla/5.0 (compatible; Googlebot/2.1; +http://www.google.com/bot.html)"
176.79.190.245 - - [28/Mar/2024:05:22:58 -0500] "HEAD / HTTP/1.0" 200 -1 "https://vitannya.net" "Mozilla/5.0 (compatible; Googlebot/2.1; +http://www.google.com/bot.html)"
176.79.190.245 - - [28/Mar/2024:05:22:58 -0500] "HEAD / HTTP/1.0" 200 -1 "https://vitannya.net" "Mozilla/5.0 (compatible; Googlebot/2.1; +http://www.google.com/bot.html)"
176.79.190.245 - - [28/Mar/2024:05:22:58 -0500] "HEAD / HTTP/1.0" 200 -1 "https://vitannya.net" "Mozilla/5.0 (compatible; Googlebot/2.1; +http://www.google.com/bot.html)"
176.79.190.245 - - [28/Mar/2024:05:22:58 -0500] "HEAD / HTTP/1.0" 200 -1 "https://svyato365.net.ua" "Mozilla/5.0 (compatible; Googlebot/2.1; +http://www.google.com/bot.html)"
46.22.51.77 - - [28/Mar/2024:05:23:04 -0500] "GET / HTTP/1.1" 200 -1 "https://vesti.spb.ru/" "Mozilla/5.0 (Windows NT 6.1) AppleWebKit/537.36 (KHTML, like Gecko) Chrome/66.0.3355.4 Safari/537.36"
31.184.236.51 - - [28/Mar/2024:05:23:06 -0500] "GET /AdminBookMarks.htm HTTP/1.0" 200 22075 "http://pcexpress.theolddub.com/AdminBookMarks.htm" "Mozilla/5.0 (Windows NT 6.1; Win64; x64) AppleWebKit/537.36 (KHTML, like Gecko) Chrome/103.0.5060.66 Safari/537.36"
46.22.51.77 - - [28/Mar/2024:05:23:07 -0500] "GET / HTTP/1.1" 200 -1 "https://top-chat24.ru/" "Mozilla/5.0 (Windows NT 6.1) AppleWebKit/537.36 (KHTML, like Gecko) Chrome/75.0.3770.90 Atom/4.0.0.141 Safari/537.36"
95.216.227.15 - - [28/Mar/2024:05:23:10 -0500] "GET /pub/Stats/usage_202403.html HTTP/1.0" 200 113898 "https://xn--k1-h2s.com" "Mozilla/5.0 (Windows NT 10.0; Win64; x64) AppleWebKit/537.36 (KHTML, like Gecko) Chrome/120.0.0.0 Iron Safari/537.36"
95.216.227.15 - - [28/Mar/2024:05:23:14 -0500] "GET /pub/Stats/usage_202403.html HTTP/1.0" 200 113898 "https://vk9at.com" "Mozilla/5.0 (Windows NT 6.1; Win64; x64) AppleWebKit/537.36 (KHTML, like Gecko) Chrome/114.0.5735.289 Safari/537.36"
46.22.51.77 - - [28/Mar/2024:05:23:16 -0500] "GET / HTTP/1.1" 200 -1 "https://vesti.spb.ru/" "Mozilla/5.0 (Windows NT 10.0; WOW64; Trident/7.0; rv:11.0) like Gecko Core/1.53.2372.400 QQBrowser/9.5.10548.400"
95.216.227.15 - - [28/Mar/2024:05:23:16 -0500] "GET /pub/Stats/usage_202403.html HTTP/1.0" 200 113898 "https://kraken30at.com" "Mozilla/5.0 (Windows NT 6.1; Win64; x64) AppleWebKit/537.36 (KHTML, like Gecko) Chrome/109.0.0.0 Safari/537.36"
46.22.51.77 - - [28/Mar/2024:05:23:24 -0500] "GET / HTTP/1.1" 200 -1 "https://sigs.ru/" "Mozilla/5.0 (Windows NT 5.1; rv:52.0) Gecko/20100101 Firefox/52.0"
46.22.51.77 - - [28/Mar/2024:05:23:29 -0500] "GET / HTTP/1.1" 200 -1 "https://wmusor.ru/" "Mozilla/5.0 (Windows NT 5.1) AppleWebKit/537.36 (KHTML, like Gecko) Chrome/41.0.2224.3 Safari/537.36"
46.22.51.77 - - [28/Mar/2024:05:23:32 -0500] "GET / HTTP/1.1" 200 -1 "https://autoportal24.ru/" "Mozilla/5.0 (Windows NT 10.0; Win64; x64) AppleWebKit/537.36 (KHTML, like Gecko) Chrome/91.0.4472.101 Safari/537.36 Edg/91.0.864.48"
46.22.51.77 - - [28/Mar/2024:05:23:36 -0500] "GET / HTTP/1.1" 200 -1 "https://vesti.spb.ru/" "Mozilla/5.0 (Windows NT 6.1; Win64; x64; rv:52.9) Gecko/20100101 Goanna/3.4 Firefox/52.9 PaleMoon/27.8.1"
46.22.51.77 - - [28/Mar/2024:05:23:39 -0500] "GET / HTTP/1.1" 200 -1 "https://top-chat24.ru/" "Mozilla/5.0 (Windows NT 6.1; WOW64) AppleWebKit/537.36 (KHTML, like Gecko) Chrome/89.0.4389.86 YaBrowser/21.3.0.673 Yowser/2.5 Safari/537.36"
46.22.51.77 - - [28/Mar/2024:05:23:49 -0500] "GET / HTTP/1.1" 200 -1 "https://wmusor.ru/" "Mozilla/5.0 (Windows NT 10.0; Win64; x64) AppleWebKit/537.36 (KHTML, like Gecko) Chrome/85.0.4183.121 Safari/537.36 OPR/71.0.3770.271"
46.22.51.77 - - [28/Mar/2024:05:24:04 -0500] "GET / HTTP/1.1" 200 -1 "https://sigs.ru/" "Mozilla/5.0 (Windows NT 10.0; WOW64) AppleWebKit/537.36 (KHTML, like Gecko) Chrome/64.0.3282.186 YaBrowser/18.3.1.1232 Yowser/2.5 Safari/537.36"
46.22.51.77 - - [28/Mar/2024:05:24:05 -0500] "GET / HTTP/1.1" 200 -1 "https://wmusor.ru/" "Mozilla/5.0 (Windows NT 6.1; Win64; x64) AppleWebKit/537.36 (KHTML, like Gecko) Chrome/84.0.4147.125 Safari/537.36"
46.22.51.77 - - [28/Mar/2024:05:24:11 -0500] "GET / HTTP/1.1" 200 -1 "https://autoportal24.ru/" "Mozilla/5.0 (Windows NT 10.0; WOW64) AppleWebKit/537.36 (KHTML, like Gecko) Chrome/45.0.2454.93 Safari/537.36"
37.139.53.88 - - [28/Mar/2024:05:24:15 -0500] "GET /pub/Stats/usage_202403.html HTTP/1.0" 200 113898 "https://www.bigsexvideo.tube/" "Mozilla/5.0 (Windows NT 10.0; Win64; x64) AppleWebKit/537.36 (KHTML, like Gecko) Chrome/121.0.0.0 Safari/537.36"
37.139.53.88 - - [28/Mar/2024:05:24:18 -0500] "GET /pub/Stats/usage_202403.html HTTP/1.0" 200 113898 "https://www.bigsexvideo.tube/" "Mozilla/5.0 (Windows NT 10.0; Win64; x64) AppleWebKit/537.36 (KHTML, like Gecko) Chrome/121.0.0.0 Safari/537.36"
37.139.53.88 - - [28/Mar/2024:05:24:21 -0500] "GET /pub/Stats/usage_202403.html HTTP/1.0" 200 113898 "https://www.bigsexvideo.tube/" "Mozilla/5.0 (Windows NT 10.0; Win64; x64) AppleWebKit/537.36 (KHTML, like Gecko) Chrome/117.0.5938.132 Safari/537.36"
46.22.51.77 - - [28/Mar/2024:05:24:23 -0500] "GET / HTTP/1.1" 200 -1 "https://vesti.spb.ru/" "Mozilla/5.0 (Windows NT 6.1; Trident/7.0; rv:11.0) like Gecko"
46.22.51.77 - - [28/Mar/2024:05:24:27 -0500] "GET / HTTP/1.1" 200 -1 "https://autoportal24.ru/" "Mozilla/5.0 (Macintosh; Intel Mac OS X 10.8; rv:24.0) Gecko/20100101 Firefox/24.0 FirePHP/0.7.4"
95.216.227.15 - - [28/Mar/2024:05:24:28 -0500] "GET /pub/Stats/usage_202403.html HTTP/1.0" 200 113898 "https://xn--k1-h2s.com" "Mozilla/5.0 (Windows NT 10.0; Win64; x64) AppleWebKit/537.36 (KHTML, like Gecko) Chrome/115.0.0.0 Safari/537.36"
95.216.227.15 - - [28/Mar/2024:05:24:32 -0500] "GET /pub/Stats/usage_202403.html HTTP/1.0" 200 113898 "https://krakenat.com" "Mozilla/5.0 (Windows NT 10.0; Win64; x64) AppleWebKit/537.36 (KHTML, like Gecko) Chrome/120.0.6099.71 Safari/537.36"
136.243.13.183 - - [28/Mar/2024:05:24:34 -0500] "HEAD /pub/stats/ HTTP/1.0" 200 -1 "https://vzlomannye-igry-na-android.net/" "Mozilla/5.0 (compatible; Googlebot/2.1; +http://www.google.com/bot.html)"
136.243.13.183 - - [28/Mar/2024:05:24:35 -0500] "HEAD /pub/stats/ HTTP/1.0" 200 -1 "https://vzlomannye-igry-na-android.net/" "Mozilla/5.0 (compatible; Googlebot/2.1; +http://www.google.com/bot.html)"
95.216.227.15 - - [28/Mar/2024:05:24:35 -0500] "GET /pub/Stats/usage_202403.html HTTP/1.0" 200 113898 "https://xn--k1-h2s.com" "Mozilla/5.0 (Windows NT 10.0; Win64; x64) AppleWebKit/537.36 (KHTML, like Gecko) Chrome/114.0.0.0 Safari/537.36"
136.243.13.183 - - [28/Mar/2024:05:24:35 -0500] "HEAD /pub/stats/ HTTP/1.0" 200 -1 "https://vzlomannye-igry-na-android.net/" "Mozilla/5.0 (compatible; Googlebot/2.1; +http://www.google.com/bot.html)"
136.243.13.183 - - [28/Mar/2024:05:24:35 -0500] "HEAD /pub/stats/ HTTP/1.0" 200 -1 "https://vzlomannye-igry-na-android.net/" "Mozilla/5.0 (compatible; Googlebot/2.1; +http://www.google.com/bot.html)"
136.243.13.183 - - [28/Mar/2024:05:24:36 -0500] "HEAD /pub/stats/ HTTP/1.0" 200 -1 "https://vzlomannye-igry-na-android.net/" "Mozilla/5.0 (compatible; Googlebot/2.1; +http://www.google.com/bot.html)"
136.243.13.183 - - [28/Mar/2024:05:24:36 -0500] "HEAD /pub/stats/ HTTP/1.0" 200 -1 "https://vzlomannye-igry-na-android.net/" "Mozilla/5.0 (compatible; Googlebot/2.1; +http://www.google.com/bot.html)"
136.243.13.183 - - [28/Mar/2024:05:24:36 -0500] "HEAD /pub/stats/ HTTP/1.0" 200 -1 "https://www.mobilecards.com.ua/" "Mozilla/5.0 (compatible; Googlebot/2.1; +http://www.google.com/bot.html)"
136.243.13.183 - - [28/Mar/2024:05:24:36 -0500] "HEAD /pub/stats/ HTTP/1.0" 200 -1 "https://www.mobilecards.com.ua/" "Mozilla/5.0 (compatible; Googlebot/2.1; +http://www.google.com/bot.html)"
136.243.13.183 - - [28/Mar/2024:05:24:36 -0500] "HEAD /pub/stats/ HTTP/1.0" 200 -1 "https://www.mobilecards.com.ua/" "Mozilla/5.0 (compatible; Googlebot/2.1; +http://www.google.com/bot.html)"
46.22.51.77 - - [28/Mar/2024:05:24:41 -0500] "GET / HTTP/1.1" 200 -1 "https://sigs.ru/" "Mozilla/5.0 (Windows NT 10.0; Win64; x64) AppleWebKit/537.36 (KHTML, like Gecko) Chrome/88.0.4324.96 Safari/537.36 Edg/88.0.705.56"
136.243.13.183 - - [28/Mar/2024:05:24:41 -0500] "HEAD /pub/stats/ HTTP/1.0" 200 -1 "https://apkzavr.com/" "Mozilla/5.0 (compatible; Googlebot/2.1; +http://www.google.com/bot.html)"
136.243.13.183 - - [28/Mar/2024:05:24:41 -0500] "HEAD /pub/stats/ HTTP/1.0" 200 -1 "https://apkzavr.com/" "Mozilla/5.0 (compatible; Googlebot/2.1; +http://www.google.com/bot.html)"
136.243.13.183 - - [28/Mar/2024:05:24:41 -0500] "HEAD /pub/stats/ HTTP/1.0" 200 -1 "https://apkzavr.com/" "Mozilla/5.0 (compatible; Googlebot/2.1; +http://www.google.com/bot.html)"
136.243.13.183 - - [28/Mar/2024:05:24:45 -0500] "HEAD /pub/stats/ HTTP/1.0" 200 -1 "https://vzlomannye-igry-dlya-android.net/" "Mozilla/5.0 (compatible; Googlebot/2.1; +http://www.google.com/bot.html)"
136.243.13.183 - - [28/Mar/2024:05:24:46 -0500] "HEAD /pub/stats/ HTTP/1.0" 200 -1 "https://vzlomannye-igry-dlya-android.net/" "Mozilla/5.0 (compatible; Googlebot/2.1; +http://www.google.com/bot.html)"
136.243.13.183 - - [28/Mar/2024:05:24:46 -0500] "HEAD /pub/stats/ HTTP/1.0" 200 -1 "https://vzlomannye-igry-dlya-android.net/" "Mozilla/5.0 (compatible; Googlebot/2.1; +http://www.google.com/bot.html)"
46.22.51.77 - - [28/Mar/2024:05:24:53 -0500] "GET / HTTP/1.1" 200 -1 "https://sigs.ru/" "Mozilla/5.0 (Windows NT 6.1; Win64; x64) AppleWebKit/537.36 (KHTML, like Gecko) Chrome/87.0.4280.88 Safari/537.36 OPR/73.0.3856.284"
176.79.190.245 - - [28/Mar/2024:05:24:59 -0500] "HEAD / HTTP/1.0" 200 -1 "https://mammedia.com.ua" "Mozilla/5.0 (compatible; Googlebot/2.1; +http://www.google.com/bot.html)"
176.79.190.245 - - [28/Mar/2024:05:24:59 -0500] "HEAD / HTTP/1.0" 200 -1 "https://svyato365.net.ua" "Mozilla/5.0 (compatible; Googlebot/2.1; +http://www.google.com/bot.html)"
176.79.190.245 - - [28/Mar/2024:05:24:59 -0500] "HEAD / HTTP/1.0" 200 -1 "https://mammedia.com.ua" "Mozilla/5.0 (compatible; Googlebot/2.1; +http://www.google.com/bot.html)"
176.79.190.245 - - [28/Mar/2024:05:24:59 -0500] "HEAD / HTTP/1.0" 200 -1 "https://mammedia.com.ua" "Mozilla/5.0 (compatible; Googlebot/2.1; +http://www.google.com/bot.html)"
176.79.190.245 - - [28/Mar/2024:05:24:59 -0500] "HEAD / HTTP/1.0" 200 -1 "https://mammedia.com.ua" "Mozilla/5.0 (compatible; Googlebot/2.1; +http://www.google.com/bot.html)"
176.79.190.245 - - [28/Mar/2024:05:24:59 -0500] "HEAD / HTTP/1.0" 200 -1 "https://mammedia.com.ua" "Mozilla/5.0 (compatible; Googlebot/2.1; +http://www.google.com/bot.html)"
176.79.190.245 - - [28/Mar/2024:05:24:59 -0500] "HEAD / HTTP/1.0" 200 -1 "https://mammedia.com.ua" "Mozilla/5.0 (compatible; Googlebot/2.1; +http://www.google.com/bot.html)"
176.79.190.245 - - [28/Mar/2024:05:24:59 -0500] "HEAD / HTTP/1.0" 200 -1 "https://mammedia.com.ua" "Mozilla/5.0 (compatible; Googlebot/2.1; +http://www.google.com/bot.html)"
176.79.190.245 - - [28/Mar/2024:05:24:59 -0500] "HEAD / HTTP/1.0" 200 -1 "https://mammedia.com.ua" "Mozilla/5.0 (compatible; Googlebot/2.1; +http://www.google.com/bot.html)"
176.79.190.245 - - [28/Mar/2024:05:24:59 -0500] "HEAD / HTTP/1.0" 200 -1 "https://mammedia.com.ua" "Mozilla/5.0 (compatible; Googlebot/2.1; +http://www.google.com/bot.html)"
176.79.190.245 - - [28/Mar/2024:05:24:59 -0500] "HEAD / HTTP/1.0" 200 -1 "https://mammedia.com.ua" "Mozilla/5.0 (compatible; Googlebot/2.1; +http://www.google.com/bot.html)"
176.79.190.245 - - [28/Mar/2024:05:24:59 -0500] "HEAD / HTTP/1.0" 200 -1 "https://mammedia.com.ua" "Mozilla/5.0 (compatible; Googlebot/2.1; +http://www.google.com/bot.html)"
176.79.190.245 - - [28/Mar/2024:05:24:59 -0500] "HEAD / HTTP/1.0" 200 -1 "https://mammedia.com.ua" "Mozilla/5.0 (compatible; Googlebot/2.1; +http://www.google.com/bot.html)"
176.79.190.245 - - [28/Mar/2024:05:24:59 -0500] "HEAD / HTTP/1.0" 200 -1 "https://mammedia.com.ua" "Mozilla/5.0 (compatible; Googlebot/2.1; +http://www.google.com/bot.html)"
176.79.190.245 - - [28/Mar/2024:05:24:59 -0500] "HEAD / HTTP/1.0" 200 -1 "https://pryvitay.co.ua" "Mozilla/5.0 (compatible; Googlebot/2.1; +http://www.google.com/bot.html)"
176.79.190.245 - - [28/Mar/2024:05:24:59 -0500] "HEAD / HTTP/1.0" 200 -1 "https://mammedia.com.ua" "Mozilla/5.0 (compatible; Googlebot/2.1; +http://www.google.com/bot.html)"
176.79.190.245 - - [28/Mar/2024:05:24:59 -0500] "HEAD / HTTP/1.0" 200 -1 "https://mammedia.com.ua" "Mozilla/5.0 (compatible; Googlebot/2.1; +http://www.google.com/bot.html)"
176.79.190.245 - - [28/Mar/2024:05:24:59 -0500] "HEAD / HTTP/1.0" 200 -1 "https://mammedia.com.ua" "Mozilla/5.0 (compatible; Googlebot/2.1; +http://www.google.com/bot.html)"
176.79.190.245 - - [28/Mar/2024:05:24:59 -0500] "HEAD / HTTP/1.0" 200 -1 "https://mammedia.com.ua" "Mozilla/5.0 (compatible; Googlebot/2.1; +http://www.google.com/bot.html)"
176.79.190.245 - - [28/Mar/2024:05:24:59 -0500] "HEAD / HTTP/1.0" 200 -1 "https://mammedia.com.ua" "Mozilla/5.0 (compatible; Googlebot/2.1; +http://www.google.com/bot.html)"
176.79.190.245 - - [28/Mar/2024:05:24:59 -0500] "HEAD / HTTP/1.0" 200 -1 "https://mammedia.com.ua" "Mozilla/5.0 (compatible; Googlebot/2.1; +http://www.google.com/bot.html)"
46.22.51.77 - - [28/Mar/2024:05:25:14 -0500] "GET / HTTP/1.1" 200 -1 "https://top-chat24.ru/" "Mozilla/5.0 (Windows NT 10.0; Win64; x64) AppleWebKit/537.36 (KHTML, like Gecko) Chrome/90.0.4430.216 YaBrowser/21.5.4.607 Yowser/2.5 Safari/537.36"
46.22.51.77 - - [28/Mar/2024:05:25:24 -0500] "GET / HTTP/1.1" 200 -1 "https://wmusor.ru/" "Mozilla/5.0 (Windows NT 6.3; Win64; x64) AppleWebKit/537.36 (KHTML, like Gecko) Chrome/83.0.4103.116 Safari/537.36"
46.22.51.77 - - [28/Mar/2024:05:25:28 -0500] "GET / HTTP/1.1" 200 -1 "https://autoportal24.ru/" "Mozilla/5.0 (Windows NT 10.0; Win64; x64) AppleWebKit/537.36 (KHTML, like Gecko) Chrome/85.0.4183.102 Safari/537.36"
46.22.51.77 - - [28/Mar/2024:05:25:34 -0500] "GET / HTTP/1.1" 200 -1 "https://top-chat24.ru/" "Mozilla/5.0 (Windows NT 6.1) AppleWebKit/537.36 (KHTML, like Gecko) Chrome/91.0.4472.124 Safari/537.36"
95.216.227.15 - - [28/Mar/2024:05:25:46 -0500] "GET /pub/Stats/usage_202403.html HTTP/1.0" 200 113898 "https://xn--krkn-xva44n.com" "Mozilla/5.0 (Windows NT 10.0; Win64; x64) AppleWebKit/537.36 (KHTML, like Gecko) Chrome/120.0.0.0 Iron Safari/537.36"
95.216.227.15 - - [28/Mar/2024:05:25:50 -0500] "GET /pub/Stats/usage_202403.html HTTP/1.0" 200 113898 "https://vk9at.com" "Mozilla/5.0 (Windows NT 10.0; Win64; x64) AppleWebKit/537.36 (KHTML, like Gecko) Chrome/120.0.0.0 Safari/537.36"
95.216.227.15 - - [28/Mar/2024:05:25:52 -0500] "GET /pub/Stats/usage_202403.html HTTP/1.0" 200 113898 "https://krakenat.com" "Mozilla/5.0 (Windows NT 10.0; Win64; x64) AppleWebKit/537.36 (KHTML, like Gecko) Chrome/111.0.0.0 Safari/537.36"
46.22.51.77 - - [28/Mar/2024:05:25:55 -0500] "GET / HTTP/1.1" 200 -1 "https://sigs.ru/" "Mozilla/5.0 (Windows NT 10.0; Win64; x64) AppleWebKit/537.36 (KHTML, like Gecko) Chrome/86.0.4240.111 Safari/537.36"
46.22.51.77 - - [28/Mar/2024:05:25:57 -0500] "GET / HTTP/1.1" 200 -1 "https://vesti.spb.ru/" "Mozilla/5.0 (Windows NT 6.1) AppleWebKit/537.36 (KHTML, like Gecko) Chrome/87.0.4280.60 YaBrowser/20.12.0.966 Yowser/2.5 Safari/537.36"
37.139.53.88 - - [28/Mar/2024:05:26:00 -0500] "GET /pub/Stats/usage_202403.html HTTP/1.0" 200 113898 "https://www.bigsexvideo.tube/" "Mozilla/5.0 (Windows NT 10.0; Win64; x64) AppleWebKit/537.36 (KHTML, like Gecko) Chrome/120.0.0.0 Iron Safari/537.36"
46.22.51.77 - - [28/Mar/2024:05:26:01 -0500] "GET / HTTP/1.1" 200 -1 "https://autoportal24.ru/" "Mozilla/5.0 (Windows NT 10.0; WOW64) AppleWebKit/537.36 (KHTML, like Gecko) Chrome/89.0.4389.86 YaBrowser/21.3.1.186 Yowser/2.5 Safari/537.36"
37.139.53.88 - - [28/Mar/2024:05:26:03 -0500] "GET /pub/Stats/usage_202403.html HTTP/1.0" 200 113898 "https://www.bigsexvideo.tube/" "Mozilla/5.0 (Windows NT 10.0; Win64; x64) AppleWebKit/537.36 (KHTML, like Gecko) Chrome/122.0.0.0 Safari/537.36"
37.139.53.88 - - [28/Mar/2024:05:26:06 -0500] "GET /pub/Stats/usage_202403.html HTTP/1.0" 200 113898 "https://www.bigsexvideo.tube/" "Mozilla/5.0 (Windows NT 10.0; Win64; x64) AppleWebKit/537.36 (KHTML, like Gecko) Chrome/121.0.0.0 Safari/537.36"
46.22.51.77 - - [28/Mar/2024:05:26:20 -0500] "GET / HTTP/1.1" 200 -1 "https://vesti.spb.ru/" "Mozilla/5.0 (Windows NT 6.1; Win64; x64; rv:45.9) Gecko/20100101 Goanna/3.0 Firefox/45.9 PaleMoon/27.0.2"
46.22.51.77 - - [28/Mar/2024:05:26:21 -0500] "GET / HTTP/1.1" 200 -1 "https://wmusor.ru/" "Mozilla/5.0 (Macintosh; Intel Mac OS X 10_11_6) AppleWebKit/537.36 (KHTML, like Gecko) Chrome/66.0.3359.181 Safari/537.36"
46.22.51.77 - - [28/Mar/2024:05:26:24 -0500] "GET / HTTP/1.1" 200 -1 "https://wmusor.ru/" "Mozilla/5.0 (Macintosh; Intel Mac OS X 10_14_6) AppleWebKit/537.36 (KHTML, like Gecko) Chrome/77.0.3865.90 Safari/537.36"
46.22.51.77 - - [28/Mar/2024:05:26:26 -0500] "GET / HTTP/1.1" 200 -1 "https://wmusor.ru/" "Mozilla/5.0 (Windows NT 6.1; Win64; x64) AppleWebKit/537.36 (KHTML, like Gecko) Chrome/89.0.4389.90 Safari/537.36 OPR/75.0.3969.149"
136.243.13.183 - - [28/Mar/2024:05:26:34 -0500] "HEAD /pub/stats/ HTTP/1.0" 200 -1 "https://ausmalbilderdisney.com/" "Mozilla/5.0 (compatible; Googlebot/2.1; +http://www.google.com/bot.html)"
136.243.13.183 - - [28/Mar/2024:05:26:35 -0500] "HEAD /pub/stats/ HTTP/1.0" 200 -1 "https://ausmalbilderdisney.com/" "Mozilla/5.0 (compatible; Googlebot/2.1; +http://www.google.com/bot.html)"
136.243.13.183 - - [28/Mar/2024:05:26:35 -0500] "HEAD /pub/stats/ HTTP/1.0" 200 -1 "https://ausmalbilderdisney.com/" "Mozilla/5.0 (compatible; Googlebot/2.1; +http://www.google.com/bot.html)"
79.137.204.186 - - [28/Mar/2024:05:26:41 -0500] "GET /pub/Stats/usage_202403.html HTTP/1.0" 200 113898 "https://provotkin.com.ua/" "Mozilla/5.0 (Windows NT 10.0; Win64; x64) AppleWebKit/537.36 (KHTML, like Gecko) Chrome/120.0.6099.71 Safari/537.36"
79.137.204.186 - - [28/Mar/2024:05:26:45 -0500] "GET /pub/Stats/usage_202403.html HTTP/1.0" 200 113898 "https://provotkin.com.ua/" "Mozilla/5.0 (Windows NT 10.0) AppleWebKit/537.36 (KHTML, like Gecko) Chrome/110.0.0.0 Safari/537.36"
46.22.51.77 - - [28/Mar/2024:05:26:48 -0500] "GET / HTTP/1.1" 200 -1 "https://top-chat24.ru/" "Mozilla/5.0 (X11; Linux x86_64) AppleWebKit/537.36 (KHTML, like Gecko) Chrome/53.0.2834.76 Safari/537.36"
79.137.204.186 - - [28/Mar/2024:05:26:48 -0500] "GET /pub/Stats/usage_202403.html HTTP/1.0" 200 113898 "https://provotkin.com.ua/" "Mozilla/5.0 (Windows NT 10.0; Win64; x64) AppleWebKit/537.36 (KHTML, like Gecko) Chrome/120.0.0.0 Safari/537.36"
46.22.51.77 - - [28/Mar/2024:05:26:49 -0500] "GET / HTTP/1.1" 200 -1 "https://top-chat24.ru/" "Mozilla/5.0 (Windows NT 6.1; WOW64) AppleWebKit/537.36 (KHTML, like Gecko) Chrome/91.0.4472.114 YaBrowser/21.6.1.271 Yowser/2.5 Safari/537.36"
46.22.51.77 - - [28/Mar/2024:05:26:54 -0500] "GET / HTTP/1.1" 200 -1 "https://sigs.ru/" "Mozilla/5.0 (Windows NT 10.0; WOW64; rv:60.0) Gecko/20100101 Firefox/60.0"
95.216.227.15 - - [28/Mar/2024:05:27:03 -0500] "GET /pub/Stats/usage_202403.html HTTP/1.0" 200 113898 "https://xn--k1-h2s.com" "Mozilla/5.0 (Windows NT 10.0; Win64; x64) AppleWebKit/537.36 (KHTML, like Gecko) Chrome/122.0.0.0 Safari/537.36"
176.79.190.245 - - [28/Mar/2024:05:27:03 -0500] "HEAD / HTTP/1.0" 200 -1 "https://svyato365.net.ua" "Mozilla/5.0 (compatible; Googlebot/2.1; +http://www.google.com/bot.html)"
176.79.190.245 - - [28/Mar/2024:05:27:03 -0500] "HEAD / HTTP/1.0" 200 -1 "https://svyato365.net.ua" "Mozilla/5.0 (compatible; Googlebot/2.1; +http://www.google.com/bot.html)"
176.79.190.245 - - [28/Mar/2024:05:27:03 -0500] "HEAD / HTTP/1.0" 200 -1 "https://svyato365.net.ua" "Mozilla/5.0 (compatible; Googlebot/2.1; +http://www.google.com/bot.html)"
176.79.190.245 - - [28/Mar/2024:05:27:03 -0500] "HEAD / HTTP/1.0" 200 -1 "https://svyato365.net.ua" "Mozilla/5.0 (compatible; Googlebot/2.1; +http://www.google.com/bot.html)"
176.79.190.245 - - [28/Mar/2024:05:27:03 -0500] "HEAD / HTTP/1.0" 200 -1 "https://pryvitay.co.ua" "Mozilla/5.0 (compatible; Googlebot/2.1; +http://www.google.com/bot.html)"
176.79.190.245 - - [28/Mar/2024:05:27:03 -0500] "HEAD / HTTP/1.0" 200 -1 "https://svyato365.net.ua" "Mozilla/5.0 (compatible; Googlebot/2.1; +http://www.google.com/bot.html)"
176.79.190.245 - - [28/Mar/2024:05:27:03 -0500] "HEAD / HTTP/1.0" 200 -1 "https://svyato365.net.ua" "Mozilla/5.0 (compatible; Googlebot/2.1; +http://www.google.com/bot.html)"
176.79.190.245 - - [28/Mar/2024:05:27:03 -0500] "HEAD / HTTP/1.0" 200 -1 "https://svyato365.net.ua" "Mozilla/5.0 (compatible; Googlebot/2.1; +http://www.google.com/bot.html)"
176.79.190.245 - - [28/Mar/2024:05:27:03 -0500] "HEAD / HTTP/1.0" 200 -1 "https://svyato365.net.ua" "Mozilla/5.0 (compatible; Googlebot/2.1; +http://www.google.com/bot.html)"
176.79.190.245 - - [28/Mar/2024:05:27:03 -0500] "HEAD / HTTP/1.0" 200 -1 "https://svyato365.net.ua" "Mozilla/5.0 (compatible; Googlebot/2.1; +http://www.google.com/bot.html)"
176.79.190.245 - - [28/Mar/2024:05:27:03 -0500] "HEAD / HTTP/1.0" 200 -1 "https://svyato365.net.ua" "Mozilla/5.0 (compatible; Googlebot/2.1; +http://www.google.com/bot.html)"
176.79.190.245 - - [28/Mar/2024:05:27:03 -0500] "HEAD / HTTP/1.0" 200 -1 "https://svyato365.net.ua" "Mozilla/5.0 (compatible; Googlebot/2.1; +http://www.google.com/bot.html)"
176.79.190.245 - - [28/Mar/2024:05:27:03 -0500] "HEAD / HTTP/1.0" 200 -1 "https://svyato365.net.ua" "Mozilla/5.0 (compatible; Googlebot/2.1; +http://www.google.com/bot.html)"
176.79.190.245 - - [28/Mar/2024:05:27:03 -0500] "HEAD / HTTP/1.0" 200 -1 "https://svyato365.net.ua" "Mozilla/5.0 (compatible; Googlebot/2.1; +http://www.google.com/bot.html)"
176.79.190.245 - - [28/Mar/2024:05:27:03 -0500] "HEAD / HTTP/1.0" 200 -1 "https://svyato365.net.ua" "Mozilla/5.0 (compatible; Googlebot/2.1; +http://www.google.com/bot.html)"
176.79.190.245 - - [28/Mar/2024:05:27:03 -0500] "HEAD / HTTP/1.0" 200 -1 "https://svyato365.net.ua" "Mozilla/5.0 (compatible; Googlebot/2.1; +http://www.google.com/bot.html)"
176.79.190.245 - - [28/Mar/2024:05:27:03 -0500] "HEAD / HTTP/1.0" 200 -1 "https://svyato365.net.ua" "Mozilla/5.0 (compatible; Googlebot/2.1; +http://www.google.com/bot.html)"
176.79.190.245 - - [28/Mar/2024:05:27:03 -0500] "HEAD / HTTP/1.0" 200 -1 "https://svyato365.net.ua" "Mozilla/5.0 (compatible; Googlebot/2.1; +http://www.google.com/bot.html)"
176.79.190.245 - - [28/Mar/2024:05:27:03 -0500] "HEAD / HTTP/1.0" 200 -1 "https://svyato365.net.ua" "Mozilla/5.0 (compatible; Googlebot/2.1; +http://www.google.com/bot.html)"
176.79.190.245 - - [28/Mar/2024:05:27:03 -0500] "HEAD / HTTP/1.0" 200 -1 "https://privitus.net.ua" "Mozilla/5.0 (compatible; Googlebot/2.1; +http://www.google.com/bot.html)"
176.79.190.245 - - [28/Mar/2024:05:27:03 -0500] "HEAD / HTTP/1.0" 200 -1 "https://svyato365.net.ua" "Mozilla/5.0 (compatible; Googlebot/2.1; +http://www.google.com/bot.html)"
95.216.227.15 - - [28/Mar/2024:05:27:06 -0500] "GET /pub/Stats/usage_202403.html HTTP/1.0" 200 113898 "https://kraken30at.com" "Mozilla/5.0 (Windows NT 10.0; Win64; x64) AppleWebKit/537.36 (KHTML, like Gecko) Chrome/120.0.0.0 Iron Safari/537.36"
95.216.227.15 - - [28/Mar/2024:05:27:10 -0500] "GET /pub/Stats/usage_202403.html HTTP/1.0" 200 113898 "https://vk9at.com" "Mozilla/5.0 (Windows NT 10.0; Win64; x64) AppleWebKit/537.36 (KHTML, like Gecko) Chrome/120.0.0.0 Iron Safari/537.36"
46.22.51.77 - - [28/Mar/2024:05:27:18 -0500] "GET / HTTP/1.1" 200 -1 "https://top-chat24.ru/" "Mozilla/5.0 (Windows NT 6.1; Win64; x64) AppleWebKit/537.36 (KHTML, like Gecko) Chrome/85.0.4183.102 YaBrowser/20.9.3.126 Yowser/2.5 Safari/537.36"
46.22.51.77 - - [28/Mar/2024:05:27:21 -0500] "GET / HTTP/1.1" 200 -1 "https://wmusor.ru/" "Mozilla/5.0 (Windows NT 10.0; Win64; x64) AppleWebKit/537.36 (KHTML, like Gecko) Chrome/70.0.3538.102 Safari/537.36 Edge/18.19041"
66.249.66.200 - - [28/Mar/2024:05:27:25 -0500] "GET /pub/stats/usage_202211.html HTTP/1.1" 200 118703 "" "Mozilla/5.0 (Linux; Android 6.0.1; Nexus 5X Build/MMB29P) AppleWebKit/537.36 (KHTML, like Gecko) Chrome/122.0.6261.94 Mobile Safari/537.36 (compatible; Googlebot/2.1; +http://www.google.com/bot.html)"
46.22.51.77 - - [28/Mar/2024:05:27:35 -0500] "GET / HTTP/1.1" 200 -1 "https://vesti.spb.ru/" "Mozilla/5.0 (Macintosh; Intel Mac OS X 10_15_7) AppleWebKit/537.36 (KHTML, like Gecko) Chrome/86.0.4240.111 Safari/537.36"
37.139.53.88 - - [28/Mar/2024:05:27:43 -0500] "GET /pub/Stats/usage_202403.html HTTP/1.0" 200 113898 "https://www.bigsexvideo.tube/" "Mozilla/5.0 (Windows NT 10.0; Win64; x64) AppleWebKit/537.36 (KHTML, like Gecko) Chrome/121.0.0.0 Safari/537.36"
46.22.51.77 - - [28/Mar/2024:05:27:46 -0500] "GET / HTTP/1.1" 200 -1 "https://autoportal24.ru/" "Mozilla/5.0 (Windows NT 10.0; Win64; x64) AppleWebKit/537.36 (KHTML, like Gecko) Chrome/83.0.4093.3 Safari/537.36"
37.139.53.88 - - [28/Mar/2024:05:27:46 -0500] "GET /pub/Stats/usage_202403.html HTTP/1.0" 200 113898 "https://www.bigsexvideo.tube/" "Mozilla/5.0 (Windows NT 10.0; Win64; x64) AppleWebKit/537.36 (KHTML, like Gecko) Chrome/120.0.0.0 Iron Safari/537.36"
46.22.51.77 - - [28/Mar/2024:05:27:47 -0500] "GET / HTTP/1.1" 200 -1 "https://autoportal24.ru/" "Mozilla/5.0 (Windows; U; Windows NT 5.1; en-US; rv:1.8.1.13) Gecko/20080311 Firefox/2.0.0.13"
37.139.53.88 - - [28/Mar/2024:05:27:49 -0500] "GET /pub/Stats/usage_202403.html HTTP/1.0" 200 113898 "https://www.bigsexvideo.tube/" "Mozilla/5.0 (Windows NT 10.0) AppleWebKit/537.36 (KHTML, like Gecko) Chrome/110.0.0.0 Safari/537.36"
46.22.51.77 - - [28/Mar/2024:05:27:54 -0500] "GET / HTTP/1.1" 200 -1 "https://sigs.ru/" "Mozilla/5.0 (Windows NT 6.3; Win64; x64; rv:88.0) Gecko/20100101 Firefox/88.0"
46.22.51.77 - - [28/Mar/2024:05:28:11 -0500] "GET / HTTP/1.1" 200 -1 "https://vesti.spb.ru/" "Mozilla/5.0 (Windows NT 6.1) AppleWebKit/537.36 (KHTML, like Gecko) Chrome/28.0.1468.0 Safari/537.36"
46.22.51.77 - - [28/Mar/2024:05:28:13 -0500] "GET / HTTP/1.1" 200 -1 "https://top-chat24.ru/" "Mozilla/5.0 (Windows NT 6.1; Win64; x64) AppleWebKit/537.36 (KHTML, like Gecko) Chrome/83.0.4103.106 Safari/537.36"
95.216.227.15 - - [28/Mar/2024:05:28:21 -0500] "GET /pub/Stats/usage_202403.html HTTP/1.0" 200 113898 "https://vk9at.com" "Mozilla/5.0 (Windows NT 10.0; Win64; x64) AppleWebKit/537.36 (KHTML, like Gecko) Chrome/120.0.6099.71 Safari/537.36"
95.216.227.15 - - [28/Mar/2024:05:28:24 -0500] "GET /pub/Stats/usage_202403.html HTTP/1.0" 200 113898 "https://xn--krkn-xva44n.com" "Mozilla/5.0 (Windows NT 10.0; Win64; x64) AppleWebKit/537.36 (KHTML, like Gecko) Chrome/120.0.0.0 Safari/537.36"
46.22.51.77 - - [28/Mar/2024:05:28:24 -0500] "GET / HTTP/1.1" 200 -1 "https://vesti.spb.ru/" "Mozilla/5.0 (Windows NT 10.0; WOW64) AppleWebKit/537.36 (KHTML, like Gecko) Chrome/91.0.4472.114 YaBrowser/21.6.1.271 Yowser/2.5 Safari/537.36"
51.222.253.20 - - [28/Mar/2024:05:28:25 -0500] "GET /deadpage/Fidelity/events/completed_events/monthly_social/_vti_cnf/?order=snx HTTP/1.1" 200 -1 "" "Mozilla/5.0 (compatible; AhrefsBot/7.0; +http://ahrefs.com/robot/)"
95.216.227.15 - - [28/Mar/2024:05:28:27 -0500] "GET /pub/Stats/usage_202403.html HTTP/1.0" 200 113898 "https://kraken30at.com" "Mozilla/5.0 (Windows NT 10.0; Win64; x64) AppleWebKit/537.36 (KHTML, like Gecko) Chrome/121.0.0.0 Safari/537.36"
46.22.51.77 - - [28/Mar/2024:05:28:32 -0500] "GET / HTTP/1.1" 200 -1 "https://wmusor.ru/" "Mozilla/5.0 (Windows NT 6.1; WOW64) AppleWebKit/537.36 (KHTML, like Gecko) Chrome/80.0.3987.132 Safari/537.36"
136.243.13.183 - - [28/Mar/2024:05:28:45 -0500] "HEAD /pub/stats/ HTTP/1.0" 200 -1 "https://driverss.net/" "Mozilla/5.0 (compatible; Googlebot/2.1; +http://www.google.com/bot.html)"
136.243.13.183 - - [28/Mar/2024:05:28:45 -0500] "HEAD /pub/stats/ HTTP/1.0" 200 -1 "https://driverss.net/" "Mozilla/5.0 (compatible; Googlebot/2.1; +http://www.google.com/bot.html)"
136.243.13.183 - - [28/Mar/2024:05:28:45 -0500] "HEAD /pub/stats/ HTTP/1.0" 200 -1 "https://driverss.net/" "Mozilla/5.0 (compatible; Googlebot/2.1; +http://www.google.com/bot.html)"
46.22.51.77 - - [28/Mar/2024:05:28:56 -0500] "GET / HTTP/1.1" 200 -1 "https://wmusor.ru/" "Mozilla/5.0 (Windows NT 6.3; Win64; x64; rv:80.0) Gecko/20100101 Firefox/80.0"
46.22.51.77 - - [28/Mar/2024:05:28:58 -0500] "GET / HTTP/1.1" 200 -1 "https://autoportal24.ru/" "Mozilla/5.0 (X11; CrOS x86_64 10176.72.0) AppleWebKit/537.36 (KHTML, like Gecko) Chrome/64.0.3282.167 Safari/537.36"
46.22.51.77 - - [28/Mar/2024:05:28:59 -0500] "GET / HTTP/1.1" 200 -1 "https://autoportal24.ru/" "Mozilla/5.0 (Windows NT 6.1; Win64; x64) AppleWebKit/537.36 (KHTML, like Gecko) Chrome/91.0.4472.106 Safari/537.36"
176.79.190.245 - - [28/Mar/2024:05:29:10 -0500] "HEAD / HTTP/1.0" 200 -1 "https://pryvitay.co.ua" "Mozilla/5.0 (compatible; Googlebot/2.1; +http://www.google.com/bot.html)"
176.79.190.245 - - [28/Mar/2024:05:29:10 -0500] "HEAD / HTTP/1.0" 200 -1 "https://pryvitay.co.ua" "Mozilla/5.0 (compatible; Googlebot/2.1; +http://www.google.com/bot.html)"
176.79.190.245 - - [28/Mar/2024:05:29:10 -0500] "HEAD / HTTP/1.0" 200 -1 "https://pryvitay.co.ua" "Mozilla/5.0 (compatible; Googlebot/2.1; +http://www.google.com/bot.html)"
176.79.190.245 - - [28/Mar/2024:05:29:10 -0500] "HEAD / HTTP/1.0" 200 -1 "https://pryvitay.co.ua" "Mozilla/5.0 (compatible; Googlebot/2.1; +http://www.google.com/bot.html)"
176.79.190.245 - - [28/Mar/2024:05:29:10 -0500] "HEAD / HTTP/1.0" 200 -1 "https://pryvitay.co.ua" "Mozilla/5.0 (compatible; Googlebot/2.1; +http://www.google.com/bot.html)"
176.79.190.245 - - [28/Mar/2024:05:29:10 -0500] "HEAD / HTTP/1.0" 200 -1 "https://chef.net.ua" "Mozilla/5.0 (compatible; Googlebot/2.1; +http://www.google.com/bot.html)"
176.79.190.245 - - [28/Mar/2024:05:29:10 -0500] "HEAD / HTTP/1.0" 200 -1 "https://pryvitay.co.ua" "Mozilla/5.0 (compatible; Googlebot/2.1; +http://www.google.com/bot.html)"
176.79.190.245 - - [28/Mar/2024:05:29:10 -0500] "HEAD / HTTP/1.0" 200 -1 "https://pryvitay.co.ua" "Mozilla/5.0 (compatible; Googlebot/2.1; +http://www.google.com/bot.html)"
176.79.190.245 - - [28/Mar/2024:05:29:10 -0500] "HEAD / HTTP/1.0" 200 -1 "https://pryvitay.co.ua" "Mozilla/5.0 (compatible; Googlebot/2.1; +http://www.google.com/bot.html)"
176.79.190.245 - - [28/Mar/2024:05:29:10 -0500] "HEAD / HTTP/1.0" 200 -1 "https://pryvitay.co.ua" "Mozilla/5.0 (compatible; Googlebot/2.1; +http://www.google.com/bot.html)"
176.79.190.245 - - [28/Mar/2024:05:29:10 -0500] "HEAD / HTTP/1.0" 200 -1 "https://privitus.net.ua" "Mozilla/5.0 (compatible; Googlebot/2.1; +http://www.google.com/bot.html)"
176.79.190.245 - - [28/Mar/2024:05:29:10 -0500] "HEAD / HTTP/1.0" 200 -1 "https://pryvitay.co.ua" "Mozilla/5.0 (compatible; Googlebot/2.1; +http://www.google.com/bot.html)"
176.79.190.245 - - [28/Mar/2024:05:29:10 -0500] "HEAD / HTTP/1.0" 200 -1 "https://pryvitay.co.ua" "Mozilla/5.0 (compatible; Googlebot/2.1; +http://www.google.com/bot.html)"
176.79.190.245 - - [28/Mar/2024:05:29:10 -0500] "HEAD / HTTP/1.0" 200 -1 "https://pryvitay.co.ua" "Mozilla/5.0 (compatible; Googlebot/2.1; +http://www.google.com/bot.html)"
176.79.190.245 - - [28/Mar/2024:05:29:10 -0500] "HEAD / HTTP/1.0" 200 -1 "https://pryvitay.co.ua" "Mozilla/5.0 (compatible; Googlebot/2.1; +http://www.google.com/bot.html)"
176.79.190.245 - - [28/Mar/2024:05:29:10 -0500] "HEAD / HTTP/1.0" 200 -1 "https://pryvitay.co.ua" "Mozilla/5.0 (compatible; Googlebot/2.1; +http://www.google.com/bot.html)"
176.79.190.245 - - [28/Mar/2024:05:29:10 -0500] "HEAD / HTTP/1.0" 200 -1 "https://pryvitay.co.ua" "Mozilla/5.0 (compatible; Googlebot/2.1; +http://www.google.com/bot.html)"
176.79.190.245 - - [28/Mar/2024:05:29:10 -0500] "HEAD / HTTP/1.0" 200 -1 "https://pryvitay.co.ua" "Mozilla/5.0 (compatible; Googlebot/2.1; +http://www.google.com/bot.html)"
176.79.190.245 - - [28/Mar/2024:05:29:10 -0500] "HEAD / HTTP/1.0" 200 -1 "https://pryvitay.co.ua" "Mozilla/5.0 (compatible; Googlebot/2.1; +http://www.google.com/bot.html)"
176.79.190.245 - - [28/Mar/2024:05:29:10 -0500] "HEAD / HTTP/1.0" 200 -1 "https://pryvitay.co.ua" "Mozilla/5.0 (compatible; Googlebot/2.1; +http://www.google.com/bot.html)"
176.79.190.245 - - [28/Mar/2024:05:29:10 -0500] "HEAD / HTTP/1.0" 200 -1 "https://pryvitay.co.ua" "Mozilla/5.0 (compatible; Googlebot/2.1; +http://www.google.com/bot.html)"
46.22.51.77 - - [28/Mar/2024:05:29:15 -0500] "GET / HTTP/1.1" 200 -1 "https://top-chat24.ru/" "Mozilla/5.0 (Windows NT 6.1) AppleWebKit/537.36 (KHTML, like Gecko) Chrome/39.0.2171.95 Safari/537.36"
46.22.51.77 - - [28/Mar/2024:05:29:22 -0500] "GET / HTTP/1.1" 200 -1 "https://sigs.ru/" "Mozilla/5.0 (Windows NT 10.0; WOW64) AppleWebKit/537.36 (KHTML, like Gecko) Chrome/88.0.4324.41 YaBrowser/21.2.0.1099 Yowser/2.5 Safari/537.36"
46.22.51.77 - - [28/Mar/2024:05:29:25 -0500] "GET / HTTP/1.1" 200 -1 "https://sigs.ru/" "Mozilla/5.0 (Windows NT 6.1; WOW64) AppleWebKit/537.36 (KHTML, like Gecko) Chrome/63.0.3239.26 Safari/537.36 Core/1.63.5408.400 QQBrowser/10.1.1408.400"
37.139.53.88 - - [28/Mar/2024:05:29:26 -0500] "GET /pub/Stats/usage_202403.html HTTP/1.0" 200 113898 "https://www.bigsexvideo.tube/" "Mozilla/5.0 (Windows NT 10.0; Win64; x64) AppleWebKit/537.36 (KHTML, like Gecko) Chrome/120.0.0.0 Safari/537.36"
37.139.53.88 - - [28/Mar/2024:05:29:29 -0500] "GET /pub/Stats/usage_202403.html HTTP/1.0" 200 113898 "https://www.bigsexvideo.tube/" "Mozilla/5.0 (Windows NT 10.0; Win64; x64) AppleWebKit/537.36 (KHTML, like Gecko) Chrome/120.0.0.0 Safari/537.36"
46.22.51.77 - - [28/Mar/2024:05:29:32 -0500] "GET / HTTP/1.1" 200 -1 "https://sigs.ru/" "Mozilla/5.0 (Windows NT 6.1; WOW64) AppleWebKit/537.36 (KHTML, like Gecko) Chrome/66.0.3359.181 Safari/537.36"
37.139.53.88 - - [28/Mar/2024:05:29:32 -0500] "GET /pub/Stats/usage_202403.html HTTP/1.0" 200 113898 "https://www.bigsexvideo.tube/" "Mozilla/5.0 (Windows NT 6.1; Win64; x64) AppleWebKit/537.36 (KHTML, like Gecko) Chrome/109.0.5414.120 Safari/537.36"
46.22.51.77 - - [28/Mar/2024:05:29:34 -0500] "GET / HTTP/1.1" 200 -1 "https://top-chat24.ru/" "Mozilla/5.0 (Windows NT 6.3; Win64; x64) AppleWebKit/537.36 (KHTML, like Gecko) Chrome/83.0.4103.61 Safari/537.36"
46.22.51.77 - - [28/Mar/2024:05:29:34 -0500] "GET / HTTP/1.1" 200 -1 "https://vesti.spb.ru/" "Mozilla/5.0 (Windows NT 10.0; Win64; x64) AppleWebKit/537.36 (KHTML, like Gecko) Chrome/83.0.4096.0 Safari/537.36"
46.22.51.77 - - [28/Mar/2024:05:29:37 -0500] "GET / HTTP/1.1" 200 -1 "https://sigs.ru/" "Mozilla/5.0 (Windows NT 6.0; WOW64; rv:3.4) Goanna/20180412 PaleMoon/27.9.0"
95.216.227.15 - - [28/Mar/2024:05:29:37 -0500] "GET /pub/Stats/usage_202403.html HTTP/1.0" 200 113898 "https://xn--krkn-xva44n.com" "Mozilla/5.0 (Windows NT 10.0; Win64; x64) AppleWebKit/537.36 (KHTML, like Gecko) Chrome/116.0.0.0 Safari/537.36"
95.216.227.15 - - [28/Mar/2024:05:29:40 -0500] "GET /pub/Stats/usage_202403.html HTTP/1.0" 200 113898 "https://vk9at.com" "Mozilla/5.0 (Windows NT 10.0; Win64; x64) AppleWebKit/537.36 (KHTML, like Gecko) Chrome/121.0.0.0 Safari/537.36"
95.216.227.15 - - [28/Mar/2024:05:29:43 -0500] "GET /pub/Stats/usage_202403.html HTTP/1.0" 200 113898 "https://vk9at.com" "Mozilla/5.0 (Windows NT 10.0; Win64; x64) AppleWebKit/537.36 (KHTML, like Gecko) Chrome/120.0.0.0 Iron Safari/537.36"
136.243.13.183 - - [28/Mar/2024:05:29:44 -0500] "HEAD /pub/stats/ HTTP/1.0" 200 -1 "https://apkstorage.net/" "Mozilla/5.0 (compatible; Googlebot/2.1; +http://www.google.com/bot.html)"
136.243.13.183 - - [28/Mar/2024:05:29:44 -0500] "HEAD /pub/stats/ HTTP/1.0" 200 -1 "https://apkstorage.net/" "Mozilla/5.0 (compatible; Googlebot/2.1; +http://www.google.com/bot.html)"
136.243.13.183 - - [28/Mar/2024:05:29:44 -0500] "HEAD /pub/stats/ HTTP/1.0" 200 -1 "https://apkstorage.net/" "Mozilla/5.0 (compatible; Googlebot/2.1; +http://www.google.com/bot.html)"
46.22.51.77 - - [28/Mar/2024:05:30:16 -0500] "GET / HTTP/1.1" 200 -1 "https://top-chat24.ru/" "Mozilla/5.0 (Windows NT 10.0; Win64; x64) AppleWebKit/537.36 (KHTML, like Gecko) Chrome/64.0.3282.167 Safari/537.36"
46.22.51.77 - - [28/Mar/2024:05:30:18 -0500] "GET / HTTP/1.1" 200 -1 "https://autoportal24.ru/" "Mozilla/5.0 (Windows NT 6.1; WOW64) AppleWebKit/537.36 (KHTML, like Gecko) Chrome/85.0.4183.102 YaBrowser/20.9.3.136 Yowser/2.5 Safari/537.36"
46.22.51.77 - - [28/Mar/2024:05:30:29 -0500] "GET / HTTP/1.1" 200 -1 "https://sigs.ru/" "Mozilla/5.0 (Windows NT 6.1; rv:85.0) Gecko/20100101 Firefox/85.0"
79.137.204.186 - - [28/Mar/2024:05:30:33 -0500] "GET /pub/Stats/usage_202403.html HTTP/1.0" 200 113898 "https://provotkin.com.ua/" "Mozilla/5.0 (Windows NT 10.0; Win64; x64) AppleWebKit/537.36 (KHTML, like Gecko) Chrome/117.0.0.0 Iron Safari/537.36"
136.243.13.183 - - [28/Mar/2024:05:30:34 -0500] "HEAD /pub/stats/ HTTP/1.0" 200 -1 "https://vzlomannye-igry-dlya-android.net/" "Mozilla/5.0 (compatible; Googlebot/2.1; +http://www.google.com/bot.html)"
136.243.13.183 - - [28/Mar/2024:05:30:34 -0500] "HEAD /pub/stats/ HTTP/1.0" 200 -1 "https://vzlomannye-igry-dlya-android.net/" "Mozilla/5.0 (compatible; Googlebot/2.1; +http://www.google.com/bot.html)"
136.243.13.183 - - [28/Mar/2024:05:30:34 -0500] "HEAD /pub/stats/ HTTP/1.0" 200 -1 "https://vzlomannye-igry-dlya-android.net/" "Mozilla/5.0 (compatible; Googlebot/2.1; +http://www.google.com/bot.html)"
