46.22.51.77 - - [28/Mar/2024:01:29:26 -0500] "GET / HTTP/1.1" 200 -1 "https://sigs.ru/" "Mozilla/5.0 (Windows NT 10.0; WOW64) AppleWebKit/537.36 (KHTML, like Gecko) Chrome/63.0.3239.26 Safari/537.36 Core/1.63.5408.400 QQBrowser/10.1.1430.400"
46.22.51.77 - - [28/Mar/2024:01:29:38 -0500] "GET / HTTP/1.1" 200 -1 "https://autoportal24.ru/" "Mozilla/5.0 (Windows NT 10.0; WOW64) AppleWebKit/537.36 (KHTML, like Gecko) Chrome/89.0.4389.86 YaBrowser/21.3.1.81 Yowser/2.5 Safari/537.36"
46.22.51.77 - - [28/Mar/2024:01:29:39 -0500] "GET / HTTP/1.1" 200 -1 "https://wmusor.ru/" "Mozilla/5.0 (Windows NT 6.1; Win64; x64) AppleWebKit/537.36 (KHTML, like Gecko) Chrome/85.0.4183.121 Safari/537.36 OPR/71.0.3770.228"
46.22.51.77 - - [28/Mar/2024:01:29:43 -0500] "GET / HTTP/1.1" 200 -1 "https://autoportal24.ru/" "Mozilla/5.0 (Windows NT 10.0; Win64; x64) AppleWebKit/537.36 (KHTML, like Gecko) Chrome/63.0.3239.132 Safari/537.36"
46.22.51.77 - - [28/Mar/2024:01:29:46 -0500] "GET / HTTP/1.1" 200 -1 "https://sigs.ru/" "Mozilla/5.0 (Windows NT 10.0; Win64; x64) AppleWebKit/537.36 (KHTML, like Gecko) Chrome/91.0.4472.164 Safari/537.36"
46.22.51.77 - - [28/Mar/2024:01:29:49 -0500] "GET / HTTP/1.1" 200 -1 "https://vesti.spb.ru/" "Mozilla/5.0 (Windows NT 6.1) AppleWebKit/537.36 (KHTML, like Gecko) Chrome/92.0.4515.159 Safari/537.36"
37.139.53.88 - - [28/Mar/2024:01:29:57 -0500] "GET /pub/Stats/usage_202403.html HTTP/1.0" 200 113898 "https://www.bigsexvideo.tube/" "Mozilla/5.0 (Windows NT 6.1; Win64; x64) AppleWebKit/537.36 (KHTML, like Gecko) Chrome/109.0.5414.120 Safari/537.36"
46.22.51.77 - - [28/Mar/2024:01:29:59 -0500] "GET / HTTP/1.1" 200 -1 "https://wmusor.ru/" "Mozilla/5.0 (Windows NT 6.1; WOW64) AppleWebKit/537.36 (KHTML, like Gecko) Chrome/89.0.4389.86 YaBrowser/21.3.0.673 Yowser/2.5 Safari/537.36"
37.139.53.88 - - [28/Mar/2024:01:29:59 -0500] "GET /pub/Stats/usage_202403.html HTTP/1.0" 200 113898 "https://www.bigsexvideo.tube/" "Mozilla/5.0 (Windows NT 10.0; Win64; x64) AppleWebKit/537.36 (KHTML, like Gecko) Chrome/121.0.0.0 Safari/537.36"
46.22.51.77 - - [28/Mar/2024:01:30:02 -0500] "GET / HTTP/1.1" 200 -1 "https://wmusor.ru/" "Mozilla/5.0 (Windows NT 6.1; ) AppleWebKit/537.36 (KHTML, like Gecko) Chrome/83.0.4103.106 YaBrowser/20.7.1.68 Yowser/2.5 Safari/537.36"
37.139.53.88 - - [28/Mar/2024:01:30:03 -0500] "GET /pub/Stats/usage_202403.html HTTP/1.0" 200 113898 "https://www.bigsexvideo.tube/" "Mozilla/5.0 (Windows NT 10.0; Win64; x64) AppleWebKit/537.36 (KHTML, like Gecko) Chrome/120.0.0.0 Iron Safari/537.36"
46.22.51.77 - - [28/Mar/2024:01:30:15 -0500] "GET / HTTP/1.1" 200 -1 "https://autoportal24.ru/" "Mozilla/5.0 (Windows NT 10.0; Win64; x64) AppleWebKit/537.36 (KHTML, like Gecko) Chrome/90.0.4430.216 YaBrowser/21.5.4.607 Yowser/2.5 Safari/537.36"
46.22.51.77 - - [28/Mar/2024:01:30:30 -0500] "GET / HTTP/1.1" 200 -1 "https://sigs.ru/" "Mozilla/5.0 (X11; Linux x86_64) AppleWebKit/537.36 (KHTML, like Gecko) Chrome/83.0.4103.116 Safari/537.36"
46.22.51.77 - - [28/Mar/2024:01:30:32 -0500] "GET / HTTP/1.1" 200 -1 "https://wmusor.ru/" "Mozilla/5.0 (Windows NT 10.0; WOW64) AppleWebKit/537.36 (KHTML, like Gecko) Chrome/61.0.3163.125 Amigo/61.0.3163.125 MRCHROME SOC Safari/537.36"
95.216.227.15 - - [28/Mar/2024:01:30:33 -0500] "GET /pub/Stats/usage_202403.html HTTP/1.0" 200 113898 "https://krakenat.com" "Mozilla/5.0 (Windows NT 10.0; Win64; x64) AppleWebKit/537.36 (KHTML, like Gecko) Chrome/112.0.0.0 Safari/537.36"
46.22.51.77 - - [28/Mar/2024:01:30:33 -0500] "GET / HTTP/1.1" 200 -1 "https://vesti.spb.ru/" "Mozilla/5.0 (Macintosh; Intel Mac OS X 10.11; rv:48.0) Gecko/20100101 Firefox/48.0"
95.216.227.15 - - [28/Mar/2024:01:30:36 -0500] "GET /pub/Stats/usage_202403.html HTTP/1.0" 200 113898 "https://vk9at.com" "Mozilla/5.0 (Windows NT 10.0; Win64; x64) AppleWebKit/537.36 (KHTML, like Gecko) Chrome/121.0.0.0 Safari/537.36"
46.22.51.77 - - [28/Mar/2024:01:30:39 -0500] "GET / HTTP/1.1" 200 -1 "https://vesti.spb.ru/" "Mozilla/5.0 (Windows NT 10.0; ) AppleWebKit/537.36 (KHTML, like Gecko) Chrome/83.0.4103.34 Safari/537.36 Edg/83.0.478.25"
95.216.227.15 - - [28/Mar/2024:01:30:39 -0500] "GET /pub/Stats/usage_202403.html HTTP/1.0" 200 113898 "https://krakenat.com" "Mozilla/5.0 (Windows NT 10.0; Win64; x64) AppleWebKit/537.36 (KHTML, like Gecko) Chrome/116.0.0.0 Safari/537.36"
46.22.51.77 - - [28/Mar/2024:01:30:46 -0500] "GET / HTTP/1.1" 200 -1 "https://sigs.ru/" "Mozilla/5.0 (Macintosh; Intel Mac OS X 10_15_6) AppleWebKit/605.1.15 (KHTML, like Gecko) Version/14.0.2 Safari/605.1.15"
46.22.51.77 - - [28/Mar/2024:01:31:07 -0500] "GET / HTTP/1.1" 200 -1 "https://top-chat24.ru/" "Mozilla/5.0 (Windows NT 6.1; WOW64) AppleWebKit/537.36 (KHTML, like Gecko) Chrome/83.0.4103.97 Safari/537.36"
46.22.51.77 - - [28/Mar/2024:01:31:07 -0500] "GET / HTTP/1.1" 200 -1 "https://top-chat24.ru/" "Mozilla/5.0 (Windows NT 6.1) AppleWebKit/537.36 (KHTML, like Gecko) Chrome/75.0.3770.90 Atom/4.0.0.141 Safari/537.36"
46.22.51.77 - - [28/Mar/2024:01:31:20 -0500] "GET / HTTP/1.1" 200 -1 "https://top-chat24.ru/" "Mozilla/5.0 (Windows NT 6.1) AppleWebKit/537.36 (KHTML, like Gecko) Chrome/89.0.4389.114 Safari/537.36"
5.42.65.70 - - [28/Mar/2024:01:31:21 -0500] "GET /pub/Stats/usage_202403.html HTTP/1.0" 200 113898 "https://xn--megab-mdb.com" "Mozilla/5.0 (Windows NT 6.1; Win64; x64) AppleWebKit/537.36 (KHTML, like Gecko) Chrome/103.0.0.0 Safari/537.36"
176.79.190.245 - - [28/Mar/2024:01:31:25 -0500] "HEAD / HTTP/1.0" 200 -1 "https://slova.in.ua" "Mozilla/5.0 (compatible; Googlebot/2.1; +http://www.google.com/bot.html)"
176.79.190.245 - - [28/Mar/2024:01:31:25 -0500] "HEAD / HTTP/1.0" 200 -1 "https://slova.in.ua" "Mozilla/5.0 (compatible; Googlebot/2.1; +http://www.google.com/bot.html)"
176.79.190.245 - - [28/Mar/2024:01:31:25 -0500] "HEAD / HTTP/1.0" 200 -1 "https://slova.in.ua" "Mozilla/5.0 (compatible; Googlebot/2.1; +http://www.google.com/bot.html)"
176.79.190.245 - - [28/Mar/2024:01:31:25 -0500] "HEAD / HTTP/1.0" 200 -1 "https://slova.in.ua" "Mozilla/5.0 (compatible; Googlebot/2.1; +http://www.google.com/bot.html)"
176.79.190.245 - - [28/Mar/2024:01:31:25 -0500] "HEAD / HTTP/1.0" 200 -1 "https://slova.in.ua" "Mozilla/5.0 (compatible; Googlebot/2.1; +http://www.google.com/bot.html)"
176.79.190.245 - - [28/Mar/2024:01:31:25 -0500] "HEAD / HTTP/1.0" 200 -1 "https://slova.in.ua" "Mozilla/5.0 (compatible; Googlebot/2.1; +http://www.google.com/bot.html)"
176.79.190.245 - - [28/Mar/2024:01:31:25 -0500] "HEAD / HTTP/1.0" 200 -1 "https://slova.in.ua" "Mozilla/5.0 (compatible; Googlebot/2.1; +http://www.google.com/bot.html)"
176.79.190.245 - - [28/Mar/2024:01:31:25 -0500] "HEAD / HTTP/1.0" 200 -1 "https://slova.in.ua" "Mozilla/5.0 (compatible; Googlebot/2.1; +http://www.google.com/bot.html)"
176.79.190.245 - - [28/Mar/2024:01:31:25 -0500] "HEAD / HTTP/1.0" 200 -1 "https://slova.in.ua" "Mozilla/5.0 (compatible; Googlebot/2.1; +http://www.google.com/bot.html)"
176.79.190.245 - - [28/Mar/2024:01:31:25 -0500] "HEAD / HTTP/1.0" 200 -1 "https://slova.in.ua" "Mozilla/5.0 (compatible; Googlebot/2.1; +http://www.google.com/bot.html)"
176.79.190.245 - - [28/Mar/2024:01:31:25 -0500] "HEAD / HTTP/1.0" 200 -1 "https://slova.in.ua" "Mozilla/5.0 (compatible; Googlebot/2.1; +http://www.google.com/bot.html)"
176.79.190.245 - - [28/Mar/2024:01:31:25 -0500] "HEAD / HTTP/1.0" 200 -1 "https://slova.in.ua" "Mozilla/5.0 (compatible; Googlebot/2.1; +http://www.google.com/bot.html)"
176.79.190.245 - - [28/Mar/2024:01:31:25 -0500] "HEAD / HTTP/1.0" 200 -1 "https://topvitannya.net.ua" "Mozilla/5.0 (compatible; Googlebot/2.1; +http://www.google.com/bot.html)"
176.79.190.245 - - [28/Mar/2024:01:31:25 -0500] "HEAD / HTTP/1.0" 200 -1 "https://citata.net.ua" "Mozilla/5.0 (compatible; Googlebot/2.1; +http://www.google.com/bot.html)"
176.79.190.245 - - [28/Mar/2024:01:31:25 -0500] "HEAD / HTTP/1.0" 200 -1 "https://slova.in.ua" "Mozilla/5.0 (compatible; Googlebot/2.1; +http://www.google.com/bot.html)"
176.79.190.245 - - [28/Mar/2024:01:31:25 -0500] "HEAD / HTTP/1.0" 200 -1 "https://slova.in.ua" "Mozilla/5.0 (compatible; Googlebot/2.1; +http://www.google.com/bot.html)"
176.79.190.245 - - [28/Mar/2024:01:31:25 -0500] "HEAD / HTTP/1.0" 200 -1 "https://slova.in.ua" "Mozilla/5.0 (compatible; Googlebot/2.1; +http://www.google.com/bot.html)"
176.79.190.245 - - [28/Mar/2024:01:31:25 -0500] "HEAD / HTTP/1.0" 200 -1 "https://slova.in.ua" "Mozilla/5.0 (compatible; Googlebot/2.1; +http://www.google.com/bot.html)"
176.79.190.245 - - [28/Mar/2024:01:31:25 -0500] "HEAD / HTTP/1.0" 200 -1 "https://slova.in.ua" "Mozilla/5.0 (compatible; Googlebot/2.1; +http://www.google.com/bot.html)"
176.79.190.245 - - [28/Mar/2024:01:31:25 -0500] "HEAD / HTTP/1.0" 200 -1 "https://slova.in.ua" "Mozilla/5.0 (compatible; Googlebot/2.1; +http://www.google.com/bot.html)"
176.79.190.245 - - [28/Mar/2024:01:31:25 -0500] "HEAD / HTTP/1.0" 200 -1 "https://slova.in.ua" "Mozilla/5.0 (compatible; Googlebot/2.1; +http://www.google.com/bot.html)"
136.243.13.183 - - [28/Mar/2024:01:31:29 -0500] "HEAD /pub/stats/ HTTP/1.0" 200 -1 "https://prezentacii.info/" "Mozilla/5.0 (compatible; Googlebot/2.1; +http://www.google.com/bot.html)"
136.243.13.183 - - [28/Mar/2024:01:31:29 -0500] "HEAD /pub/stats/ HTTP/1.0" 200 -1 "https://prezentacii.info/" "Mozilla/5.0 (compatible; Googlebot/2.1; +http://www.google.com/bot.html)"
136.243.13.183 - - [28/Mar/2024:01:31:29 -0500] "HEAD /pub/stats/ HTTP/1.0" 200 -1 "https://prezentacii.info/" "Mozilla/5.0 (compatible; Googlebot/2.1; +http://www.google.com/bot.html)"
136.243.13.183 - - [28/Mar/2024:01:31:34 -0500] "HEAD /pub/stats/ HTTP/1.0" 200 -1 "https://driverss.net/" "Mozilla/5.0 (compatible; Googlebot/2.1; +http://www.google.com/bot.html)"
136.243.13.183 - - [28/Mar/2024:01:31:35 -0500] "HEAD /pub/stats/ HTTP/1.0" 200 -1 "https://driverss.net/" "Mozilla/5.0 (compatible; Googlebot/2.1; +http://www.google.com/bot.html)"
136.243.13.183 - - [28/Mar/2024:01:31:35 -0500] "HEAD /pub/stats/ HTTP/1.0" 200 -1 "https://driverss.net/" "Mozilla/5.0 (compatible; Googlebot/2.1; +http://www.google.com/bot.html)"
37.139.53.88 - - [28/Mar/2024:01:31:40 -0500] "GET /pub/Stats/usage_202403.html HTTP/1.0" 200 113898 "https://www.bigsexvideo.tube/" "Mozilla/5.0 (Windows NT 10.0; Win64; x64) AppleWebKit/537.36 (KHTML, like Gecko) Chrome/122.0.0.0 Safari/537.36"
37.139.53.88 - - [28/Mar/2024:01:31:43 -0500] "GET /pub/Stats/usage_202403.html HTTP/1.0" 200 113898 "https://www.bigsexvideo.tube/" "Mozilla/5.0 (Windows NT 10.0; Win64; x64) AppleWebKit/537.36 (KHTML, like Gecko) Chrome/121.0.0.0 Safari/537.36"
37.139.53.88 - - [28/Mar/2024:01:31:46 -0500] "GET /pub/Stats/usage_202403.html HTTP/1.0" 200 113898 "https://www.bigsexvideo.tube/" "Mozilla/5.0 (Windows NT 6.1; Win64; x64) AppleWebKit/537.36 (KHTML, like Gecko) Chrome/109.0.5414.120 Safari/537.36"
46.22.51.77 - - [28/Mar/2024:01:31:46 -0500] "GET / HTTP/1.1" 200 -1 "https://vesti.spb.ru/" "Mozilla/5.0 (Macintosh; Intel Mac OS X 10_15_7) AppleWebKit/537.36 (KHTML, like Gecko) Chrome/86.0.4240.198 Safari/537.36"
95.216.227.15 - - [28/Mar/2024:01:31:51 -0500] "GET /pub/Stats/usage_202403.html HTTP/1.0" 200 113898 "https://xn--krkn-xva44n.com" "Mozilla/5.0 (Windows NT 10.0; Win64; x64) AppleWebKit/537.36 (KHTML, like Gecko) Chrome/115.0.0.0 Safari/537.36"
95.216.227.15 - - [28/Mar/2024:01:31:54 -0500] "GET /pub/Stats/usage_202403.html HTTP/1.0" 200 113898 "https://vk9at.com" "Mozilla/5.0 (Windows NT 10.0; Win64; x64) AppleWebKit/537.36 (KHTML, like Gecko) Chrome/115.0.0.0 Safari/537.36"
136.243.13.183 - - [28/Mar/2024:01:31:56 -0500] "HEAD /pub/stats/ HTTP/1.0" 200 -1 "https://coloriage-carnaval.com/" "Mozilla/5.0 (compatible; Googlebot/2.1; +http://www.google.com/bot.html)"
136.243.13.183 - - [28/Mar/2024:01:31:56 -0500] "HEAD /pub/stats/ HTTP/1.0" 200 -1 "https://coloriage-carnaval.com/" "Mozilla/5.0 (compatible; Googlebot/2.1; +http://www.google.com/bot.html)"
136.243.13.183 - - [28/Mar/2024:01:31:56 -0500] "HEAD /pub/stats/ HTTP/1.0" 200 -1 "https://coloriage-carnaval.com/" "Mozilla/5.0 (compatible; Googlebot/2.1; +http://www.google.com/bot.html)"
95.216.227.15 - - [28/Mar/2024:01:31:57 -0500] "GET /pub/Stats/usage_202403.html HTTP/1.0" 200 113898 "https://vk9at.com" "Mozilla/5.0 (Windows NT 10.0; Win64; x64) AppleWebKit/537.36 (KHTML, like Gecko) Chrome/120.0.0.0 Iron Safari/537.36"
46.22.51.77 - - [28/Mar/2024:01:31:58 -0500] "GET / HTTP/1.1" 200 -1 "https://vesti.spb.ru/" "Mozilla/5.0 (Windows NT 6.3; Win64; x64) AppleWebKit/537.36 (KHTML, like Gecko) Chrome/83.0.4103.106 Safari/537.36"
46.22.51.77 - - [28/Mar/2024:01:32:00 -0500] "GET / HTTP/1.1" 200 -1 "https://vesti.spb.ru/" "Mozilla/5.0 (X11; Linux x86_64) AppleWebKit/605.1.15 (KHTML, like Gecko) Version/11.0 Safari/605.1.15 Epiphany/605.1.15"
46.22.51.77 - - [28/Mar/2024:01:32:07 -0500] "GET / HTTP/1.1" 200 -1 "https://wmusor.ru/" "Mozilla/5.0 (Windows NT 5.1) AppleWebKit/537.36 (KHTML, like Gecko) Chrome/55.0.2883.87 UBrowser/6.2.3964.2 Safari/537.36"
46.22.51.77 - - [28/Mar/2024:01:32:14 -0500] "GET / HTTP/1.1" 200 -1 "https://sigs.ru/" "Mozilla/5.0 (Windows NT 6.1; WOW64) AppleWebKit/537.36 (KHTML, like Gecko) Chrome/55.0.2883.75 Safari/537.36 Maxthon/5.1.5.2000"
46.22.51.77 - - [28/Mar/2024:01:32:15 -0500] "GET / HTTP/1.1" 200 -1 "https://top-chat24.ru/" "Mozilla/5.0 (Windows NT 10.0; WOW64) AppleWebKit/537.36 (KHTML, like Gecko) Chrome/81.0.4044.138 YaBrowser/20.4.2.197 Yowser/2.5 Safari/537.36"
46.22.51.77 - - [28/Mar/2024:01:32:26 -0500] "GET / HTTP/1.1" 200 -1 "https://autoportal24.ru/" "Mozilla/5.0 (Windows NT 6.1; Win64; x64) AppleWebKit/537.36 (KHTML, like Gecko) Chrome/63.0.3239.132 Safari/537.36"
46.22.51.77 - - [28/Mar/2024:01:32:37 -0500] "GET / HTTP/1.1" 200 -1 "https://autoportal24.ru/" "Mozilla/5.0 (Windows NT 6.1; Win64; x64) AppleWebKit/537.36 (KHTML, like Gecko) Chrome/86.0.4240.198 Safari/537.36"
79.137.204.186 - - [28/Mar/2024:01:32:46 -0500] "GET /pub/Stats/usage_202403.html HTTP/1.0" 200 113898 "https://korpus-mebli.com.ua/" "Mozilla/5.0 (Windows NT 10.0; Win64; x64) AppleWebKit/537.36 (KHTML, like Gecko) Chrome/122.0.0.0 Safari/537.36"
46.22.51.77 - - [28/Mar/2024:01:32:50 -0500] "GET / HTTP/1.1" 200 -1 "https://top-chat24.ru/" "Mozilla/5.0 (Windows NT 6.1) AppleWebKit/537.36 (KHTML, like Gecko) Chrome/65.0.3325.181 Safari/537.36 OPR/52.0.2871.64"
79.137.204.186 - - [28/Mar/2024:01:32:50 -0500] "GET /pub/Stats/usage_202403.html HTTP/1.0" 200 113898 "https://korpus-mebli.com.ua/" "Mozilla/5.0 (Windows NT 10.0; Win64; x64) AppleWebKit/537.36 (KHTML, like Gecko) Chrome/120.0.0.0 Iron Safari/537.36"
136.243.13.183 - - [28/Mar/2024:01:32:53 -0500] "HEAD /pub/stats/ HTTP/1.0" 200 -1 "https://prodroiders.net/" "Mozilla/5.0 (compatible; Googlebot/2.1; +http://www.google.com/bot.html)"
136.243.13.183 - - [28/Mar/2024:01:32:53 -0500] "HEAD /pub/stats/ HTTP/1.0" 200 -1 "https://prodroiders.net/" "Mozilla/5.0 (compatible; Googlebot/2.1; +http://www.google.com/bot.html)"
136.243.13.183 - - [28/Mar/2024:01:32:54 -0500] "HEAD /pub/stats/ HTTP/1.0" 200 -1 "https://prodroiders.net/" "Mozilla/5.0 (compatible; Googlebot/2.1; +http://www.google.com/bot.html)"
79.137.204.186 - - [28/Mar/2024:01:32:54 -0500] "GET /pub/Stats/usage_202403.html HTTP/1.0" 200 113898 "https://korpus-mebli.com.ua/" "Mozilla/5.0 (Windows NT 10.0; Win64; x64) AppleWebKit/537.36 (KHTML, like Gecko) Chrome/114.0.5735.289 Safari/537.36"
46.22.51.77 - - [28/Mar/2024:01:32:56 -0500] "GET / HTTP/1.1" 200 -1 "https://wmusor.ru/" "Mozilla/5.0 (Windows NT 6.3; WOW64) AppleWebKit/537.36 (KHTML, like Gecko) Chrome/87.0.4280.88 YaBrowser/20.12.2.105 Yowser/2.5 Safari/537.36"
136.243.13.183 - - [28/Mar/2024:01:33:01 -0500] "HEAD /pub/stats/ HTTP/1.0" 200 -1 "https://vzlomannye-igry-na-android.net/" "Mozilla/5.0 (compatible; Googlebot/2.1; +http://www.google.com/bot.html)"
136.243.13.183 - - [28/Mar/2024:01:33:01 -0500] "HEAD /pub/stats/ HTTP/1.0" 200 -1 "https://vzlomannye-igry-na-android.net/" "Mozilla/5.0 (compatible; Googlebot/2.1; +http://www.google.com/bot.html)"
136.243.13.183 - - [28/Mar/2024:01:33:01 -0500] "HEAD /pub/stats/ HTTP/1.0" 200 -1 "https://vzlomannye-igry-na-android.net/" "Mozilla/5.0 (compatible; Googlebot/2.1; +http://www.google.com/bot.html)"
136.243.13.183 - - [28/Mar/2024:01:33:02 -0500] "HEAD /pub/stats/ HTTP/1.0" 200 -1 "https://pdatop.net/" "Mozilla/5.0 (compatible; Googlebot/2.1; +http://www.google.com/bot.html)"
136.243.13.183 - - [28/Mar/2024:01:33:02 -0500] "HEAD /pub/stats/ HTTP/1.0" 200 -1 "https://pdatop.net/" "Mozilla/5.0 (compatible; Googlebot/2.1; +http://www.google.com/bot.html)"
136.243.13.183 - - [28/Mar/2024:01:33:02 -0500] "HEAD /pub/stats/ HTTP/1.0" 200 -1 "https://pdatop.net/" "Mozilla/5.0 (compatible; Googlebot/2.1; +http://www.google.com/bot.html)"
46.22.51.77 - - [28/Mar/2024:01:33:03 -0500] "GET / HTTP/1.1" 200 -1 "https://vesti.spb.ru/" "Mozilla/5.0 (Windows NT 6.1; WOW64) AppleWebKit/537.36 (KHTML, like Gecko) Chrome/88.0.4324.41 YaBrowser/21.2.0.1099 Yowser/2.5 Safari/537.36"
95.216.227.15 - - [28/Mar/2024:01:33:08 -0500] "GET /pub/Stats/usage_202403.html HTTP/1.0" 200 113898 "https://kraken30at.com" "Mozilla/5.0 (Windows NT 10.0; Win64; x64) AppleWebKit/537.36 (KHTML, like Gecko) Chrome/112.0.0.0 Safari/537.36"
31.184.236.45 - - [28/Mar/2024:01:33:10 -0500] "GET /AdminBookMarks.htm HTTP/1.0" 200 22075 "http://pcexpress.theolddub.com/AdminBookMarks.htm" "Mozilla/5.0 (Windows NT 6.3; Win64; x64) AppleWebKit/537.36 (KHTML, like Gecko) Chrome/103.0.5060.66 Safari/537.36"
95.216.227.15 - - [28/Mar/2024:01:33:11 -0500] "GET /pub/Stats/usage_202403.html HTTP/1.0" 200 113898 "https://kraken30at.com" "Mozilla/5.0 (Windows NT 10.0; Win64; x64) AppleWebKit/537.36 (KHTML, like Gecko) Chrome/120.0.0.0 Safari/537.36"
95.216.227.15 - - [28/Mar/2024:01:33:14 -0500] "GET /pub/Stats/usage_202403.html HTTP/1.0" 200 113898 "https://kraken30at.com" "Mozilla/5.0 (Windows NT 10.0; Win64; x64) AppleWebKit/537.36 (KHTML, like Gecko) Chrome/117.0.5938.132 Safari/537.36"
37.139.53.88 - - [28/Mar/2024:01:33:23 -0500] "GET /pub/Stats/usage_202403.html HTTP/1.0" 200 113898 "https://www.bigsexvideo.tube/" "Mozilla/5.0 (Windows NT 6.1; Win64; x64) AppleWebKit/537.36 (KHTML, like Gecko) Chrome/114.0.5735.289 Safari/537.36"
46.22.51.77 - - [28/Mar/2024:01:33:24 -0500] "GET / HTTP/1.1" 200 -1 "https://sigs.ru/" "Mozilla/5.0 (Windows NT 10.0; WOW64) AppleWebKit/537.36 (KHTML, like Gecko) Chrome/54.0.2840.99 Safari/537.36"
176.79.190.245 - - [28/Mar/2024:01:33:26 -0500] "HEAD / HTTP/1.0" 200 -1 "https://vitannya.net" "Mozilla/5.0 (compatible; Googlebot/2.1; +http://www.google.com/bot.html)"
176.79.190.245 - - [28/Mar/2024:01:33:26 -0500] "HEAD / HTTP/1.0" 200 -1 "https://topvitannya.net.ua" "Mozilla/5.0 (compatible; Googlebot/2.1; +http://www.google.com/bot.html)"
176.79.190.245 - - [28/Mar/2024:01:33:26 -0500] "HEAD / HTTP/1.0" 200 -1 "https://topvitannya.net.ua" "Mozilla/5.0 (compatible; Googlebot/2.1; +http://www.google.com/bot.html)"
176.79.190.245 - - [28/Mar/2024:01:33:26 -0500] "HEAD / HTTP/1.0" 200 -1 "https://topvitannya.net.ua" "Mozilla/5.0 (compatible; Googlebot/2.1; +http://www.google.com/bot.html)"
176.79.190.245 - - [28/Mar/2024:01:33:26 -0500] "HEAD / HTTP/1.0" 200 -1 "https://topvitannya.net.ua" "Mozilla/5.0 (compatible; Googlebot/2.1; +http://www.google.com/bot.html)"
176.79.190.245 - - [28/Mar/2024:01:33:26 -0500] "HEAD / HTTP/1.0" 200 -1 "https://topvitannya.net.ua" "Mozilla/5.0 (compatible; Googlebot/2.1; +http://www.google.com/bot.html)"
176.79.190.245 - - [28/Mar/2024:01:33:26 -0500] "HEAD / HTTP/1.0" 200 -1 "https://topvitannya.net.ua" "Mozilla/5.0 (compatible; Googlebot/2.1; +http://www.google.com/bot.html)"
176.79.190.245 - - [28/Mar/2024:01:33:26 -0500] "HEAD / HTTP/1.0" 200 -1 "https://topvitannya.net.ua" "Mozilla/5.0 (compatible; Googlebot/2.1; +http://www.google.com/bot.html)"
176.79.190.245 - - [28/Mar/2024:01:33:26 -0500] "HEAD / HTTP/1.0" 200 -1 "https://topvitannya.net.ua" "Mozilla/5.0 (compatible; Googlebot/2.1; +http://www.google.com/bot.html)"
176.79.190.245 - - [28/Mar/2024:01:33:26 -0500] "HEAD / HTTP/1.0" 200 -1 "https://topvitannya.net.ua" "Mozilla/5.0 (compatible; Googlebot/2.1; +http://www.google.com/bot.html)"
176.79.190.245 - - [28/Mar/2024:01:33:26 -0500] "HEAD / HTTP/1.0" 200 -1 "https://topvitannya.net.ua" "Mozilla/5.0 (compatible; Googlebot/2.1; +http://www.google.com/bot.html)"
176.79.190.245 - - [28/Mar/2024:01:33:26 -0500] "HEAD / HTTP/1.0" 200 -1 "https://topvitannya.net.ua" "Mozilla/5.0 (compatible; Googlebot/2.1; +http://www.google.com/bot.html)"
176.79.190.245 - - [28/Mar/2024:01:33:26 -0500] "HEAD / HTTP/1.0" 200 -1 "https://citata.net.ua" "Mozilla/5.0 (compatible; Googlebot/2.1; +http://www.google.com/bot.html)"
176.79.190.245 - - [28/Mar/2024:01:33:26 -0500] "HEAD / HTTP/1.0" 200 -1 "https://topvitannya.net.ua" "Mozilla/5.0 (compatible; Googlebot/2.1; +http://www.google.com/bot.html)"
176.79.190.245 - - [28/Mar/2024:01:33:26 -0500] "HEAD / HTTP/1.0" 200 -1 "https://topvitannya.net.ua" "Mozilla/5.0 (compatible; Googlebot/2.1; +http://www.google.com/bot.html)"
176.79.190.245 - - [28/Mar/2024:01:33:26 -0500] "HEAD / HTTP/1.0" 200 -1 "https://topvitannya.net.ua" "Mozilla/5.0 (compatible; Googlebot/2.1; +http://www.google.com/bot.html)"
176.79.190.245 - - [28/Mar/2024:01:33:26 -0500] "HEAD / HTTP/1.0" 200 -1 "https://topvitannya.net.ua" "Mozilla/5.0 (compatible; Googlebot/2.1; +http://www.google.com/bot.html)"
176.79.190.245 - - [28/Mar/2024:01:33:26 -0500] "HEAD / HTTP/1.0" 200 -1 "https://topvitannya.net.ua" "Mozilla/5.0 (compatible; Googlebot/2.1; +http://www.google.com/bot.html)"
176.79.190.245 - - [28/Mar/2024:01:33:26 -0500] "HEAD / HTTP/1.0" 200 -1 "https://topvitannya.net.ua" "Mozilla/5.0 (compatible; Googlebot/2.1; +http://www.google.com/bot.html)"
176.79.190.245 - - [28/Mar/2024:01:33:26 -0500] "HEAD / HTTP/1.0" 200 -1 "https://topvitannya.net.ua" "Mozilla/5.0 (compatible; Googlebot/2.1; +http://www.google.com/bot.html)"
37.139.53.88 - - [28/Mar/2024:01:33:26 -0500] "GET /pub/Stats/usage_202403.html HTTP/1.0" 200 113898 "https://www.bigsexvideo.tube/" "Mozilla/5.0 (Windows NT 10.0; Win64; x64) AppleWebKit/537.36 (KHTML, like Gecko) Chrome/122.0.0.0 Safari/537.36"
176.79.190.245 - - [28/Mar/2024:01:33:28 -0500] "HEAD / HTTP/1.0" 200 -1 "https://topvitannya.net.ua" "Mozilla/5.0 (compatible; Googlebot/2.1; +http://www.google.com/bot.html)"
37.139.53.88 - - [28/Mar/2024:01:33:29 -0500] "GET /pub/Stats/usage_202403.html HTTP/1.0" 200 113898 "https://www.bigsexvideo.tube/" "Mozilla/5.0 (Windows NT 10.0; Win64; x64) AppleWebKit/537.36 (KHTML, like Gecko) Chrome/122.0.0.0 Safari/537.36"
46.22.51.77 - - [28/Mar/2024:01:33:33 -0500] "GET / HTTP/1.1" 200 -1 "https://autoportal24.ru/" "Mozilla/5.0 (Windows NT 6.3; Win64; x64; rv:85.0) Gecko/20100101 Firefox/85.0"
46.22.51.77 - - [28/Mar/2024:01:33:38 -0500] "GET / HTTP/1.1" 200 -1 "https://sigs.ru/" "Mozilla/5.0 (Windows NT 10.0; Win64; x64; rv:66.0) Gecko/20100101 Firefox/66.0"
136.243.13.183 - - [28/Mar/2024:01:33:44 -0500] "HEAD /pub/stats/ HTTP/1.0" 200 -1 "https://vzlomannye-igry-dlya-android.net/" "Mozilla/5.0 (compatible; Googlebot/2.1; +http://www.google.com/bot.html)"
136.243.13.183 - - [28/Mar/2024:01:33:45 -0500] "HEAD /pub/stats/ HTTP/1.0" 200 -1 "https://vzlomannye-igry-dlya-android.net/" "Mozilla/5.0 (compatible; Googlebot/2.1; +http://www.google.com/bot.html)"
136.243.13.183 - - [28/Mar/2024:01:33:45 -0500] "HEAD /pub/stats/ HTTP/1.0" 200 -1 "https://vzlomannye-igry-dlya-android.net/" "Mozilla/5.0 (compatible; Googlebot/2.1; +http://www.google.com/bot.html)"
136.243.13.183 - - [28/Mar/2024:01:33:48 -0500] "HEAD /pub/stats/ HTTP/1.0" 200 -1 "https://coloriage-carnaval.com/" "Mozilla/5.0 (compatible; Googlebot/2.1; +http://www.google.com/bot.html)"
136.243.13.183 - - [28/Mar/2024:01:33:48 -0500] "HEAD /pub/stats/ HTTP/1.0" 200 -1 "https://coloriage-carnaval.com/" "Mozilla/5.0 (compatible; Googlebot/2.1; +http://www.google.com/bot.html)"
136.243.13.183 - - [28/Mar/2024:01:33:48 -0500] "HEAD /pub/stats/ HTTP/1.0" 200 -1 "https://coloriage-carnaval.com/" "Mozilla/5.0 (compatible; Googlebot/2.1; +http://www.google.com/bot.html)"
136.243.13.183 - - [28/Mar/2024:01:33:48 -0500] "HEAD /pub/stats/ HTTP/1.0" 200 -1 "https://fitness-crimea.ru/" "Mozilla/5.0 (compatible; Googlebot/2.1; +http://www.google.com/bot.html)"
136.243.13.183 - - [28/Mar/2024:01:33:48 -0500] "HEAD /pub/stats/ HTTP/1.0" 200 -1 "https://fitness-crimea.ru/" "Mozilla/5.0 (compatible; Googlebot/2.1; +http://www.google.com/bot.html)"
136.243.13.183 - - [28/Mar/2024:01:33:48 -0500] "HEAD /pub/stats/ HTTP/1.0" 200 -1 "https://fitness-crimea.ru/" "Mozilla/5.0 (compatible; Googlebot/2.1; +http://www.google.com/bot.html)"
136.243.13.183 - - [28/Mar/2024:01:33:48 -0500] "HEAD /pub/stats/ HTTP/1.0" 200 -1 "https://apkstorage.net/" "Mozilla/5.0 (compatible; Googlebot/2.1; +http://www.google.com/bot.html)"
136.243.13.183 - - [28/Mar/2024:01:33:49 -0500] "HEAD /pub/stats/ HTTP/1.0" 200 -1 "https://apkstorage.net/" "Mozilla/5.0 (compatible; Googlebot/2.1; +http://www.google.com/bot.html)"
136.243.13.183 - - [28/Mar/2024:01:33:49 -0500] "HEAD /pub/stats/ HTTP/1.0" 200 -1 "https://apkstorage.net/" "Mozilla/5.0 (compatible; Googlebot/2.1; +http://www.google.com/bot.html)"
46.22.51.77 - - [28/Mar/2024:01:34:00 -0500] "GET / HTTP/1.1" 200 -1 "https://autoportal24.ru/" "Mozilla/5.0 (Windows NT 10.0; WOW64) AppleWebKit/537.36 (KHTML, like Gecko) Chrome/67.0.3396.87 Safari/537.36"
46.22.51.77 - - [28/Mar/2024:01:34:11 -0500] "GET / HTTP/1.1" 200 -1 "https://top-chat24.ru/" "Mozilla/5.0 (Windows NT 10.0; Win64; x64) AppleWebKit/537.36 (KHTML, like Gecko) Chrome/88.0.4324.150 Safari/537.36 OPR/74.0.3911.107"
5.42.65.70 - - [28/Mar/2024:01:34:20 -0500] "GET /pub/Stats/usage_202403.html HTTP/1.0" 200 113898 "https://xn--megab-mdb.com" "Mozilla/5.0 (Windows NT 6.1; WOW64) AppleWebKit/537.36 (KHTML, like Gecko) Chrome/103.0.0.0 Safari/537.36"
46.22.51.77 - - [28/Mar/2024:01:34:22 -0500] "GET / HTTP/1.1" 200 -1 "https://sigs.ru/" "Mozilla/5.0 (Windows NT 10.0; Win64; x64) AppleWebKit/537.36 (KHTML, like Gecko) Chrome/92.0.4515.131 Safari/537.36 OPR/78.0.4093.147"
95.216.227.15 - - [28/Mar/2024:01:34:26 -0500] "GET /pub/Stats/usage_202403.html HTTP/1.0" 200 113898 "https://xn--krkn-xva44n.com" "Mozilla/5.0 (Windows NT 6.1; Win64; x64) AppleWebKit/537.36 (KHTML, like Gecko) Chrome/114.0.5735.289 Safari/537.36"
95.216.227.15 - - [28/Mar/2024:01:34:29 -0500] "GET /pub/Stats/usage_202403.html HTTP/1.0" 200 113898 "https://vk9at.com" "Mozilla/5.0 (Windows NT 10.0; Win64; x64) AppleWebKit/537.36 (KHTML, like Gecko) Chrome/120.0.0.0 Iron Safari/537.36"
46.22.51.77 - - [28/Mar/2024:01:34:30 -0500] "GET / HTTP/1.1" 200 -1 "https://wmusor.ru/" "Mozilla/5.0 (X11; Linux x86_64) AppleWebKit/537.36 (KHTML, like Gecko) Chrome/65.0.3325.183 Safari/537.36 Vivaldi/1.96.1137.3"
95.216.227.15 - - [28/Mar/2024:01:34:33 -0500] "GET /pub/Stats/usage_202403.html HTTP/1.0" 200 113898 "https://krakenat.com" "Mozilla/5.0 (Windows NT 10.0; Win64; x64) AppleWebKit/537.36 (KHTML, like Gecko) Chrome/114.0.5735.289 Safari/537.36"
46.22.51.77 - - [28/Mar/2024:01:34:45 -0500] "GET / HTTP/1.1" 200 -1 "https://wmusor.ru/" "Mozilla/5.0 (Windows NT 10.0; WOW64) AppleWebKit/537.36 (KHTML, like Gecko) Chrome/90.0.4430.216 YaBrowser/21.5.4.610 Yowser/2.5 Safari/537.36"
46.22.51.77 - - [28/Mar/2024:01:34:54 -0500] "GET / HTTP/1.1" 200 -1 "https://sigs.ru/" "Mozilla/5.0 (Windows NT 6.3; WOW64; rv:59.0) Gecko/20100101 Firefox/59.0"
46.22.51.77 - - [28/Mar/2024:01:34:57 -0500] "GET / HTTP/1.1" 200 -1 "https://autoportal24.ru/" "Mozilla/5.0 (Windows NT 10.0; Win64; x64; rv:92.0) Gecko/20100101 Firefox/92.0"
46.22.51.77 - - [28/Mar/2024:01:35:02 -0500] "GET / HTTP/1.1" 200 -1 "https://vesti.spb.ru/" "Mozilla/5.0 (Windows NT 6.1; Win64; x64; rv:78.0) Gecko/20100101 Firefox/78.0"
46.22.51.77 - - [28/Mar/2024:01:35:04 -0500] "GET / HTTP/1.1" 200 -1 "https://autoportal24.ru/" "Mozilla/5.0 (Windows NT 10.0; Win64; x64; rv:80.0) Gecko/20100101 Firefox/80.0"
31.184.236.45 - - [28/Mar/2024:01:35:06 -0500] "GET /AdminBookMarks.htm HTTP/1.0" 200 22075 "http://pcexpress.theolddub.com/AdminBookMarks.htm" "Mozilla/5.0 (Windows NT 6.3; Win64; x64) AppleWebKit/537.36 (KHTML, like Gecko) Chrome/103.0.5060.66 Safari/537.36"
37.139.53.88 - - [28/Mar/2024:01:35:06 -0500] "GET /pub/Stats/usage_202403.html HTTP/1.0" 200 113898 "https://www.bigsexvideo.tube/" "Mozilla/5.0 (Windows NT 11.0; WOW64) AppleWebKit/537.36 (KHTML, like Gecko) Chrome/114.0.5814.214 Safari/537.36"
46.22.51.77 - - [28/Mar/2024:01:35:07 -0500] "GET / HTTP/1.1" 200 -1 "https://top-chat24.ru/" "Mozilla/5.0 (Windows NT 10.0; WOW64) AppleWebKit/537.36 (KHTML, like Gecko) Chrome/85.0.4183.102 YaBrowser/20.9.2.101 Yowser/2.5 Safari/537.36"
37.139.53.88 - - [28/Mar/2024:01:35:09 -0500] "GET /pub/Stats/usage_202403.html HTTP/1.0" 200 113898 "https://www.bigsexvideo.tube/" "Mozilla/5.0 (Windows NT 6.3; Win64; x64) AppleWebKit/537.36 (KHTML, like Gecko) Chrome/113.0.0.0 Safari/537.36"
37.139.53.88 - - [28/Mar/2024:01:35:12 -0500] "GET /pub/Stats/usage_202403.html HTTP/1.0" 200 113898 "https://www.bigsexvideo.tube/" "Mozilla/5.0 (Windows NT 10.0) AppleWebKit/537.36 (KHTML, like Gecko) Chrome/110.0.0.0 Safari/537.36"
46.22.51.77 - - [28/Mar/2024:01:35:18 -0500] "GET / HTTP/1.1" 200 -1 "https://top-chat24.ru/" "Mozilla/5.0 (Windows NT 6.1; Win64; x64) AppleWebKit/537.36 (KHTML, like Gecko) Chrome/90.0.4430.72 Safari/537.36"
46.22.51.77 - - [28/Mar/2024:01:35:29 -0500] "GET / HTTP/1.1" 200 -1 "https://wmusor.ru/" "Mozilla/5.0 (Windows NT 6.3; Win64; x64) AppleWebKit/537.36 (KHTML, like Gecko) Chrome/89.0.4389.90 Safari/537.36"
176.79.190.245 - - [28/Mar/2024:01:35:31 -0500] "HEAD / HTTP/1.0" 200 -1 "https://citata.net.ua" "Mozilla/5.0 (compatible; Googlebot/2.1; +http://www.google.com/bot.html)"
176.79.190.245 - - [28/Mar/2024:01:35:31 -0500] "HEAD / HTTP/1.0" 200 -1 "https://citata.net.ua" "Mozilla/5.0 (compatible; Googlebot/2.1; +http://www.google.com/bot.html)"
176.79.190.245 - - [28/Mar/2024:01:35:31 -0500] "HEAD / HTTP/1.0" 200 -1 "https://citata.net.ua" "Mozilla/5.0 (compatible; Googlebot/2.1; +http://www.google.com/bot.html)"
176.79.190.245 - - [28/Mar/2024:01:35:31 -0500] "HEAD / HTTP/1.0" 200 -1 "https://citata.net.ua" "Mozilla/5.0 (compatible; Googlebot/2.1; +http://www.google.com/bot.html)"
176.79.190.245 - - [28/Mar/2024:01:35:31 -0500] "HEAD / HTTP/1.0" 200 -1 "https://citata.net.ua" "Mozilla/5.0 (compatible; Googlebot/2.1; +http://www.google.com/bot.html)"
176.79.190.245 - - [28/Mar/2024:01:35:31 -0500] "HEAD / HTTP/1.0" 200 -1 "https://citata.net.ua" "Mozilla/5.0 (compatible; Googlebot/2.1; +http://www.google.com/bot.html)"
176.79.190.245 - - [28/Mar/2024:01:35:31 -0500] "HEAD / HTTP/1.0" 200 -1 "https://citata.net.ua" "Mozilla/5.0 (compatible; Googlebot/2.1; +http://www.google.com/bot.html)"
176.79.190.245 - - [28/Mar/2024:01:35:31 -0500] "HEAD / HTTP/1.0" 200 -1 "https://mammedia.com.ua" "Mozilla/5.0 (compatible; Googlebot/2.1; +http://www.google.com/bot.html)"
176.79.190.245 - - [28/Mar/2024:01:35:31 -0500] "HEAD / HTTP/1.0" 200 -1 "https://citata.net.ua" "Mozilla/5.0 (compatible; Googlebot/2.1; +http://www.google.com/bot.html)"
176.79.190.245 - - [28/Mar/2024:01:35:31 -0500] "HEAD / HTTP/1.0" 200 -1 "https://citata.net.ua" "Mozilla/5.0 (compatible; Googlebot/2.1; +http://www.google.com/bot.html)"
176.79.190.245 - - [28/Mar/2024:01:35:31 -0500] "HEAD / HTTP/1.0" 200 -1 "https://citata.net.ua" "Mozilla/5.0 (compatible; Googlebot/2.1; +http://www.google.com/bot.html)"
176.79.190.245 - - [28/Mar/2024:01:35:31 -0500] "HEAD / HTTP/1.0" 200 -1 "https://citata.net.ua" "Mozilla/5.0 (compatible; Googlebot/2.1; +http://www.google.com/bot.html)"
176.79.190.245 - - [28/Mar/2024:01:35:31 -0500] "HEAD / HTTP/1.0" 200 -1 "https://vitannya.net" "Mozilla/5.0 (compatible; Googlebot/2.1; +http://www.google.com/bot.html)"
176.79.190.245 - - [28/Mar/2024:01:35:31 -0500] "HEAD / HTTP/1.0" 200 -1 "https://citata.net.ua" "Mozilla/5.0 (compatible; Googlebot/2.1; +http://www.google.com/bot.html)"
176.79.190.245 - - [28/Mar/2024:01:35:31 -0500] "HEAD / HTTP/1.0" 200 -1 "https://citata.net.ua" "Mozilla/5.0 (compatible; Googlebot/2.1; +http://www.google.com/bot.html)"
176.79.190.245 - - [28/Mar/2024:01:35:31 -0500] "HEAD / HTTP/1.0" 200 -1 "https://citata.net.ua" "Mozilla/5.0 (compatible; Googlebot/2.1; +http://www.google.com/bot.html)"
176.79.190.245 - - [28/Mar/2024:01:35:31 -0500] "HEAD / HTTP/1.0" 200 -1 "https://citata.net.ua" "Mozilla/5.0 (compatible; Googlebot/2.1; +http://www.google.com/bot.html)"
176.79.190.245 - - [28/Mar/2024:01:35:31 -0500] "HEAD / HTTP/1.0" 200 -1 "https://citata.net.ua" "Mozilla/5.0 (compatible; Googlebot/2.1; +http://www.google.com/bot.html)"
176.79.190.245 - - [28/Mar/2024:01:35:31 -0500] "HEAD / HTTP/1.0" 200 -1 "https://citata.net.ua" "Mozilla/5.0 (compatible; Googlebot/2.1; +http://www.google.com/bot.html)"
176.79.190.245 - - [28/Mar/2024:01:35:31 -0500] "HEAD / HTTP/1.0" 200 -1 "https://citata.net.ua" "Mozilla/5.0 (compatible; Googlebot/2.1; +http://www.google.com/bot.html)"
176.79.190.245 - - [28/Mar/2024:01:35:31 -0500] "HEAD / HTTP/1.0" 200 -1 "https://citata.net.ua" "Mozilla/5.0 (compatible; Googlebot/2.1; +http://www.google.com/bot.html)"
46.22.51.77 - - [28/Mar/2024:01:35:33 -0500] "GET / HTTP/1.1" 200 -1 "https://autoportal24.ru/" "Mozilla/5.0 (Macintosh; Intel Mac OS X 10_15_7) AppleWebKit/537.36 (KHTML, like Gecko) Chrome/91.0.4472.114 Safari/537.36"
46.22.51.77 - - [28/Mar/2024:01:35:33 -0500] "GET / HTTP/1.1" 200 -1 "https://sigs.ru/" "Mozilla/5.0 (Windows NT 10.0; Win64; x64) AppleWebKit/537.36 (KHTML, like Gecko) Chrome/87.0.4280.88 Safari/537.36 OPR/73.0.3856.329"
46.22.51.77 - - [28/Mar/2024:01:35:44 -0500] "GET / HTTP/1.1" 200 -1 "https://top-chat24.ru/" "Mozilla/5.0 (Windows NT 10.0; WOW64) AppleWebKit/537.36 (KHTML, like Gecko) Chrome/81.0.4044.138 YaBrowser/20.4.2.197 Yowser/2.5 Yptp/1.23 Safari/537.36"
95.216.227.15 - - [28/Mar/2024:01:35:44 -0500] "GET /pub/Stats/usage_202403.html HTTP/1.0" 200 113898 "https://vk9at.com" "Mozilla/5.0 (Windows NT 6.1; Win64; x64) AppleWebKit/537.36 (KHTML, like Gecko) Chrome/114.0.5735.289 Safari/537.36"
46.22.51.77 - - [28/Mar/2024:01:35:47 -0500] "GET / HTTP/1.1" 200 -1 "https://sigs.ru/" "Mozilla/5.0 (Windows NT 6.1; Win64; x64) AppleWebKit/537.36 (KHTML, like Gecko) Chrome/85.0.4183.121 Safari/537.36 OPR/71.0.3770.228"
95.216.227.15 - - [28/Mar/2024:01:35:47 -0500] "GET /pub/Stats/usage_202403.html HTTP/1.0" 200 113898 "https://krakenat.com" "Mozilla/5.0 (Windows NT 10.0; Win64; x64) AppleWebKit/537.36 (KHTML, like Gecko) Chrome/121.0.0.0 Safari/537.36"
95.216.227.15 - - [28/Mar/2024:01:35:50 -0500] "GET /pub/Stats/usage_202403.html HTTP/1.0" 200 113898 "https://xn--k1-h2s.com" "Mozilla/5.0 (Windows NT 10.0; Win64; x64) AppleWebKit/537.36 (KHTML, like Gecko) Chrome/121.0.0.0 Safari/537.36"
46.22.51.77 - - [28/Mar/2024:01:35:51 -0500] "GET / HTTP/1.1" 200 -1 "https://vesti.spb.ru/" "Mozilla/5.0 (Windows NT 6.1; Win64; x64) AppleWebKit/537.36 (KHTML, like Gecko) Chrome/83.0.4103.116 YaBrowser/20.7.3.100 Yowser/2.5 Safari/537.36"
46.22.51.77 - - [28/Mar/2024:01:35:55 -0500] "GET / HTTP/1.1" 200 -1 "https://top-chat24.ru/" "Mozilla/5.0 (Windows NT 6.1; Win64; x64) AppleWebKit/537.36 (KHTML, like Gecko) Chrome/88.0.4324.152 YaBrowser/21.2.3.100 Yowser/2.5 Safari/537.36"
46.22.51.77 - - [28/Mar/2024:01:36:00 -0500] "GET / HTTP/1.1" 200 -1 "https://wmusor.ru/" "Mozilla/5.0 (Windows NT 6.1; Win64; x64) AppleWebKit/537.36 (KHTML, like Gecko) Chrome/81.0.4044.138 YaBrowser/20.6.2.195 Yowser/2.5 Safari/537.36"
46.22.51.77 - - [28/Mar/2024:01:36:20 -0500] "GET / HTTP/1.1" 200 -1 "https://vesti.spb.ru/" "Mozilla/5.0 (X11; Linux x86_64) AppleWebKit/537.36 (KHTML, like Gecko) Chrome/66.0.3359.106 Safari/537.36"
46.22.51.77 - - [28/Mar/2024:01:36:23 -0500] "GET / HTTP/1.1" 200 -1 "https://autoportal24.ru/" "Mozilla/5.0 (Windows NT 6.3; Win64; x64) AppleWebKit/537.36 (KHTML, like Gecko) Chrome/85.0.4183.102 Safari/537.36"
46.22.51.77 - - [28/Mar/2024:01:36:31 -0500] "GET / HTTP/1.1" 200 -1 "https://sigs.ru/" "Mozilla/5.0 (Windows NT 10.0; Win64; x64) AppleWebKit/537.36 (KHTML, like Gecko) Chrome/89.0.4389.128 Safari/537.36 OPR/75.0.3969.218"
52.167.144.184 - - [28/Mar/2024:01:36:32 -0500] "GET /calculators/leasetime.htm HTTP/1.1" 200 4759 "" "Mozilla/5.0 AppleWebKit/537.36 (KHTML, like Gecko; compatible; bingbot/2.0; +http://www.bing.com/bingbot.htm) Chrome/116.0.1938.76 Safari/537.36"
79.137.204.186 - - [28/Mar/2024:01:36:37 -0500] "GET /pub/Stats/usage_202403.html HTTP/1.0" 200 113898 "https://korpus-mebli.com.ua/" "Mozilla/5.0 (Windows NT 10.0; Win64; x64) AppleWebKit/537.36 (KHTML, like Gecko) Chrome/120.0.0.0 Iron Safari/537.36"
79.137.204.186 - - [28/Mar/2024:01:36:41 -0500] "GET /pub/Stats/usage_202403.html HTTP/1.0" 200 113898 "https://korpus-mebli.com.ua/" "Mozilla/5.0 (Windows NT 10.0; Win64; x64) AppleWebKit/537.36 (KHTML, like Gecko) Chrome/122.0.0.0 Safari/537.36"
79.137.204.186 - - [28/Mar/2024:01:36:45 -0500] "GET /pub/Stats/usage_202403.html HTTP/1.0" 200 113898 "https://korpus-mebli.com.ua/" "Mozilla/5.0 (Windows NT 10.0; Win64; x64) AppleWebKit/537.36 (KHTML, like Gecko) Chrome/120.0.0.0 Iron Safari/537.36"
37.139.53.88 - - [28/Mar/2024:01:36:49 -0500] "GET /pub/Stats/usage_202403.html HTTP/1.0" 200 113898 "https://www.bigsexvideo.tube/" "Mozilla/5.0 (Windows NT 6.1; Win64; x64) AppleWebKit/537.36 (KHTML, like Gecko) Chrome/109.0.0.0 Safari/537.36"
37.139.53.88 - - [28/Mar/2024:01:36:53 -0500] "GET /pub/Stats/usage_202403.html HTTP/1.0" 200 113898 "https://www.bigsexvideo.tube/" "Mozilla/5.0 (Windows NT 6.1; Win64; x64) AppleWebKit/537.36 (KHTML, like Gecko) Chrome/108.0.0.0 Safari/537.36"
46.22.51.77 - - [28/Mar/2024:01:36:55 -0500] "GET / HTTP/1.1" 200 -1 "https://vesti.spb.ru/" "Mozilla/5.0 (Windows NT 6.1; Win64; x64) AppleWebKit/537.36 (KHTML, like Gecko) Chrome/87.0.4280.88 Safari/537.36 OPR/73.0.3856.284"
37.139.53.88 - - [28/Mar/2024:01:36:56 -0500] "GET /pub/Stats/usage_202403.html HTTP/1.0" 200 113898 "https://www.bigsexvideo.tube/" "Mozilla/5.0 (Windows NT 10.0; Win64; x64) AppleWebKit/537.36 (KHTML, like Gecko) Chrome/120.0.6099.71 Safari/537.36"
46.22.51.77 - - [28/Mar/2024:01:36:56 -0500] "GET / HTTP/1.1" 200 -1 "https://wmusor.ru/" "Mozilla/5.0 (Windows NT 10.0; Win64; x64) AppleWebKit/537.36 (KHTML, like Gecko) Chrome/63.0.3239.132 Safari/537.36"
95.216.227.15 - - [28/Mar/2024:01:37:02 -0500] "GET /pub/Stats/usage_202403.html HTTP/1.0" 200 113898 "https://xn--k1-h2s.com" "Mozilla/5.0 (Windows NT 11.0; WOW64) AppleWebKit/537.36 (KHTML, like Gecko) Chrome/114.0.5814.214 Safari/537.36"
46.22.51.77 - - [28/Mar/2024:01:37:05 -0500] "GET / HTTP/1.1" 200 -1 "https://autoportal24.ru/" "Mozilla/5.0 (Windows NT 10.0; WOW64) AppleWebKit/537.36 (KHTML, like Gecko) Chrome/92.0.4515.131 Safari/537.36"
95.216.227.15 - - [28/Mar/2024:01:37:06 -0500] "GET /pub/Stats/usage_202403.html HTTP/1.0" 200 113898 "https://xn--krkn-xva44n.com" "Mozilla/5.0 (Windows NT 10.0; Win64; x64) AppleWebKit/537.36 (KHTML, like Gecko) Chrome/122.0.0.0 Safari/537.36"
95.216.227.15 - - [28/Mar/2024:01:37:09 -0500] "GET /pub/Stats/usage_202403.html HTTP/1.0" 200 113898 "https://xn--k1-h2s.com" "Mozilla/5.0 (Windows NT 10.0; Win64; x64) AppleWebKit/537.36 (KHTML, like Gecko) Chrome/120.0.0.0 Safari/537.36"
136.243.13.183 - - [28/Mar/2024:01:37:11 -0500] "HEAD /pub/stats/ HTTP/1.0" 200 -1 "https://www.mobilecards.com.ua/" "Mozilla/5.0 (compatible; Googlebot/2.1; +http://www.google.com/bot.html)"
136.243.13.183 - - [28/Mar/2024:01:37:11 -0500] "HEAD /pub/stats/ HTTP/1.0" 200 -1 "https://www.mobilecards.com.ua/" "Mozilla/5.0 (compatible; Googlebot/2.1; +http://www.google.com/bot.html)"
136.243.13.183 - - [28/Mar/2024:01:37:11 -0500] "HEAD /pub/stats/ HTTP/1.0" 200 -1 "https://www.mobilecards.com.ua/" "Mozilla/5.0 (compatible; Googlebot/2.1; +http://www.google.com/bot.html)"
5.42.65.70 - - [28/Mar/2024:01:37:20 -0500] "GET /pub/Stats/usage_202403.html HTTP/1.0" 200 113898 "https://xn--megab-mdb.com" "Mozilla/5.0 (Windows NT 6.1; Win64; x64) AppleWebKit/537.36 (KHTML, like Gecko) Chrome/103.0.0.0 Safari/537.36"
46.22.51.77 - - [28/Mar/2024:01:37:31 -0500] "GET / HTTP/1.1" 200 -1 "https://wmusor.ru/" "Mozilla/5.0 (Windows NT 6.3; WOW64) AppleWebKit/537.36 (KHTML, like Gecko) Chrome/83.0.4103.61 Safari/537.36"
176.79.190.245 - - [28/Mar/2024:01:37:32 -0500] "HEAD / HTTP/1.0" 200 -1 "https://vitannya.net" "Mozilla/5.0 (compatible; Googlebot/2.1; +http://www.google.com/bot.html)"
176.79.190.245 - - [28/Mar/2024:01:37:32 -0500] "HEAD / HTTP/1.0" 200 -1 "https://vitannya.net" "Mozilla/5.0 (compatible; Googlebot/2.1; +http://www.google.com/bot.html)"
176.79.190.245 - - [28/Mar/2024:01:37:32 -0500] "HEAD / HTTP/1.0" 200 -1 "https://vitannya.net" "Mozilla/5.0 (compatible; Googlebot/2.1; +http://www.google.com/bot.html)"
176.79.190.245 - - [28/Mar/2024:01:37:32 -0500] "HEAD / HTTP/1.0" 200 -1 "https://vitannya.net" "Mozilla/5.0 (compatible; Googlebot/2.1; +http://www.google.com/bot.html)"
176.79.190.245 - - [28/Mar/2024:01:37:32 -0500] "HEAD / HTTP/1.0" 200 -1 "https://vitannya.net" "Mozilla/5.0 (compatible; Googlebot/2.1; +http://www.google.com/bot.html)"
176.79.190.245 - - [28/Mar/2024:01:37:32 -0500] "HEAD / HTTP/1.0" 200 -1 "https://vitannya.net" "Mozilla/5.0 (compatible; Googlebot/2.1; +http://www.google.com/bot.html)"
176.79.190.245 - - [28/Mar/2024:01:37:32 -0500] "HEAD / HTTP/1.0" 200 -1 "https://vitannya.net" "Mozilla/5.0 (compatible; Googlebot/2.1; +http://www.google.com/bot.html)"
176.79.190.245 - - [28/Mar/2024:01:37:32 -0500] "HEAD / HTTP/1.0" 200 -1 "https://vitannya.net" "Mozilla/5.0 (compatible; Googlebot/2.1; +http://www.google.com/bot.html)"
176.79.190.245 - - [28/Mar/2024:01:37:32 -0500] "HEAD / HTTP/1.0" 200 -1 "https://vitannya.net" "Mozilla/5.0 (compatible; Googlebot/2.1; +http://www.google.com/bot.html)"
176.79.190.245 - - [28/Mar/2024:01:37:32 -0500] "HEAD / HTTP/1.0" 200 -1 "https://vitannya.net" "Mozilla/5.0 (compatible; Googlebot/2.1; +http://www.google.com/bot.html)"
176.79.190.245 - - [28/Mar/2024:01:37:32 -0500] "HEAD / HTTP/1.0" 200 -1 "https://vitannya.net" "Mozilla/5.0 (compatible; Googlebot/2.1; +http://www.google.com/bot.html)"
176.79.190.245 - - [28/Mar/2024:01:37:32 -0500] "HEAD / HTTP/1.0" 200 -1 "https://vitannya.net" "Mozilla/5.0 (compatible; Googlebot/2.1; +http://www.google.com/bot.html)"
176.79.190.245 - - [28/Mar/2024:01:37:32 -0500] "HEAD / HTTP/1.0" 200 -1 "https://vitannya.net" "Mozilla/5.0 (compatible; Googlebot/2.1; +http://www.google.com/bot.html)"
176.79.190.245 - - [28/Mar/2024:01:37:32 -0500] "HEAD / HTTP/1.0" 200 -1 "https://vitannya.net" "Mozilla/5.0 (compatible; Googlebot/2.1; +http://www.google.com/bot.html)"
176.79.190.245 - - [28/Mar/2024:01:37:32 -0500] "HEAD / HTTP/1.0" 200 -1 "https://vitannya.net" "Mozilla/5.0 (compatible; Googlebot/2.1; +http://www.google.com/bot.html)"
176.79.190.245 - - [28/Mar/2024:01:37:32 -0500] "HEAD / HTTP/1.0" 200 -1 "https://vitannya.net" "Mozilla/5.0 (compatible; Googlebot/2.1; +http://www.google.com/bot.html)"
176.79.190.245 - - [28/Mar/2024:01:37:32 -0500] "HEAD / HTTP/1.0" 200 -1 "https://vitannya.net" "Mozilla/5.0 (compatible; Googlebot/2.1; +http://www.google.com/bot.html)"
176.79.190.245 - - [28/Mar/2024:01:37:32 -0500] "HEAD / HTTP/1.0" 200 -1 "https://vitannya.net" "Mozilla/5.0 (compatible; Googlebot/2.1; +http://www.google.com/bot.html)"
176.79.190.245 - - [28/Mar/2024:01:37:32 -0500] "HEAD / HTTP/1.0" 200 -1 "https://svyato365.net.ua" "Mozilla/5.0 (compatible; Googlebot/2.1; +http://www.google.com/bot.html)"
176.79.190.245 - - [28/Mar/2024:01:37:32 -0500] "HEAD / HTTP/1.0" 200 -1 "https://mammedia.com.ua" "Mozilla/5.0 (compatible; Googlebot/2.1; +http://www.google.com/bot.html)"
176.79.190.245 - - [28/Mar/2024:01:37:32 -0500] "HEAD / HTTP/1.0" 200 -1 "https://vitannya.net" "Mozilla/5.0 (compatible; Googlebot/2.1; +http://www.google.com/bot.html)"
46.22.51.77 - - [28/Mar/2024:01:37:38 -0500] "GET / HTTP/1.1" 200 -1 "https://top-chat24.ru/" "Mozilla/5.0 (Windows NT 10.0; Win64; x64) AppleWebKit/537.36 (KHTML, like Gecko) Chrome/83.0.4103.61 Safari/537.36 Edg/83.0.478.37"
46.22.51.77 - - [28/Mar/2024:01:37:40 -0500] "GET / HTTP/1.1" 200 -1 "https://wmusor.ru/" "Mozilla/5.0 (Windows NT 10.0; Win64; x64) AppleWebKit/537.36 (KHTML, like Gecko) Chrome/87.0.4280.141 Safari/537.36 OPR/73.0.3856.438"
46.22.51.77 - - [28/Mar/2024:01:37:48 -0500] "GET / HTTP/1.1" 200 -1 "https://vesti.spb.ru/" "Mozilla/5.0 (Windows NT 6.1; Win64; x64; rv:76.0) Gecko/20100101 Firefox/76.0"
46.22.51.77 - - [28/Mar/2024:01:37:57 -0500] "GET / HTTP/1.1" 200 -1 "https://top-chat24.ru/" "Mozilla/5.0 (Windows NT 10.0; Win64; x64) AppleWebKit/537.36 (KHTML, like Gecko) Chrome/60.0.3112.113 Safari/537.36"
46.22.51.77 - - [28/Mar/2024:01:38:02 -0500] "GET / HTTP/1.1" 200 -1 "https://sigs.ru/" "Mozilla/5.0 (Windows NT 6.1; Win64; x64) AppleWebKit/537.36 (KHTML, like Gecko) Chrome/85.0.4183.83 Safari/537.36"
46.22.51.77 - - [28/Mar/2024:01:38:05 -0500] "GET / HTTP/1.1" 200 -1 "https://sigs.ru/" "Mozilla/5.0 (Windows NT 6.1; Win64; x64) AppleWebKit/537.36 (KHTML, like Gecko) Chrome/66.0.3359.181 Safari/537.36"
46.22.51.77 - - [28/Mar/2024:01:38:13 -0500] "GET / HTTP/1.1" 200 -1 "https://vesti.spb.ru/" "Mozilla/5.0 (Windows NT 6.1; WOW64) AppleWebKit/537.36 (KHTML, like Gecko) Chrome/55.0.2883.96 Safari/537.36"
46.22.51.77 - - [28/Mar/2024:01:38:14 -0500] "GET / HTTP/1.1" 200 -1 "https://top-chat24.ru/" "Mozilla/5.0 (Windows; U; Windows NT 5.1; en-US; rv:1.8.1.13) Gecko/20080311 Firefox/2.0.0.13"
46.22.51.77 - - [28/Mar/2024:01:38:18 -0500] "GET / HTTP/1.1" 200 -1 "https://vesti.spb.ru/" "Mozilla/5.0 (Macintosh; Intel Mac OS X 10_13_6) AppleWebKit/605.1.15 (KHTML, like Gecko) Version/13.1.1 Safari/605.1.15"
95.216.227.15 - - [28/Mar/2024:01:38:20 -0500] "GET /pub/Stats/usage_202403.html HTTP/1.0" 200 113898 "https://vk9at.com" "Mozilla/5.0 (Windows NT 6.3; Win64; x64) AppleWebKit/537.36 (KHTML, like Gecko) Chrome/113.0.0.0 Safari/537.36"
95.216.227.15 - - [28/Mar/2024:01:38:23 -0500] "GET /pub/Stats/usage_202403.html HTTP/1.0" 200 113898 "https://xn--krkn-xva44n.com" "Mozilla/5.0 (Windows NT 10.0; Win64; x64) AppleWebKit/537.36 (KHTML, like Gecko) Chrome/117.0.5938.132 Safari/537.36"
95.216.227.15 - - [28/Mar/2024:01:38:27 -0500] "GET /pub/Stats/usage_202403.html HTTP/1.0" 200 113898 "https://kraken30at.com" "Mozilla/5.0 (Windows NT 10.0; Win64; x64) AppleWebKit/537.36 (KHTML, like Gecko) Chrome/122.0.0.0 Safari/537.36"
37.139.53.88 - - [28/Mar/2024:01:38:32 -0500] "GET /pub/Stats/usage_202403.html HTTP/1.0" 200 113898 "https://www.bigsexvideo.tube/" "Mozilla/5.0 (Windows NT 10.0; Win64; x64) AppleWebKit/537.36 (KHTML, like Gecko) Chrome/120.0.6099.71 Safari/537.36"
37.139.53.88 - - [28/Mar/2024:01:38:36 -0500] "GET /pub/Stats/usage_202403.html HTTP/1.0" 200 113898 "https://www.bigsexvideo.tube/" "Mozilla/5.0 (Windows NT 6.1; Win64; x64) AppleWebKit/537.36 (KHTML, like Gecko) Chrome/109.0.0.0 Safari/537.36"
37.139.53.88 - - [28/Mar/2024:01:38:39 -0500] "GET /pub/Stats/usage_202403.html HTTP/1.0" 200 113898 "https://www.bigsexvideo.tube/" "Mozilla/5.0 (Windows NT 10.0; Win64; x64) AppleWebKit/537.36 (KHTML, like Gecko) Chrome/121.0.0.0 Safari/537.36"
46.22.51.77 - - [28/Mar/2024:01:38:39 -0500] "GET / HTTP/1.1" 200 -1 "https://wmusor.ru/" "Mozilla/5.0 (Windows NT 6.1; WOW64) AppleWebKit/537.36 (KHTML, like Gecko) Chrome/81.0.4044.138 YaBrowser/20.4.3.257 Yowser/2.5 Safari/537.36"
46.22.51.77 - - [28/Mar/2024:01:38:40 -0500] "GET / HTTP/1.1" 200 -1 "https://autoportal24.ru/" "Mozilla/5.0 (Windows NT 6.1; Win64; x64) AppleWebKit/537.36 (KHTML, like Gecko) Chrome/88.0.4324.182 Safari/537.36"
46.22.51.77 - - [28/Mar/2024:01:38:40 -0500] "GET / HTTP/1.1" 200 -1 "https://vesti.spb.ru/" "Mozilla/5.0 (Macintosh; Intel Mac OS X 10_15_7) AppleWebKit/605.1.15 (KHTML, like Gecko) Version/14.0.3 Safari/605.1.15"
46.22.51.77 - - [28/Mar/2024:01:38:59 -0500] "GET / HTTP/1.1" 200 -1 "https://autoportal24.ru/" "Mozilla/5.0 (Windows NT 6.1; Win64; x64) AppleWebKit/537.36 (KHTML, like Gecko) Chrome/72.0.3626.121 Safari/537.36"
46.22.51.77 - - [28/Mar/2024:01:39:11 -0500] "GET / HTTP/1.1" 200 -1 "https://sigs.ru/" "Mozilla/5.0 (Windows NT 10.0; WOW64) AppleWebKit/537.36 (KHTML, like Gecko) Chrome/63.0.3239.26 Safari/537.36 Core/1.63.4793.400 QQBrowser/10.0.745.400"
46.22.51.77 - - [28/Mar/2024:01:39:15 -0500] "GET / HTTP/1.1" 200 -1 "https://autoportal24.ru/" "Mozilla/5.0 (Windows NT 10.0; Win64; x64) AppleWebKit/537.36 (KHTML, like Gecko) Chrome/92.0.4515.131 Safari/537.36 OPR/78.0.4093.147"
176.79.190.245 - - [28/Mar/2024:01:39:21 -0500] "HEAD / HTTP/1.0" 200 -1 "https://svyato365.net.ua" "Mozilla/5.0 (compatible; Googlebot/2.1; +http://www.google.com/bot.html)"
176.79.190.245 - - [28/Mar/2024:01:39:21 -0500] "HEAD / HTTP/1.0" 200 -1 "https://mammedia.com.ua" "Mozilla/5.0 (compatible; Googlebot/2.1; +http://www.google.com/bot.html)"
176.79.190.245 - - [28/Mar/2024:01:39:21 -0500] "HEAD / HTTP/1.0" 200 -1 "https://mammedia.com.ua" "Mozilla/5.0 (compatible; Googlebot/2.1; +http://www.google.com/bot.html)"
176.79.190.245 - - [28/Mar/2024:01:39:21 -0500] "HEAD / HTTP/1.0" 200 -1 "https://mammedia.com.ua" "Mozilla/5.0 (compatible; Googlebot/2.1; +http://www.google.com/bot.html)"
176.79.190.245 - - [28/Mar/2024:01:39:21 -0500] "HEAD / HTTP/1.0" 200 -1 "https://mammedia.com.ua" "Mozilla/5.0 (compatible; Googlebot/2.1; +http://www.google.com/bot.html)"
176.79.190.245 - - [28/Mar/2024:01:39:21 -0500] "HEAD / HTTP/1.0" 200 -1 "https://mammedia.com.ua" "Mozilla/5.0 (compatible; Googlebot/2.1; +http://www.google.com/bot.html)"
176.79.190.245 - - [28/Mar/2024:01:39:21 -0500] "HEAD / HTTP/1.0" 200 -1 "https://mammedia.com.ua" "Mozilla/5.0 (compatible; Googlebot/2.1; +http://www.google.com/bot.html)"
