46.22.51.77 - - [28/Mar/2024:05:50:14 -0500] "GET / HTTP/1.1" 200 -1 "https://autoportal24.ru/" "Mozilla/5.0 (X11; Linux i686 on x86_64; rv:51.0) Gecko/20100101 Firefox/51.0"
95.216.227.15 - - [28/Mar/2024:05:50:25 -0500] "GET /pub/Stats/usage_202403.html HTTP/1.0" 200 113898 "https://krakenat.com" "Mozilla/5.0 (Windows NT 10.0; Win64; x64) AppleWebKit/537.36 (KHTML, like Gecko) Chrome/120.0.0.0 Iron Safari/537.36"
95.216.227.15 - - [28/Mar/2024:05:50:29 -0500] "GET /pub/Stats/usage_202403.html HTTP/1.0" 200 113898 "https://xn--k1-h2s.com" "Mozilla/5.0 (Windows NT 10.0; Win64; x64) AppleWebKit/537.36 (KHTML, like Gecko) Chrome/120.0.0.0 Safari/537.36"
46.22.51.77 - - [28/Mar/2024:05:50:31 -0500] "GET / HTTP/1.1" 200 -1 "https://top-chat24.ru/" "Mozilla/5.0 (Windows NT 6.1) AppleWebKit/537.17 (KHTML, like Gecko) Chrome/24.0.1312.57 Safari/537.17 SE 2.X MetaSr 1.0"
95.216.227.15 - - [28/Mar/2024:05:50:32 -0500] "GET /pub/Stats/usage_202403.html HTTP/1.0" 200 113898 "https://xn--k1-h2s.com" "Mozilla/5.0 (Windows NT 10.0; Win64; x64) AppleWebKit/537.36 (KHTML, like Gecko) Chrome/120.0.0.0 Iron Safari/537.36"
46.22.51.77 - - [28/Mar/2024:05:50:35 -0500] "GET / HTTP/1.1" 200 -1 "https://sigs.ru/" "Mozilla/5.0 (Windows NT 10.0; WOW64) AppleWebKit/537.36 (KHTML, like Gecko) Chrome/81.0.4044.138 YaBrowser/20.6.1.151 Yowser/2.5 Safari/537.36"
46.22.51.77 - - [28/Mar/2024:05:50:39 -0500] "GET / HTTP/1.1" 200 -1 "https://wmusor.ru/" "Mozilla/5.0 (Windows NT 10.0; WOW64) AppleWebKit/537.36 (KHTML, like Gecko) Chrome/83.0.4103.106 YaBrowser/20.7.1.68 Yowser/2.5 Yptp/1.23 Safari/537.36"
46.22.51.77 - - [28/Mar/2024:05:50:41 -0500] "GET / HTTP/1.1" 200 -1 "https://vesti.spb.ru/" "Mozilla/5.0 (Windows NT 6.1) AppleWebKit/537.36 (KHTML, like Gecko) Chrome/84.0.4147.125 Safari/537.36"
46.22.51.77 - - [28/Mar/2024:05:50:45 -0500] "GET / HTTP/1.1" 200 -1 "https://wmusor.ru/" "Mozilla/5.0 (Windows NT 6.0; Win64; x64) AppleWebKit/537.36 (KHTML, like Gecko) Chrome/65.0.3325.181 Safari/537.36"
46.22.51.77 - - [28/Mar/2024:05:51:12 -0500] "GET / HTTP/1.1" 200 -1 "https://sigs.ru/" "Mozilla/5.0 (X11; Linux x86_64; rv:52.9) Gecko/20100101 Goanna/3.4 Firefox/52.9 PaleMoon/27.9.0"
46.22.51.77 - - [28/Mar/2024:05:51:17 -0500] "GET / HTTP/1.1" 200 -1 "https://autoportal24.ru/" "Mozilla/5.0 (Macintosh; Intel Mac OS X 10_15_3) AppleWebKit/605.1.15 (KHTML, like Gecko) Version/13.0.5 Safari/605.1.15"
46.22.51.77 - - [28/Mar/2024:05:51:38 -0500] "GET / HTTP/1.1" 200 -1 "https://top-chat24.ru/" "Mozilla/5.0 (Windows NT 10.0; Win64; x64) AppleWebKit/537.36 (KHTML, like Gecko) Chrome/86.0.4240.75 Safari/537.36"
95.216.227.15 - - [28/Mar/2024:05:51:42 -0500] "GET /pub/Stats/usage_202403.html HTTP/1.0" 200 113898 "https://krakenat.com" "Mozilla/5.0 (Windows NT 10.0; Win64; x64) AppleWebKit/537.36 (KHTML, like Gecko) Chrome/121.0.0.0 Safari/537.36"
95.216.227.15 - - [28/Mar/2024:05:51:45 -0500] "GET /pub/Stats/usage_202403.html HTTP/1.0" 200 113898 "https://krakenat.com" "Mozilla/5.0 (Windows NT 10.0; Win64; x64) AppleWebKit/537.36 (KHTML, like Gecko) Chrome/122.0.0.0 Safari/537.36"
95.216.227.15 - - [28/Mar/2024:05:51:48 -0500] "GET /pub/Stats/usage_202403.html HTTP/1.0" 200 113898 "https://vk9at.com" "Mozilla/5.0 (Windows NT 10.0; Win64; x64) AppleWebKit/537.36 (KHTML, like Gecko) Chrome/122.0.0.0 Safari/537.36"
37.139.53.88 - - [28/Mar/2024:05:51:48 -0500] "GET /pub/Stats/usage_202403.html HTTP/1.0" 200 113898 "https://www.bigsexvideo.tube/" "Mozilla/5.0 (Windows NT 10.0; Win64; x64) AppleWebKit/537.36 (KHTML, like Gecko) Chrome/121.0.0.0 Safari/537.36"
46.22.51.77 - - [28/Mar/2024:05:51:49 -0500] "GET / HTTP/1.1" 200 -1 "https://autoportal24.ru/" "Mozilla/5.0 (Windows NT 6.0; Win64; x64; rv:48.0) Gecko/20100101 Firefox/48.0"
37.139.53.88 - - [28/Mar/2024:05:51:52 -0500] "GET /pub/Stats/usage_202403.html HTTP/1.0" 200 113898 "https://www.bigsexvideo.tube/" "Mozilla/5.0 (Windows NT 10.0; Win64; x64) AppleWebKit/537.36 (KHTML, like Gecko) Chrome/120.0.0.0 Safari/537.36"
46.22.51.77 - - [28/Mar/2024:05:51:53 -0500] "GET / HTTP/1.1" 200 -1 "https://sigs.ru/" "Mozilla/5.0 (Windows NT 10.0; Win64; x64) AppleWebKit/537.36 (KHTML, like Gecko) Chrome/85.0.4183.102 YaBrowser/20.9.3.126 Yowser/2.5 Safari/537.36"
176.79.190.245 - - [28/Mar/2024:05:51:54 -0500] "HEAD / HTTP/1.0" 200 -1 "https://vitalka.net.ua" "Mozilla/5.0 (compatible; Googlebot/2.1; +http://www.google.com/bot.html)"
176.79.190.245 - - [28/Mar/2024:05:51:54 -0500] "HEAD / HTTP/1.0" 200 -1 "https://vitalka.net.ua" "Mozilla/5.0 (compatible; Googlebot/2.1; +http://www.google.com/bot.html)"
176.79.190.245 - - [28/Mar/2024:05:51:54 -0500] "HEAD / HTTP/1.0" 200 -1 "https://vitalka.net.ua" "Mozilla/5.0 (compatible; Googlebot/2.1; +http://www.google.com/bot.html)"
176.79.190.245 - - [28/Mar/2024:05:51:54 -0500] "HEAD / HTTP/1.0" 200 -1 "https://vitalka.net.ua" "Mozilla/5.0 (compatible; Googlebot/2.1; +http://www.google.com/bot.html)"
176.79.190.245 - - [28/Mar/2024:05:51:54 -0500] "HEAD / HTTP/1.0" 200 -1 "https://vitalka.net.ua" "Mozilla/5.0 (compatible; Googlebot/2.1; +http://www.google.com/bot.html)"
176.79.190.245 - - [28/Mar/2024:05:51:54 -0500] "HEAD / HTTP/1.0" 200 -1 "https://vitalka.net.ua" "Mozilla/5.0 (compatible; Googlebot/2.1; +http://www.google.com/bot.html)"
176.79.190.245 - - [28/Mar/2024:05:51:54 -0500] "HEAD / HTTP/1.0" 200 -1 "http://vitannya.info" "Mozilla/5.0 (compatible; Googlebot/2.1; +http://www.google.com/bot.html)"
176.79.190.245 - - [28/Mar/2024:05:51:54 -0500] "HEAD / HTTP/1.0" 200 -1 "https://vitalka.net.ua" "Mozilla/5.0 (compatible; Googlebot/2.1; +http://www.google.com/bot.html)"
176.79.190.245 - - [28/Mar/2024:05:51:54 -0500] "HEAD / HTTP/1.0" 200 -1 "https://vitalka.net.ua" "Mozilla/5.0 (compatible; Googlebot/2.1; +http://www.google.com/bot.html)"
176.79.190.245 - - [28/Mar/2024:05:51:54 -0500] "HEAD / HTTP/1.0" 200 -1 "https://vitalka.net.ua" "Mozilla/5.0 (compatible; Googlebot/2.1; +http://www.google.com/bot.html)"
176.79.190.245 - - [28/Mar/2024:05:51:54 -0500] "HEAD / HTTP/1.0" 200 -1 "https://vitalka.net.ua" "Mozilla/5.0 (compatible; Googlebot/2.1; +http://www.google.com/bot.html)"
176.79.190.245 - - [28/Mar/2024:05:51:54 -0500] "HEAD / HTTP/1.0" 200 -1 "https://vitalka.net.ua" "Mozilla/5.0 (compatible; Googlebot/2.1; +http://www.google.com/bot.html)"
176.79.190.245 - - [28/Mar/2024:05:51:54 -0500] "HEAD / HTTP/1.0" 200 -1 "https://vitalka.net.ua" "Mozilla/5.0 (compatible; Googlebot/2.1; +http://www.google.com/bot.html)"
176.79.190.245 - - [28/Mar/2024:05:51:54 -0500] "HEAD / HTTP/1.0" 200 -1 "https://vitalka.net.ua" "Mozilla/5.0 (compatible; Googlebot/2.1; +http://www.google.com/bot.html)"
176.79.190.245 - - [28/Mar/2024:05:51:54 -0500] "HEAD / HTTP/1.0" 200 -1 "https://vitalka.net.ua" "Mozilla/5.0 (compatible; Googlebot/2.1; +http://www.google.com/bot.html)"
176.79.190.245 - - [28/Mar/2024:05:51:54 -0500] "HEAD / HTTP/1.0" 200 -1 "https://vitalka.net.ua" "Mozilla/5.0 (compatible; Googlebot/2.1; +http://www.google.com/bot.html)"
176.79.190.245 - - [28/Mar/2024:05:51:54 -0500] "HEAD / HTTP/1.0" 200 -1 "https://vitalka.net.ua" "Mozilla/5.0 (compatible; Googlebot/2.1; +http://www.google.com/bot.html)"
176.79.190.245 - - [28/Mar/2024:05:51:54 -0500] "HEAD / HTTP/1.0" 200 -1 "https://vitalka.net.ua" "Mozilla/5.0 (compatible; Googlebot/2.1; +http://www.google.com/bot.html)"
176.79.190.245 - - [28/Mar/2024:05:51:54 -0500] "HEAD / HTTP/1.0" 200 -1 "https://vitalka.net.ua" "Mozilla/5.0 (compatible; Googlebot/2.1; +http://www.google.com/bot.html)"
176.79.190.245 - - [28/Mar/2024:05:51:54 -0500] "HEAD / HTTP/1.0" 200 -1 "https://vitalka.net.ua" "Mozilla/5.0 (compatible; Googlebot/2.1; +http://www.google.com/bot.html)"
176.79.190.245 - - [28/Mar/2024:05:51:54 -0500] "HEAD / HTTP/1.0" 200 -1 "https://pryvitayko.net.ua" "Mozilla/5.0 (compatible; Googlebot/2.1; +http://www.google.com/bot.html)"
37.139.53.88 - - [28/Mar/2024:05:51:55 -0500] "GET /pub/Stats/usage_202403.html HTTP/1.0" 200 113898 "https://www.bigsexvideo.tube/" "Mozilla/5.0 (Windows NT 10.0; Win64; x64) AppleWebKit/537.36 (KHTML, like Gecko) Chrome/114.0.0.0 Safari/537.36"
46.22.51.77 - - [28/Mar/2024:05:52:03 -0500] "GET / HTTP/1.1" 200 -1 "https://vesti.spb.ru/" "Mozilla/5.0 (Windows NT 6.1; Win64; x64; rv:77.0) Gecko/20100101 Firefox/77.0"
46.22.51.77 - - [28/Mar/2024:05:52:04 -0500] "GET / HTTP/1.1" 200 -1 "https://top-chat24.ru/" "Mozilla/5.0 (Windows NT 10.0; Win64; x64) AppleWebKit/537.36 (KHTML, like Gecko) Chrome/89.0.4389.72 Safari/537.36"
46.22.51.77 - - [28/Mar/2024:05:52:19 -0500] "GET / HTTP/1.1" 200 -1 "https://vesti.spb.ru/" "Mozilla/5.0 (Windows NT 10.0; WOW64) AppleWebKit/537.36 (KHTML, like Gecko) Chrome/63.0.3239.26 Safari/537.36 Core/1.63.5193.400 QQBrowser/10.0.1066.400"
46.22.51.77 - - [28/Mar/2024:05:52:26 -0500] "GET / HTTP/1.1" 200 -1 "https://wmusor.ru/" "Mozilla/5.0 (Windows NT 6.1; Win64; x64) AppleWebKit/537.36 (KHTML, like Gecko) Chrome/85.0.4183.102 YaBrowser/20.9.2.102 Yowser/2.5 Safari/537.36"
46.22.51.77 - - [28/Mar/2024:05:52:43 -0500] "GET / HTTP/1.1" 200 -1 "https://wmusor.ru/" "Mozilla/5.0 (Windows NT 10.0; WOW64; rv:45.0) Gecko/20100101 Firefox/45.0"
46.22.51.77 - - [28/Mar/2024:05:52:51 -0500] "GET / HTTP/1.1" 200 -1 "https://wmusor.ru/" "Mozilla/5.0 (X11; Linux x86_64) AppleWebKit/537.36 (KHTML, like Gecko) Chrome/59.0.3071.86 Safari/537.36 Slimjet/15.1.6.0"
136.243.13.183 - - [28/Mar/2024:05:52:53 -0500] "HEAD /pub/stats/ HTTP/1.0" 200 -1 "https://coloriage-carnaval.com/" "Mozilla/5.0 (compatible; Googlebot/2.1; +http://www.google.com/bot.html)"
136.243.13.183 - - [28/Mar/2024:05:52:53 -0500] "HEAD /pub/stats/ HTTP/1.0" 200 -1 "https://coloriage-carnaval.com/" "Mozilla/5.0 (compatible; Googlebot/2.1; +http://www.google.com/bot.html)"
136.243.13.183 - - [28/Mar/2024:05:52:54 -0500] "HEAD /pub/stats/ HTTP/1.0" 200 -1 "https://coloriage-carnaval.com/" "Mozilla/5.0 (compatible; Googlebot/2.1; +http://www.google.com/bot.html)"
46.22.51.77 - - [28/Mar/2024:05:52:56 -0500] "GET / HTTP/1.1" 200 -1 "https://vesti.spb.ru/" "Mozilla/5.0 (Windows NT 10.0; Win64; x64; rv:91.0) Gecko/20100101 Firefox/91.0"
46.22.51.77 - - [28/Mar/2024:05:52:57 -0500] "GET / HTTP/1.1" 200 -1 "https://autoportal24.ru/" "Mozilla/5.0 (Macintosh; Intel Mac OS X 10_15_6) AppleWebKit/605.1.15 (KHTML, like Gecko) Version/14.0.3 Safari/605.1.15"
46.22.51.77 - - [28/Mar/2024:05:52:57 -0500] "GET / HTTP/1.1" 200 -1 "https://vesti.spb.ru/" "Mozilla/5.0 (Windows NT 10.0; Win64; x64) AppleWebKit/537.36 (KHTML, like Gecko) Chrome/80.0.3987.149 Safari/537.36"
95.216.227.15 - - [28/Mar/2024:05:52:59 -0500] "GET /pub/Stats/usage_202403.html HTTP/1.0" 200 113898 "https://xn--k1-h2s.com" "Mozilla/5.0 (Windows NT 10.0; Win64; x64) AppleWebKit/537.36 (KHTML, like Gecko) Chrome/117.0.0.0 Safari/537.36"
95.216.227.15 - - [28/Mar/2024:05:53:02 -0500] "GET /pub/Stats/usage_202403.html HTTP/1.0" 200 113898 "https://vk9at.com" "Mozilla/5.0 (Windows NT 6.1; Win64; x64) AppleWebKit/537.36 (KHTML, like Gecko) Chrome/108.0.0.0 Safari/537.36"
66.249.66.199 - - [28/Mar/2024:05:53:03 -0500] "GET /DeadPage/Fidelity/events/completed_events/smd/Sep06/_vti_cnf/ HTTP/1.1" 200 -1 "" "Mozilla/5.0 (Linux; Android 6.0.1; Nexus 5X Build/MMB29P) AppleWebKit/537.36 (KHTML, like Gecko) Chrome/122.0.6261.94 Mobile Safari/537.36 (compatible; Googlebot/2.1; +http://www.google.com/bot.html)"
95.216.227.15 - - [28/Mar/2024:05:53:05 -0500] "GET /pub/Stats/usage_202403.html HTTP/1.0" 200 113898 "https://vk9at.com" "Mozilla/5.0 (Windows NT 10.0; Win64; x64) AppleWebKit/537.36 (KHTML, like Gecko) Chrome/115.0.0.0 Safari/537.36"
46.22.51.77 - - [28/Mar/2024:05:53:16 -0500] "GET / HTTP/1.1" 200 -1 "https://sigs.ru/" "Mozilla/5.0 (Windows NT 10.0; Win64; x64) AppleWebKit/537.36 (KHTML, like Gecko) Chrome/92.0.4515.131 Safari/537.36 Edg/92.0.902.67"
46.22.51.77 - - [28/Mar/2024:05:53:27 -0500] "GET / HTTP/1.1" 200 -1 "https://autoportal24.ru/" "Mozilla/5.0 (Windows NT 6.1; Win64; x64) AppleWebKit/537.36 (KHTML, like Gecko) Chrome/92.0.4515.159 Safari/537.36"
46.22.51.77 - - [28/Mar/2024:05:53:29 -0500] "GET / HTTP/1.1" 200 -1 "https://wmusor.ru/" "Mozilla/5.0 (Windows NT 6.1; Win64; x64) AppleWebKit/537.36 (KHTML, like Gecko) Chrome/86.0.4240.111 Safari/537.36"
37.139.53.88 - - [28/Mar/2024:05:53:32 -0500] "GET /pub/Stats/usage_202403.html HTTP/1.0" 200 113898 "https://www.bigsexvideo.tube/" "Mozilla/5.0 (Windows NT 10.0; Win64; x64) AppleWebKit/537.36 (KHTML, like Gecko) Chrome/122.0.0.0 Safari/537.36"
37.139.53.88 - - [28/Mar/2024:05:53:34 -0500] "GET /pub/Stats/usage_202403.html HTTP/1.0" 200 113898 "https://www.bigsexvideo.tube/" "Mozilla/5.0 (Windows NT 10.0; Win64; x64) AppleWebKit/537.36 (KHTML, like Gecko) Chrome/120.0.0.0 Safari/537.36"
46.22.51.77 - - [28/Mar/2024:05:53:37 -0500] "GET / HTTP/1.1" 200 -1 "https://top-chat24.ru/" "Mozilla/5.0 (X11; Linux x86_64) AppleWebKit/537.36 (KHTML, like Gecko) Chrome/85.0.4183.83 Safari/537.36"
37.139.53.88 - - [28/Mar/2024:05:53:37 -0500] "GET /pub/Stats/usage_202403.html HTTP/1.0" 200 113898 "https://www.bigsexvideo.tube/" "Mozilla/5.0 (Windows NT 10.0; Win64; x64) AppleWebKit/537.36 (KHTML, like Gecko) Chrome/120.0.0.0 Safari/537.36"
46.22.51.77 - - [28/Mar/2024:05:53:49 -0500] "GET / HTTP/1.1" 200 -1 "https://sigs.ru/" "Mozilla/5.0 (Windows NT 6.1; WOW64) AppleWebKit/537.36 (KHTML, like Gecko) Chrome/88.0.4324.182 YaBrowser/21.2.4.172 Yowser/2.5 Safari/537.36"
176.79.190.245 - - [28/Mar/2024:05:53:56 -0500] "HEAD / HTTP/1.0" 200 -1 "http://vitannya.info" "Mozilla/5.0 (compatible; Googlebot/2.1; +http://www.google.com/bot.html)"
176.79.190.245 - - [28/Mar/2024:05:53:56 -0500] "HEAD / HTTP/1.0" 200 -1 "https://pryvitay.com.ua" "Mozilla/5.0 (compatible; Googlebot/2.1; +http://www.google.com/bot.html)"
176.79.190.245 - - [28/Mar/2024:05:53:56 -0500] "HEAD / HTTP/1.0" 200 -1 "http://vitannya.info" "Mozilla/5.0 (compatible; Googlebot/2.1; +http://www.google.com/bot.html)"
176.79.190.245 - - [28/Mar/2024:05:53:56 -0500] "HEAD / HTTP/1.0" 200 -1 "http://vitannya.info" "Mozilla/5.0 (compatible; Googlebot/2.1; +http://www.google.com/bot.html)"
176.79.190.245 - - [28/Mar/2024:05:53:56 -0500] "HEAD / HTTP/1.0" 200 -1 "https://pryvitayko.net.ua" "Mozilla/5.0 (compatible; Googlebot/2.1; +http://www.google.com/bot.html)"
176.79.190.245 - - [28/Mar/2024:05:53:56 -0500] "HEAD / HTTP/1.0" 200 -1 "http://vitannya.info" "Mozilla/5.0 (compatible; Googlebot/2.1; +http://www.google.com/bot.html)"
176.79.190.245 - - [28/Mar/2024:05:53:56 -0500] "HEAD / HTTP/1.0" 200 -1 "http://vitannya.info" "Mozilla/5.0 (compatible; Googlebot/2.1; +http://www.google.com/bot.html)"
176.79.190.245 - - [28/Mar/2024:05:53:56 -0500] "HEAD / HTTP/1.0" 200 -1 "http://vitannya.info" "Mozilla/5.0 (compatible; Googlebot/2.1; +http://www.google.com/bot.html)"
176.79.190.245 - - [28/Mar/2024:05:53:56 -0500] "HEAD / HTTP/1.0" 200 -1 "http://vitannya.info" "Mozilla/5.0 (compatible; Googlebot/2.1; +http://www.google.com/bot.html)"
176.79.190.245 - - [28/Mar/2024:05:53:56 -0500] "HEAD / HTTP/1.0" 200 -1 "http://vitannya.info" "Mozilla/5.0 (compatible; Googlebot/2.1; +http://www.google.com/bot.html)"
176.79.190.245 - - [28/Mar/2024:05:53:56 -0500] "HEAD / HTTP/1.0" 200 -1 "http://vitannya.info" "Mozilla/5.0 (compatible; Googlebot/2.1; +http://www.google.com/bot.html)"
176.79.190.245 - - [28/Mar/2024:05:53:56 -0500] "HEAD / HTTP/1.0" 200 -1 "http://vitannya.info" "Mozilla/5.0 (compatible; Googlebot/2.1; +http://www.google.com/bot.html)"
176.79.190.245 - - [28/Mar/2024:05:53:56 -0500] "HEAD / HTTP/1.0" 200 -1 "http://vitannya.info" "Mozilla/5.0 (compatible; Googlebot/2.1; +http://www.google.com/bot.html)"
176.79.190.245 - - [28/Mar/2024:05:53:56 -0500] "HEAD / HTTP/1.0" 200 -1 "http://vitannya.info" "Mozilla/5.0 (compatible; Googlebot/2.1; +http://www.google.com/bot.html)"
176.79.190.245 - - [28/Mar/2024:05:53:56 -0500] "HEAD / HTTP/1.0" 200 -1 "http://vitannya.info" "Mozilla/5.0 (compatible; Googlebot/2.1; +http://www.google.com/bot.html)"
176.79.190.245 - - [28/Mar/2024:05:53:56 -0500] "HEAD / HTTP/1.0" 200 -1 "http://vitannya.info" "Mozilla/5.0 (compatible; Googlebot/2.1; +http://www.google.com/bot.html)"
176.79.190.245 - - [28/Mar/2024:05:53:56 -0500] "HEAD / HTTP/1.0" 200 -1 "http://vitannya.info" "Mozilla/5.0 (compatible; Googlebot/2.1; +http://www.google.com/bot.html)"
176.79.190.245 - - [28/Mar/2024:05:53:56 -0500] "HEAD / HTTP/1.0" 200 -1 "http://vitannya.info" "Mozilla/5.0 (compatible; Googlebot/2.1; +http://www.google.com/bot.html)"
176.79.190.245 - - [28/Mar/2024:05:53:56 -0500] "HEAD / HTTP/1.0" 200 -1 "http://vitannya.info" "Mozilla/5.0 (compatible; Googlebot/2.1; +http://www.google.com/bot.html)"
176.79.190.245 - - [28/Mar/2024:05:53:56 -0500] "HEAD / HTTP/1.0" 200 -1 "http://vitannya.info" "Mozilla/5.0 (compatible; Googlebot/2.1; +http://www.google.com/bot.html)"
176.79.190.245 - - [28/Mar/2024:05:53:56 -0500] "HEAD / HTTP/1.0" 200 -1 "http://vitannya.info" "Mozilla/5.0 (compatible; Googlebot/2.1; +http://www.google.com/bot.html)"
79.137.204.186 - - [28/Mar/2024:05:54:01 -0500] "GET /pub/Stats/usage_202403.html HTTP/1.0" 200 113898 "https://provotkin.com.ua/" "Mozilla/5.0 (Windows NT 10.0; Win64; x64) AppleWebKit/537.36 (KHTML, like Gecko) Chrome/120.0.0.0 Iron Safari/537.36"
79.137.204.186 - - [28/Mar/2024:05:54:05 -0500] "GET /pub/Stats/usage_202403.html HTTP/1.0" 200 113898 "https://provotkin.com.ua/" "Mozilla/5.0 (Windows NT 10.0; Win64; x64) AppleWebKit/537.36 (KHTML, like Gecko) Chrome/121.0.0.0 Safari/537.36"
79.137.204.186 - - [28/Mar/2024:05:54:08 -0500] "GET /pub/Stats/usage_202403.html HTTP/1.0" 200 113898 "https://provotkin.com.ua/" "Mozilla/5.0 (Windows NT 10.0; Win64; x64) AppleWebKit/537.36 (KHTML, like Gecko) Chrome/117.0.0.0 Iron Safari/537.36"
46.22.51.77 - - [28/Mar/2024:05:54:10 -0500] "GET / HTTP/1.1" 200 -1 "https://wmusor.ru/" "Mozilla/5.0 (Macintosh; Intel Mac OS X 10_11_2) AppleWebKit/601.3.9 (KHTML, like Gecko) Version/9.0.2 Safari/601.3.9"
46.22.51.77 - - [28/Mar/2024:05:54:17 -0500] "GET / HTTP/1.1" 200 -1 "https://top-chat24.ru/" "Mozilla/5.0 (Windows NT 10.0; WOW64) AppleWebKit/537.36 (KHTML, like Gecko) Chrome/69.0.3497.81 Safari/537.36 Maxthon/5.3.8.2000"
95.216.227.15 - - [28/Mar/2024:05:54:17 -0500] "GET /pub/Stats/usage_202403.html HTTP/1.0" 200 113898 "https://vk9at.com" "Mozilla/5.0 (Windows NT 10.0; Win64; x64) AppleWebKit/537.36 (KHTML, like Gecko) Chrome/120.0.0.0 Iron Safari/537.36"
95.216.227.15 - - [28/Mar/2024:05:54:20 -0500] "GET /pub/Stats/usage_202403.html HTTP/1.0" 200 113898 "https://vk9at.com" "Mozilla/5.0 (Windows NT 10.0; Win64; x64) AppleWebKit/537.36 (KHTML, like Gecko) Chrome/121.0.0.0 Safari/537.36"
95.216.227.15 - - [28/Mar/2024:05:54:23 -0500] "GET /pub/Stats/usage_202403.html HTTP/1.0" 200 113898 "https://krakenat.com" "Mozilla/5.0 (Windows NT 10.0; Win64; x64) AppleWebKit/537.36 (KHTML, like Gecko) Chrome/121.0.0.0 Safari/537.36"
46.22.51.77 - - [28/Mar/2024:05:54:29 -0500] "GET / HTTP/1.1" 200 -1 "https://sigs.ru/" "Mozilla/5.0 (Windows NT 6.1; WOW64) AppleWebKit/537.36 (KHTML, like Gecko) Chrome/53.0.2785.104 Safari/537.36 Core/1.53.5048.400 QQBrowser/9.7.13114.400"
46.22.51.77 - - [28/Mar/2024:05:54:30 -0500] "GET / HTTP/1.1" 200 -1 "https://top-chat24.ru/" "Mozilla/5.0 (Windows NT 10.0; WOW64) AppleWebKit/537.36 (KHTML, like Gecko) Chrome/55.0.2883.87 UBrowser/7.0.185.1002 Safari/537.36"
46.22.51.77 - - [28/Mar/2024:05:54:37 -0500] "GET / HTTP/1.1" 200 -1 "https://autoportal24.ru/" "Mozilla/5.0 (Windows NT 10.0; Win64; x64) AppleWebKit/537.36 (KHTML, like Gecko) Chrome/89.0.4389.86 YaBrowser/21.3.1.185 Yowser/2.5 Safari/537.36"
46.22.51.77 - - [28/Mar/2024:05:54:41 -0500] "GET / HTTP/1.1" 200 -1 "https://autoportal24.ru/" "Mozilla/5.0 (Windows NT 10.0; WOW64) AppleWebKit/537.36 (KHTML, like Gecko) Chrome/90.0.4430.72 YaBrowser/21.5.1.355 Yowser/2.5 Safari/537.36"
46.22.51.77 - - [28/Mar/2024:05:54:49 -0500] "GET / HTTP/1.1" 200 -1 "https://sigs.ru/" "Mozilla/5.0 (Windows NT 6.1; Win64; x64) AppleWebKit/537.36 (KHTML, like Gecko) Chrome/86.0.4240.198 Safari/537.36"
46.22.51.77 - - [28/Mar/2024:05:55:10 -0500] "GET / HTTP/1.1" 200 -1 "https://vesti.spb.ru/" "Mozilla/5.0 (Windows NT 10.0; Win64; x64) AppleWebKit/537.36 (KHTML, like Gecko) Chrome/81.0.4044.138 Safari/537.36 OPR/68.0.3618.173"
37.139.53.88 - - [28/Mar/2024:05:55:15 -0500] "GET /pub/Stats/usage_202403.html HTTP/1.0" 200 113898 "https://www.bigsexvideo.tube/" "Mozilla/5.0 (Windows NT 10.0; Win64; x64) AppleWebKit/537.36 (KHTML, like Gecko) Chrome/121.0.0.0 Safari/537.36"
37.139.53.88 - - [28/Mar/2024:05:55:18 -0500] "GET /pub/Stats/usage_202403.html HTTP/1.0" 200 113898 "https://www.bigsexvideo.tube/" "Mozilla/5.0 (Windows NT 6.3; Win64; x64) AppleWebKit/537.36 (KHTML, like Gecko) Chrome/113.0.0.0 Safari/537.36"
37.139.53.88 - - [28/Mar/2024:05:55:21 -0500] "GET /pub/Stats/usage_202403.html HTTP/1.0" 200 113898 "https://www.bigsexvideo.tube/" "Mozilla/5.0 (Windows NT 10.0; Win64; x64) AppleWebKit/537.36 (KHTML, like Gecko) Chrome/120.0.6099.71 Safari/537.36"
46.22.51.77 - - [28/Mar/2024:05:55:24 -0500] "GET / HTTP/1.1" 200 -1 "https://autoportal24.ru/" "Mozilla/5.0 (X11; Linux i686; rv:52.9) Gecko/20100101 Goanna/3.4 Firefox/52.9 PaleMoon/27.9.0"
51.222.253.14 - - [28/Mar/2024:05:55:25 -0500] "GET /thetoolbag/howto/BlockIPs/ip-Blocking_files/route_cnfg_os.htm HTTP/1.1" 200 4138 "" "Mozilla/5.0 (compatible; AhrefsBot/7.0; +http://ahrefs.com/robot/)"
46.22.51.77 - - [28/Mar/2024:05:55:28 -0500] "GET / HTTP/1.1" 200 -1 "https://autoportal24.ru/" "Mozilla/5.0 (Windows NT 6.1; WOW64) AppleWebKit/537.36 (KHTML, like Gecko) Chrome/53.0.2785.104 Safari/537.36 Core/1.53.4882.400 QQBrowser/9.7.13076.400"
95.216.227.15 - - [28/Mar/2024:05:55:35 -0500] "GET /pub/Stats/usage_202403.html HTTP/1.0" 200 113898 "https://kraken30at.com" "Mozilla/5.0 (Windows NT 10.0; Win64; x64) AppleWebKit/537.36 (KHTML, like Gecko) Chrome/120.0.0.0 Iron Safari/537.36"
95.216.227.15 - - [28/Mar/2024:05:55:38 -0500] "GET /pub/Stats/usage_202403.html HTTP/1.0" 200 113898 "https://vk9at.com" "Mozilla/5.0 (Windows NT 10.0; Win64; x64) AppleWebKit/537.36 (KHTML, like Gecko) Chrome/120.0.0.0 Safari/537.36"
95.216.227.15 - - [28/Mar/2024:05:55:41 -0500] "GET /pub/Stats/usage_202403.html HTTP/1.0" 200 113898 "https://kraken30at.com" "Mozilla/5.0 (Windows NT 10.0; Win64; x64) AppleWebKit/537.36 (KHTML, like Gecko) Chrome/120.0.6099.71 Safari/537.36"
46.22.51.77 - - [28/Mar/2024:05:55:41 -0500] "GET / HTTP/1.1" 200 -1 "https://sigs.ru/" "Mozilla/5.0 (Macintosh; Intel Mac OS X 10_15_7) AppleWebKit/537.36 (KHTML, like Gecko) Chrome/92.0.4515.131 Safari/537.36"
176.79.190.245 - - [28/Mar/2024:05:55:48 -0500] "HEAD / HTTP/1.0" 200 -1 "https://pryvitayko.net.ua" "Mozilla/5.0 (compatible; Googlebot/2.1; +http://www.google.com/bot.html)"
176.79.190.245 - - [28/Mar/2024:05:55:48 -0500] "HEAD / HTTP/1.0" 200 -1 "https://pryvitayko.net.ua" "Mozilla/5.0 (compatible; Googlebot/2.1; +http://www.google.com/bot.html)"
176.79.190.245 - - [28/Mar/2024:05:55:48 -0500] "HEAD / HTTP/1.0" 200 -1 "https://slova.in.ua" "Mozilla/5.0 (compatible; Googlebot/2.1; +http://www.google.com/bot.html)"
176.79.190.245 - - [28/Mar/2024:05:55:48 -0500] "HEAD / HTTP/1.0" 200 -1 "https://pryvitayko.net.ua" "Mozilla/5.0 (compatible; Googlebot/2.1; +http://www.google.com/bot.html)"
176.79.190.245 - - [28/Mar/2024:05:55:48 -0500] "HEAD / HTTP/1.0" 200 -1 "https://pryvitayko.net.ua" "Mozilla/5.0 (compatible; Googlebot/2.1; +http://www.google.com/bot.html)"
176.79.190.245 - - [28/Mar/2024:05:55:48 -0500] "HEAD / HTTP/1.0" 200 -1 "https://pryvitayko.net.ua" "Mozilla/5.0 (compatible; Googlebot/2.1; +http://www.google.com/bot.html)"
176.79.190.245 - - [28/Mar/2024:05:55:48 -0500] "HEAD / HTTP/1.0" 200 -1 "https://pryvitayko.net.ua" "Mozilla/5.0 (compatible; Googlebot/2.1; +http://www.google.com/bot.html)"
176.79.190.245 - - [28/Mar/2024:05:55:48 -0500] "HEAD / HTTP/1.0" 200 -1 "https://pryvitayko.net.ua" "Mozilla/5.0 (compatible; Googlebot/2.1; +http://www.google.com/bot.html)"
176.79.190.245 - - [28/Mar/2024:05:55:48 -0500] "HEAD / HTTP/1.0" 200 -1 "https://pryvitayko.net.ua" "Mozilla/5.0 (compatible; Googlebot/2.1; +http://www.google.com/bot.html)"
176.79.190.245 - - [28/Mar/2024:05:55:48 -0500] "HEAD / HTTP/1.0" 200 -1 "https://pryvitayko.net.ua" "Mozilla/5.0 (compatible; Googlebot/2.1; +http://www.google.com/bot.html)"
176.79.190.245 - - [28/Mar/2024:05:55:48 -0500] "HEAD / HTTP/1.0" 200 -1 "https://pryvitayko.net.ua" "Mozilla/5.0 (compatible; Googlebot/2.1; +http://www.google.com/bot.html)"
176.79.190.245 - - [28/Mar/2024:05:55:48 -0500] "HEAD / HTTP/1.0" 200 -1 "https://pryvitayko.net.ua" "Mozilla/5.0 (compatible; Googlebot/2.1; +http://www.google.com/bot.html)"
176.79.190.245 - - [28/Mar/2024:05:55:48 -0500] "HEAD / HTTP/1.0" 200 -1 "https://pryvitayko.net.ua" "Mozilla/5.0 (compatible; Googlebot/2.1; +http://www.google.com/bot.html)"
176.79.190.245 - - [28/Mar/2024:05:55:48 -0500] "HEAD / HTTP/1.0" 200 -1 "https://pryvitay.com.ua" "Mozilla/5.0 (compatible; Googlebot/2.1; +http://www.google.com/bot.html)"
176.79.190.245 - - [28/Mar/2024:05:55:48 -0500] "HEAD / HTTP/1.0" 200 -1 "https://pryvitayko.net.ua" "Mozilla/5.0 (compatible; Googlebot/2.1; +http://www.google.com/bot.html)"
176.79.190.245 - - [28/Mar/2024:05:55:48 -0500] "HEAD / HTTP/1.0" 200 -1 "https://pryvitayko.net.ua" "Mozilla/5.0 (compatible; Googlebot/2.1; +http://www.google.com/bot.html)"
176.79.190.245 - - [28/Mar/2024:05:55:48 -0500] "HEAD / HTTP/1.0" 200 -1 "https://pryvitayko.net.ua" "Mozilla/5.0 (compatible; Googlebot/2.1; +http://www.google.com/bot.html)"
176.79.190.245 - - [28/Mar/2024:05:55:48 -0500] "HEAD / HTTP/1.0" 200 -1 "https://pryvitayko.net.ua" "Mozilla/5.0 (compatible; Googlebot/2.1; +http://www.google.com/bot.html)"
176.79.190.245 - - [28/Mar/2024:05:55:48 -0500] "HEAD / HTTP/1.0" 200 -1 "https://pryvitayko.net.ua" "Mozilla/5.0 (compatible; Googlebot/2.1; +http://www.google.com/bot.html)"
176.79.190.245 - - [28/Mar/2024:05:55:48 -0500] "HEAD / HTTP/1.0" 200 -1 "https://pryvitayko.net.ua" "Mozilla/5.0 (compatible; Googlebot/2.1; +http://www.google.com/bot.html)"
176.79.190.245 - - [28/Mar/2024:05:55:48 -0500] "HEAD / HTTP/1.0" 200 -1 "https://pryvitayko.net.ua" "Mozilla/5.0 (compatible; Googlebot/2.1; +http://www.google.com/bot.html)"
46.22.51.77 - - [28/Mar/2024:05:56:02 -0500] "GET / HTTP/1.1" 200 -1 "https://vesti.spb.ru/" "Mozilla/5.0 (Windows NT 10.0; Win64; x64) AppleWebKit/537.36 (KHTML, like Gecko) Chrome/89.0.4389.90 Safari/537.36 Edg/89.0.774.54"
66.249.66.200 - - [28/Mar/2024:05:56:03 -0500] "GET /waslogs/errors.log HTTP/1.1" 200 16288 "" "Mozilla/5.0 (Linux; Android 6.0.1; Nexus 5X Build/MMB29P) AppleWebKit/537.36 (KHTML, like Gecko) Chrome/122.0.6261.94 Mobile Safari/537.36 (compatible; Googlebot/2.1; +http://www.google.com/bot.html)"
46.22.51.77 - - [28/Mar/2024:05:56:04 -0500] "GET / HTTP/1.1" 200 -1 "https://sigs.ru/" "Mozilla/5.0 (Windows NT 10.0; Win64; x64) AppleWebKit/537.36 (KHTML, like Gecko) Chrome/93.0.4577.63 Safari/537.36 Edg/93.0.961.38"
46.22.51.77 - - [28/Mar/2024:05:56:18 -0500] "GET / HTTP/1.1" 200 -1 "https://vesti.spb.ru/" "Mozilla/5.0 (Windows NT 10.0; WOW64) AppleWebKit/537.36 (KHTML, like Gecko) Chrome/68.0.3418.2 Safari/537.36"
136.243.13.183 - - [28/Mar/2024:05:56:21 -0500] "HEAD /pub/stats/ HTTP/1.0" 200 -1 "https://prodroiders.net/" "Mozilla/5.0 (compatible; Googlebot/2.1; +http://www.google.com/bot.html)"
136.243.13.183 - - [28/Mar/2024:05:56:21 -0500] "HEAD /pub/stats/ HTTP/1.0" 200 -1 "https://prodroiders.net/" "Mozilla/5.0 (compatible; Googlebot/2.1; +http://www.google.com/bot.html)"
136.243.13.183 - - [28/Mar/2024:05:56:21 -0500] "HEAD /pub/stats/ HTTP/1.0" 200 -1 "https://prodroiders.net/" "Mozilla/5.0 (compatible; Googlebot/2.1; +http://www.google.com/bot.html)"
46.22.51.77 - - [28/Mar/2024:05:56:31 -0500] "GET / HTTP/1.1" 200 -1 "https://wmusor.ru/" "Mozilla/5.0 (Windows NT 10.0; Win64; x64) AppleWebKit/537.36 (KHTML, like Gecko) Chrome/89.0.4389.90 Safari/537.36 Edg/89.0.774.63"
46.22.51.77 - - [28/Mar/2024:05:56:32 -0500] "GET / HTTP/1.1" 200 -1 "https://autoportal24.ru/" "Mozilla/5.0 (Windows NT 10.0; Win64; x64) AppleWebKit/537.36 (KHTML, like Gecko) Chrome/84.0.4147.105 YaBrowser/20.8.1.79 Yowser/2.5 Safari/537.36"
46.22.51.77 - - [28/Mar/2024:05:56:50 -0500] "GET / HTTP/1.1" 200 -1 "https://top-chat24.ru/" "Mozilla/5.0 (Windows NT 6.1; Win64; x64; rv:52.0) Gecko/20100101 Firefox/4FD9"
95.216.227.15 - - [28/Mar/2024:05:56:53 -0500] "GET /pub/Stats/usage_202403.html HTTP/1.0" 200 113898 "https://kraken30at.com" "Mozilla/5.0 (Windows NT 10.0; Win64; x64) AppleWebKit/537.36 (KHTML, like Gecko) Chrome/121.0.0.0 Safari/537.36"
46.22.51.77 - - [28/Mar/2024:05:56:56 -0500] "GET / HTTP/1.1" 200 -1 "https://sigs.ru/" "Mozilla/5.0 (Windows NT 6.1; Win64; x64; rv:90.0) Gecko/20100101 Firefox/90.0"
95.216.227.15 - - [28/Mar/2024:05:56:57 -0500] "GET /pub/Stats/usage_202403.html HTTP/1.0" 200 113898 "https://xn--krkn-xva44n.com" "Mozilla/5.0 (Windows NT 6.1; Win64; x64) AppleWebKit/537.36 (KHTML, like Gecko) Chrome/109.0.0.0 Safari/537.36"
95.216.227.15 - - [28/Mar/2024:05:56:59 -0500] "GET /pub/Stats/usage_202403.html HTTP/1.0" 200 113898 "https://vk9at.com" "Mozilla/5.0 (Windows NT 6.1; Win64; x64) AppleWebKit/537.36 (KHTML, like Gecko) Chrome/109.0.0.0 Safari/537.36"
37.139.53.88 - - [28/Mar/2024:05:56:59 -0500] "GET /pub/Stats/usage_202403.html HTTP/1.0" 200 113898 "https://www.bigsexvideo.tube/" "Mozilla/5.0 (Windows NT 10.0; Win64; x64) AppleWebKit/537.36 (KHTML, like Gecko) Chrome/118.0.0.0 Safari/537.36"
46.22.51.77 - - [28/Mar/2024:05:57:01 -0500] "GET / HTTP/1.1" 200 -1 "https://top-chat24.ru/" "Mozilla/5.0 (Windows NT 6.1; Win64; x64) AppleWebKit/537.36 (KHTML, like Gecko) Chrome/86.0.4240.114 YaBrowser/20.11.1.81 Yowser/2.5 Safari/537.36"
46.22.51.77 - - [28/Mar/2024:05:57:01 -0500] "GET / HTTP/1.1" 200 -1 "https://top-chat24.ru/" "Mozilla/5.0 (Windows NT 6.1; Win64; x64) AppleWebKit/537.36 (KHTML, like Gecko) Chrome/87.0.4280.88 Safari/537.36"
46.22.51.77 - - [28/Mar/2024:05:57:02 -0500] "GET / HTTP/1.1" 200 -1 "https://top-chat24.ru/" "Mozilla/5.0 (Windows NT 10.0; WOW64) AppleWebKit/537.36 (KHTML, like Gecko) Chrome/90.0.4430.72 YaBrowser/21.5.1.355 Yowser/2.5 Safari/537.36"
37.139.53.88 - - [28/Mar/2024:05:57:03 -0500] "GET /pub/Stats/usage_202403.html HTTP/1.0" 200 113898 "https://www.bigsexvideo.tube/" "Mozilla/5.0 (Windows NT 10.0; Win64; x64) AppleWebKit/537.36 (KHTML, like Gecko) Chrome/122.0.0.0 Safari/537.36"
66.249.66.201 - - [28/Mar/2024:05:57:04 -0500] "GET /thetoolbag/DesktopPictures/view/?JPGREF=ARCH HTTP/1.1" 200 771 "" "Mozilla/5.0 (Linux; Android 6.0.1; Nexus 5X Build/MMB29P) AppleWebKit/537.36 (KHTML, like Gecko) Chrome/122.0.6261.94 Mobile Safari/537.36 (compatible; Googlebot/2.1; +http://www.google.com/bot.html)"
37.139.53.88 - - [28/Mar/2024:05:57:06 -0500] "GET /pub/Stats/usage_202403.html HTTP/1.0" 200 113898 "https://www.bigsexvideo.tube/" "Mozilla/5.0 (Windows NT 10.0; Win64; x64) AppleWebKit/537.36 (KHTML, like Gecko) Chrome/120.0.0.0 Safari/537.36"
152.228.218.191 - - [28/Mar/2024:05:57:12 -0500] "HEAD / HTTP/1.1" 200 -1 "https://softbesplatno.net/" "Mozilla/5.0 (Windows NT 10.0; Win64; x64; rv:102.0) Gecko/20100101 Firefox/102.0"
5.101.47.173 - - [28/Mar/2024:05:57:12 -0500] "HEAD / HTTP/1.1" 200 -1 "https://softbesplatno.net/" "Mozilla/5.0 (Windows NT 10.0; Win64; x64; rv:102.0) Gecko/20100101 Firefox/102.0"
5.101.47.173 - - [28/Mar/2024:05:57:13 -0500] "HEAD / HTTP/1.1" 200 -1 "https://softbesplatno.net/" "Mozilla/5.0 (Windows NT 10.0; Win64; x64; rv:102.0) Gecko/20100101 Firefox/102.0"
5.101.47.173 - - [28/Mar/2024:05:57:13 -0500] "HEAD / HTTP/1.1" 200 -1 "https://softbesplatno.net/" "Mozilla/5.0 (Windows NT 10.0; Win64; x64; rv:102.0) Gecko/20100101 Firefox/102.0"
152.228.218.191 - - [28/Mar/2024:05:57:13 -0500] "HEAD / HTTP/1.1" 200 -1 "https://softbesplatno.net/" "Mozilla/5.0 (Windows NT 10.0; Win64; x64; rv:102.0) Gecko/20100101 Firefox/102.0"
46.22.51.77 - - [28/Mar/2024:05:57:19 -0500] "GET / HTTP/1.1" 200 -1 "https://vesti.spb.ru/" "Mozilla/5.0 (Windows NT 10.0; Win64; x64) AppleWebKit/537.36 (KHTML, like Gecko) Chrome/83.0.4089.0 Safari/537.36"
46.22.51.77 - - [28/Mar/2024:05:57:26 -0500] "GET / HTTP/1.1" 200 -1 "https://wmusor.ru/" "Mozilla/5.0 (Macintosh; Intel Mac OS X 10.11; rv:59.0) Gecko/20100101 Firefox/59.0"
5.101.47.173 - - [28/Mar/2024:05:57:28 -0500] "HEAD / HTTP/1.1" 200 -1 "https://jester-soft.ws/" "Mozilla/5.0 (Windows NT 10.0; Win64; x64; rv:102.0) Gecko/20100101 Firefox/102.0"
185.170.10.187 - - [28/Mar/2024:05:57:28 -0500] "HEAD / HTTP/1.1" 200 -1 "https://jester-soft.ws/" "Mozilla/5.0 (Windows NT 10.0; Win64; x64; rv:102.0) Gecko/20100101 Firefox/102.0"
5.101.47.173 - - [28/Mar/2024:05:57:29 -0500] "HEAD / HTTP/1.1" 200 -1 "https://jester-soft.ws/" "Mozilla/5.0 (Windows NT 10.0; Win64; x64; rv:102.0) Gecko/20100101 Firefox/102.0"
5.101.47.173 - - [28/Mar/2024:05:57:29 -0500] "HEAD / HTTP/1.1" 200 -1 "https://jester-soft.ws/" "Mozilla/5.0 (Windows NT 10.0; Win64; x64; rv:102.0) Gecko/20100101 Firefox/102.0"
152.228.218.191 - - [28/Mar/2024:05:57:29 -0500] "HEAD / HTTP/1.1" 200 -1 "https://jester-soft.ws/" "Mozilla/5.0 (Windows NT 10.0; Win64; x64; rv:102.0) Gecko/20100101 Firefox/102.0"
46.22.51.77 - - [28/Mar/2024:05:57:39 -0500] "GET / HTTP/1.1" 200 -1 "https://wmusor.ru/" "Mozilla/5.0 (Windows NT 6.1; rv:89.0) Gecko/20100101 Firefox/89.0"
176.79.190.245 - - [28/Mar/2024:05:57:54 -0500] "HEAD / HTTP/1.0" 200 -1 "https://pryvitay.com.ua" "Mozilla/5.0 (compatible; Googlebot/2.1; +http://www.google.com/bot.html)"
176.79.190.245 - - [28/Mar/2024:05:57:54 -0500] "HEAD / HTTP/1.0" 200 -1 "https://pryvitay.com.ua" "Mozilla/5.0 (compatible; Googlebot/2.1; +http://www.google.com/bot.html)"
176.79.190.245 - - [28/Mar/2024:05:57:54 -0500] "HEAD / HTTP/1.0" 200 -1 "https://topvitannya.net.ua" "Mozilla/5.0 (compatible; Googlebot/2.1; +http://www.google.com/bot.html)"
176.79.190.245 - - [28/Mar/2024:05:57:54 -0500] "HEAD / HTTP/1.0" 200 -1 "https://pryvitay.com.ua" "Mozilla/5.0 (compatible; Googlebot/2.1; +http://www.google.com/bot.html)"
176.79.190.245 - - [28/Mar/2024:05:57:54 -0500] "HEAD / HTTP/1.0" 200 -1 "https://pryvitay.com.ua" "Mozilla/5.0 (compatible; Googlebot/2.1; +http://www.google.com/bot.html)"
176.79.190.245 - - [28/Mar/2024:05:57:54 -0500] "HEAD / HTTP/1.0" 200 -1 "https://pryvitay.com.ua" "Mozilla/5.0 (compatible; Googlebot/2.1; +http://www.google.com/bot.html)"
176.79.190.245 - - [28/Mar/2024:05:57:54 -0500] "HEAD / HTTP/1.0" 200 -1 "https://slova.in.ua" "Mozilla/5.0 (compatible; Googlebot/2.1; +http://www.google.com/bot.html)"
176.79.190.245 - - [28/Mar/2024:05:57:54 -0500] "HEAD / HTTP/1.0" 200 -1 "https://pryvitay.com.ua" "Mozilla/5.0 (compatible; Googlebot/2.1; +http://www.google.com/bot.html)"
176.79.190.245 - - [28/Mar/2024:05:57:54 -0500] "HEAD / HTTP/1.0" 200 -1 "https://pryvitay.com.ua" "Mozilla/5.0 (compatible; Googlebot/2.1; +http://www.google.com/bot.html)"
176.79.190.245 - - [28/Mar/2024:05:57:54 -0500] "HEAD / HTTP/1.0" 200 -1 "https://pryvitay.com.ua" "Mozilla/5.0 (compatible; Googlebot/2.1; +http://www.google.com/bot.html)"
176.79.190.245 - - [28/Mar/2024:05:57:54 -0500] "HEAD / HTTP/1.0" 200 -1 "https://pryvitay.com.ua" "Mozilla/5.0 (compatible; Googlebot/2.1; +http://www.google.com/bot.html)"
176.79.190.245 - - [28/Mar/2024:05:57:54 -0500] "HEAD / HTTP/1.0" 200 -1 "https://pryvitay.com.ua" "Mozilla/5.0 (compatible; Googlebot/2.1; +http://www.google.com/bot.html)"
176.79.190.245 - - [28/Mar/2024:05:57:54 -0500] "HEAD / HTTP/1.0" 200 -1 "https://pryvitay.com.ua" "Mozilla/5.0 (compatible; Googlebot/2.1; +http://www.google.com/bot.html)"
176.79.190.245 - - [28/Mar/2024:05:57:54 -0500] "HEAD / HTTP/1.0" 200 -1 "https://pryvitay.com.ua" "Mozilla/5.0 (compatible; Googlebot/2.1; +http://www.google.com/bot.html)"
176.79.190.245 - - [28/Mar/2024:05:57:54 -0500] "HEAD / HTTP/1.0" 200 -1 "https://pryvitay.com.ua" "Mozilla/5.0 (compatible; Googlebot/2.1; +http://www.google.com/bot.html)"
176.79.190.245 - - [28/Mar/2024:05:57:54 -0500] "HEAD / HTTP/1.0" 200 -1 "https://pryvitay.com.ua" "Mozilla/5.0 (compatible; Googlebot/2.1; +http://www.google.com/bot.html)"
176.79.190.245 - - [28/Mar/2024:05:57:54 -0500] "HEAD / HTTP/1.0" 200 -1 "https://pryvitay.com.ua" "Mozilla/5.0 (compatible; Googlebot/2.1; +http://www.google.com/bot.html)"
176.79.190.245 - - [28/Mar/2024:05:57:54 -0500] "HEAD / HTTP/1.0" 200 -1 "https://pryvitay.com.ua" "Mozilla/5.0 (compatible; Googlebot/2.1; +http://www.google.com/bot.html)"
176.79.190.245 - - [28/Mar/2024:05:57:54 -0500] "HEAD / HTTP/1.0" 200 -1 "https://pryvitay.com.ua" "Mozilla/5.0 (compatible; Googlebot/2.1; +http://www.google.com/bot.html)"
176.79.190.245 - - [28/Mar/2024:05:57:54 -0500] "HEAD / HTTP/1.0" 200 -1 "https://pryvitay.com.ua" "Mozilla/5.0 (compatible; Googlebot/2.1; +http://www.google.com/bot.html)"
176.79.190.245 - - [28/Mar/2024:05:57:54 -0500] "HEAD / HTTP/1.0" 200 -1 "https://pryvitay.com.ua" "Mozilla/5.0 (compatible; Googlebot/2.1; +http://www.google.com/bot.html)"
79.137.204.186 - - [28/Mar/2024:05:58:02 -0500] "GET /pub/Stats/usage_202403.html HTTP/1.0" 200 113898 "https://provotkin.com.ua/" "Mozilla/5.0 (Windows NT 10.0; Win64; x64) AppleWebKit/537.36 (KHTML, like Gecko) Chrome/120.0.0.0 Iron Safari/537.36"
79.137.204.186 - - [28/Mar/2024:05:58:05 -0500] "GET /pub/Stats/usage_202403.html HTTP/1.0" 200 113898 "https://provotkin.com.ua/" "Mozilla/5.0 (Windows NT 10.0; Win64; x64) AppleWebKit/537.36 (KHTML, like Gecko) Chrome/122.0.0.0 Safari/537.36"
79.137.204.186 - - [28/Mar/2024:05:58:08 -0500] "GET /pub/Stats/usage_202403.html HTTP/1.0" 200 113898 "https://provotkin.com.ua/" "Mozilla/5.0 (Windows NT 10.0; Win64; x64) AppleWebKit/537.36 (KHTML, like Gecko) Chrome/120.0.0.0 Iron Safari/537.36"
46.22.51.77 - - [28/Mar/2024:05:58:09 -0500] "GET / HTTP/1.1" 200 -1 "https://sigs.ru/" "Mozilla/5.0 (Macintosh; Intel Mac OS X 10_11_6) AppleWebKit/537.36 (KHTML, like Gecko) Chrome/70.0.3538.102 YaBrowser/18.11.1.716 Yowser/2.5 Safari/537.36"
95.216.227.15 - - [28/Mar/2024:05:58:11 -0500] "GET /pub/Stats/usage_202403.html HTTP/1.0" 200 113898 "https://xn--krkn-xva44n.com" "Mozilla/5.0 (Windows NT 10.0; Win64; x64) AppleWebKit/537.36 (KHTML, like Gecko) Chrome/120.0.0.0 Iron Safari/537.36"
95.216.227.15 - - [28/Mar/2024:05:58:15 -0500] "GET /pub/Stats/usage_202403.html HTTP/1.0" 200 113898 "https://vk9at.com" "Mozilla/5.0 (Windows NT 6.3; Win64; x64) AppleWebKit/537.36 (KHTML, like Gecko) Chrome/109.0.0.0 Safari/537.36"
95.216.227.15 - - [28/Mar/2024:05:58:18 -0500] "GET /pub/Stats/usage_202403.html HTTP/1.0" 200 113898 "https://vk9at.com" "Mozilla/5.0 (Windows NT 10.0; Win64; x64) AppleWebKit/537.36 (KHTML, like Gecko) Chrome/117.0.5938.132 Safari/537.36"
46.22.51.77 - - [28/Mar/2024:05:58:19 -0500] "GET / HTTP/1.1" 200 -1 "https://top-chat24.ru/" "Mozilla/5.0 (Windows NT 6.1; Win64; x64) AppleWebKit/537.36 (KHTML, like Gecko) Chrome/84.0.4147.89 Safari/537.36"
46.22.51.77 - - [28/Mar/2024:05:58:20 -0500] "GET / HTTP/1.1" 200 -1 "https://autoportal24.ru/" "Mozilla/5.0 (X11; Linux x86_64) AppleWebKit/537.36 (KHTML, like Gecko) Chrome/85.0.4183.83 Safari/537.36"
51.222.253.7 - - [28/Mar/2024:05:58:22 -0500] "GET /deadpage/Fidelity/events/completed_events/smd/feb07/?order=Nx HTTP/1.1" 200 -1 "" "Mozilla/5.0 (compatible; AhrefsBot/7.0; +http://ahrefs.com/robot/)"
46.22.51.77 - - [28/Mar/2024:05:58:25 -0500] "GET / HTTP/1.1" 200 -1 "https://vesti.spb.ru/" "Mozilla/5.0 (Windows NT 10.0; WOW64) AppleWebKit/537.36 (KHTML, like Gecko) Chrome/60.0.3100.2 Safari/537.36"
46.22.51.77 - - [28/Mar/2024:05:58:39 -0500] "GET / HTTP/1.1" 200 -1 "https://wmusor.ru/" "Mozilla/5.0 (Windows NT 10.0; Win64; x64) AppleWebKit/537.36 (KHTML, like Gecko) Chrome/85.0.4183.121 Safari/537.36 OPR/71.0.3770.284"
136.243.13.183 - - [28/Mar/2024:05:58:40 -0500] "HEAD /pub/stats/ HTTP/1.0" 200 -1 "https://coloriage-carnaval.com/" "Mozilla/5.0 (compatible; Googlebot/2.1; +http://www.google.com/bot.html)"
136.243.13.183 - - [28/Mar/2024:05:58:40 -0500] "HEAD /pub/stats/ HTTP/1.0" 200 -1 "https://coloriage-carnaval.com/" "Mozilla/5.0 (compatible; Googlebot/2.1; +http://www.google.com/bot.html)"
136.243.13.183 - - [28/Mar/2024:05:58:40 -0500] "HEAD /pub/stats/ HTTP/1.0" 200 -1 "https://coloriage-carnaval.com/" "Mozilla/5.0 (compatible; Googlebot/2.1; +http://www.google.com/bot.html)"
37.139.53.88 - - [28/Mar/2024:05:58:43 -0500] "GET /pub/Stats/usage_202403.html HTTP/1.0" 200 113898 "https://www.bigsexvideo.tube/" "Mozilla/5.0 (Windows NT 6.1; Win64; x64) AppleWebKit/537.36 (KHTML, like Gecko) Chrome/109.0.0.0 Safari/537.36"
37.139.53.88 - - [28/Mar/2024:05:58:46 -0500] "GET /pub/Stats/usage_202403.html HTTP/1.0" 200 113898 "https://www.bigsexvideo.tube/" "Mozilla/5.0 (Windows NT 6.1; Win64; x64) AppleWebKit/537.36 (KHTML, like Gecko) Chrome/109.0.5414.120 Safari/537.36"
46.22.51.77 - - [28/Mar/2024:05:58:48 -0500] "GET / HTTP/1.1" 200 -1 "https://wmusor.ru/" "Mozilla/5.0 (Macintosh; Intel Mac OS X 10_15_7) AppleWebKit/605.1.15 (KHTML, like Gecko) Version/14.1.2 Safari/605.1.15"
37.139.53.88 - - [28/Mar/2024:05:58:49 -0500] "GET /pub/Stats/usage_202403.html HTTP/1.0" 200 113898 "https://www.bigsexvideo.tube/" "Mozilla/5.0 (Windows NT 10.0; Win64; x64) AppleWebKit/537.36 (KHTML, like Gecko) Chrome/122.0.0.0 Safari/537.36"
46.22.51.77 - - [28/Mar/2024:05:58:56 -0500] "GET / HTTP/1.1" 200 -1 "https://vesti.spb.ru/" "Mozilla/5.0 (Windows NT 10.0; Win64; x64) AppleWebKit/537.36 (KHTML, like Gecko) Chrome/87.0.4280.141 Safari/537.36 OPR/73.0.3856.344 (Edition Yx 05)"
136.243.13.183 - - [28/Mar/2024:05:59:08 -0500] "HEAD /pub/stats/ HTTP/1.0" 200 -1 "https://blackdroid.mobi/" "Mozilla/5.0 (compatible; Googlebot/2.1; +http://www.google.com/bot.html)"
136.243.13.183 - - [28/Mar/2024:05:59:08 -0500] "HEAD /pub/stats/ HTTP/1.0" 200 -1 "https://blackdroid.mobi/" "Mozilla/5.0 (compatible; Googlebot/2.1; +http://www.google.com/bot.html)"
136.243.13.183 - - [28/Mar/2024:05:59:08 -0500] "HEAD /pub/stats/ HTTP/1.0" 200 -1 "https://blackdroid.mobi/" "Mozilla/5.0 (compatible; Googlebot/2.1; +http://www.google.com/bot.html)"
46.22.51.77 - - [28/Mar/2024:05:59:08 -0500] "GET / HTTP/1.1" 200 -1 "https://autoportal24.ru/" "Mozilla/5.0 (X11; Linux i686; rv:52.9) Gecko/20100101 Goanna/3.4 Firefox/52.9 PaleMoon/27.8.3"
46.22.51.77 - - [28/Mar/2024:05:59:23 -0500] "GET / HTTP/1.1" 200 -1 "https://sigs.ru/" "Mozilla/5.0 (Windows NT 6.1; ) AppleWebKit/537.36 (KHTML, like Gecko) Chrome/83.0.4103.116 Safari/537.36"
46.22.51.77 - - [28/Mar/2024:05:59:24 -0500] "GET / HTTP/1.1" 200 -1 "https://wmusor.ru/" "Mozilla/5.0 (Windows NT 10.0; WOW64) AppleWebKit/537.36 (KHTML, like Gecko) Chrome/81.0.4044.138 YaBrowser/20.6.2.197 Yowser/2.5 Yptp/1.23 Safari/537.36"
95.216.227.15 - - [28/Mar/2024:05:59:28 -0500] "GET /pub/Stats/usage_202403.html HTTP/1.0" 200 113898 "https://xn--krkn-xva44n.com" "Mozilla/5.0 (Windows NT 6.1; Win64; x64) AppleWebKit/537.36 (KHTML, like Gecko) Chrome/108.0.0.0 Safari/537.36"
136.243.13.183 - - [28/Mar/2024:05:59:28 -0500] "HEAD /pub/stats/ HTTP/1.0" 200 -1 "https://apkzavr.com/" "Mozilla/5.0 (compatible; Googlebot/2.1; +http://www.google.com/bot.html)"
136.243.13.183 - - [28/Mar/2024:05:59:28 -0500] "HEAD /pub/stats/ HTTP/1.0" 200 -1 "https://apkzavr.com/" "Mozilla/5.0 (compatible; Googlebot/2.1; +http://www.google.com/bot.html)"
136.243.13.183 - - [28/Mar/2024:05:59:28 -0500] "HEAD /pub/stats/ HTTP/1.0" 200 -1 "https://apkzavr.com/" "Mozilla/5.0 (compatible; Googlebot/2.1; +http://www.google.com/bot.html)"
95.216.227.15 - - [28/Mar/2024:05:59:31 -0500] "GET /pub/Stats/usage_202403.html HTTP/1.0" 200 113898 "https://kraken30at.com" "Mozilla/5.0 (Windows NT 10.0; Win64; x64) AppleWebKit/537.36 (KHTML, like Gecko) Chrome/120.0.0.0 Safari/537.36"
136.243.13.183 - - [28/Mar/2024:05:59:33 -0500] "HEAD /pub/stats/ HTTP/1.0" 200 -1 "https://driverss.net/" "Mozilla/5.0 (compatible; Googlebot/2.1; +http://www.google.com/bot.html)"
136.243.13.183 - - [28/Mar/2024:05:59:33 -0500] "HEAD /pub/stats/ HTTP/1.0" 200 -1 "https://driverss.net/" "Mozilla/5.0 (compatible; Googlebot/2.1; +http://www.google.com/bot.html)"
136.243.13.183 - - [28/Mar/2024:05:59:33 -0500] "HEAD /pub/stats/ HTTP/1.0" 200 -1 "https://driverss.net/" "Mozilla/5.0 (compatible; Googlebot/2.1; +http://www.google.com/bot.html)"
95.216.227.15 - - [28/Mar/2024:05:59:33 -0500] "GET /pub/Stats/usage_202403.html HTTP/1.0" 200 113898 "https://xn--k1-h2s.com" "Mozilla/5.0 (Windows NT 10.0; Win64; x64) AppleWebKit/537.36 (KHTML, like Gecko) Chrome/120.0.6099.71 Safari/537.36"
46.22.51.77 - - [28/Mar/2024:05:59:42 -0500] "GET / HTTP/1.1" 200 -1 "https://top-chat24.ru/" "Mozilla/5.0 (Windows NT 10.0; Win64; x64) AppleWebKit/537.36 (KHTML, like Gecko) Chrome/84.0.4147.89 Safari/537.36"
176.79.190.245 - - [28/Mar/2024:05:59:46 -0500] "HEAD / HTTP/1.0" 200 -1 "https://slova.in.ua" "Mozilla/5.0 (compatible; Googlebot/2.1; +http://www.google.com/bot.html)"
176.79.190.245 - - [28/Mar/2024:05:59:46 -0500] "HEAD / HTTP/1.0" 200 -1 "https://slova.in.ua" "Mozilla/5.0 (compatible; Googlebot/2.1; +http://www.google.com/bot.html)"
176.79.190.245 - - [28/Mar/2024:05:59:46 -0500] "HEAD / HTTP/1.0" 200 -1 "https://slova.in.ua" "Mozilla/5.0 (compatible; Googlebot/2.1; +http://www.google.com/bot.html)"
176.79.190.245 - - [28/Mar/2024:05:59:46 -0500] "HEAD / HTTP/1.0" 200 -1 "https://topvitannya.net.ua" "Mozilla/5.0 (compatible; Googlebot/2.1; +http://www.google.com/bot.html)"
176.79.190.245 - - [28/Mar/2024:05:59:46 -0500] "HEAD / HTTP/1.0" 200 -1 "https://slova.in.ua" "Mozilla/5.0 (compatible; Googlebot/2.1; +http://www.google.com/bot.html)"
176.79.190.245 - - [28/Mar/2024:05:59:46 -0500] "HEAD / HTTP/1.0" 200 -1 "https://slova.in.ua" "Mozilla/5.0 (compatible; Googlebot/2.1; +http://www.google.com/bot.html)"
176.79.190.245 - - [28/Mar/2024:05:59:46 -0500] "HEAD / HTTP/1.0" 200 -1 "https://slova.in.ua" "Mozilla/5.0 (compatible; Googlebot/2.1; +http://www.google.com/bot.html)"
176.79.190.245 - - [28/Mar/2024:05:59:46 -0500] "HEAD / HTTP/1.0" 200 -1 "https://slova.in.ua" "Mozilla/5.0 (compatible; Googlebot/2.1; +http://www.google.com/bot.html)"
176.79.190.245 - - [28/Mar/2024:05:59:46 -0500] "HEAD / HTTP/1.0" 200 -1 "https://slova.in.ua" "Mozilla/5.0 (compatible; Googlebot/2.1; +http://www.google.com/bot.html)"
176.79.190.245 - - [28/Mar/2024:05:59:46 -0500] "HEAD / HTTP/1.0" 200 -1 "https://slova.in.ua" "Mozilla/5.0 (compatible; Googlebot/2.1; +http://www.google.com/bot.html)"
176.79.190.245 - - [28/Mar/2024:05:59:46 -0500] "HEAD / HTTP/1.0" 200 -1 "https://slova.in.ua" "Mozilla/5.0 (compatible; Googlebot/2.1; +http://www.google.com/bot.html)"
176.79.190.245 - - [28/Mar/2024:05:59:46 -0500] "HEAD / HTTP/1.0" 200 -1 "https://slova.in.ua" "Mozilla/5.0 (compatible; Googlebot/2.1; +http://www.google.com/bot.html)"
176.79.190.245 - - [28/Mar/2024:05:59:46 -0500] "HEAD / HTTP/1.0" 200 -1 "https://slova.in.ua" "Mozilla/5.0 (compatible; Googlebot/2.1; +http://www.google.com/bot.html)"
176.79.190.245 - - [28/Mar/2024:05:59:46 -0500] "HEAD / HTTP/1.0" 200 -1 "https://slova.in.ua" "Mozilla/5.0 (compatible; Googlebot/2.1; +http://www.google.com/bot.html)"
176.79.190.245 - - [28/Mar/2024:05:59:46 -0500] "HEAD / HTTP/1.0" 200 -1 "https://slova.in.ua" "Mozilla/5.0 (compatible; Googlebot/2.1; +http://www.google.com/bot.html)"
176.79.190.245 - - [28/Mar/2024:05:59:46 -0500] "HEAD / HTTP/1.0" 200 -1 "https://citata.net.ua" "Mozilla/5.0 (compatible; Googlebot/2.1; +http://www.google.com/bot.html)"
176.79.190.245 - - [28/Mar/2024:05:59:46 -0500] "HEAD / HTTP/1.0" 200 -1 "https://slova.in.ua" "Mozilla/5.0 (compatible; Googlebot/2.1; +http://www.google.com/bot.html)"
176.79.190.245 - - [28/Mar/2024:05:59:46 -0500] "HEAD / HTTP/1.0" 200 -1 "https://slova.in.ua" "Mozilla/5.0 (compatible; Googlebot/2.1; +http://www.google.com/bot.html)"
176.79.190.245 - - [28/Mar/2024:05:59:46 -0500] "HEAD / HTTP/1.0" 200 -1 "https://slova.in.ua" "Mozilla/5.0 (compatible; Googlebot/2.1; +http://www.google.com/bot.html)"
176.79.190.245 - - [28/Mar/2024:05:59:46 -0500] "HEAD / HTTP/1.0" 200 -1 "https://slova.in.ua" "Mozilla/5.0 (compatible; Googlebot/2.1; +http://www.google.com/bot.html)"
176.79.190.245 - - [28/Mar/2024:05:59:46 -0500] "HEAD / HTTP/1.0" 200 -1 "https://slova.in.ua" "Mozilla/5.0 (compatible; Googlebot/2.1; +http://www.google.com/bot.html)"
46.22.51.77 - - [28/Mar/2024:05:59:50 -0500] "GET / HTTP/1.1" 200 -1 "https://autoportal24.ru/" "Mozilla/5.0 (Windows NT 10.0; WOW64) AppleWebKit/537.36 (KHTML, like Gecko) Chrome/66.0.3359.170 Safari/537.36 OPR/53.0.2907.68 (Edition Baidu)"
46.22.51.77 - - [28/Mar/2024:05:59:53 -0500] "GET / HTTP/1.1" 200 -1 "https://top-chat24.ru/" "Mozilla/5.0 (Windows NT 6.1; Win64; x64) AppleWebKit/537.36 (KHTML, like Gecko) Chrome/91.0.4472.101 Safari/537.36"
136.243.13.183 - - [28/Mar/2024:05:59:58 -0500] "HEAD /pub/stats/ HTTP/1.0" 200 -1 "https://vzlomannye-igry-dlya-android.net/" "Mozilla/5.0 (compatible; Googlebot/2.1; +http://www.google.com/bot.html)"
136.243.13.183 - - [28/Mar/2024:05:59:59 -0500] "HEAD /pub/stats/ HTTP/1.0" 200 -1 "https://vzlomannye-igry-dlya-android.net/" "Mozilla/5.0 (compatible; Googlebot/2.1; +http://www.google.com/bot.html)"
136.243.13.183 - - [28/Mar/2024:05:59:59 -0500] "HEAD /pub/stats/ HTTP/1.0" 200 -1 "https://vzlomannye-igry-dlya-android.net/" "Mozilla/5.0 (compatible; Googlebot/2.1; +http://www.google.com/bot.html)"
46.22.51.77 - - [28/Mar/2024:06:00:04 -0500] "GET / HTTP/1.1" 200 -1 "https://sigs.ru/" "Mozilla/5.0 (Windows NT 6.1; Win64; x64) AppleWebKit/537.36 (KHTML, like Gecko) Chrome/89.0.4389.82 Safari/537.36"
46.22.51.77 - - [28/Mar/2024:06:00:22 -0500] "GET / HTTP/1.1" 200 -1 "https://autoportal24.ru/" "Mozilla/5.0 (Windows NT 6.1; WOW64) AppleWebKit/537.36 (KHTML, like Gecko) Chrome/56.0.2924.90 Safari/537.36 2345Explorer/9.3.1.17322"
