176.79.190.245 - - [28/Mar/2024:00:30:07 -0500] "HEAD / HTTP/1.0" 200 -1 "https://wday.com.ua" "Mozilla/5.0 (compatible; Googlebot/2.1; +http://www.google.com/bot.html)"
176.79.190.245 - - [28/Mar/2024:00:30:07 -0500] "HEAD / HTTP/1.0" 200 -1 "https://wday.com.ua" "Mozilla/5.0 (compatible; Googlebot/2.1; +http://www.google.com/bot.html)"
176.79.190.245 - - [28/Mar/2024:00:30:07 -0500] "HEAD / HTTP/1.0" 200 -1 "https://wday.com.ua" "Mozilla/5.0 (compatible; Googlebot/2.1; +http://www.google.com/bot.html)"
176.79.190.245 - - [28/Mar/2024:00:30:07 -0500] "HEAD / HTTP/1.0" 200 -1 "https://wday.com.ua" "Mozilla/5.0 (compatible; Googlebot/2.1; +http://www.google.com/bot.html)"
176.79.190.245 - - [28/Mar/2024:00:30:07 -0500] "HEAD / HTTP/1.0" 200 -1 "https://wday.com.ua" "Mozilla/5.0 (compatible; Googlebot/2.1; +http://www.google.com/bot.html)"
176.79.190.245 - - [28/Mar/2024:00:30:07 -0500] "HEAD / HTTP/1.0" 200 -1 "https://wday.com.ua" "Mozilla/5.0 (compatible; Googlebot/2.1; +http://www.google.com/bot.html)"
176.79.190.245 - - [28/Mar/2024:00:30:07 -0500] "HEAD / HTTP/1.0" 200 -1 "https://wday.com.ua" "Mozilla/5.0 (compatible; Googlebot/2.1; +http://www.google.com/bot.html)"
176.79.190.245 - - [28/Mar/2024:00:30:07 -0500] "HEAD / HTTP/1.0" 200 -1 "https://wday.com.ua" "Mozilla/5.0 (compatible; Googlebot/2.1; +http://www.google.com/bot.html)"
95.216.227.15 - - [28/Mar/2024:00:30:07 -0500] "GET /pub/Stats/usage_202403.html HTTP/1.0" 200 113173 "https://kraken30at.com" "Mozilla/5.0 (Windows NT 10.0; Win64; x64) AppleWebKit/537.36 (KHTML, like Gecko) Chrome/120.0.0.0 Safari/537.36"
95.216.227.15 - - [28/Mar/2024:00:30:10 -0500] "GET /pub/Stats/usage_202403.html HTTP/1.0" 200 113173 "https://vk9at.com" "Mozilla/5.0 (Windows NT 10.0; Win64; x64) AppleWebKit/537.36 (KHTML, like Gecko) Chrome/111.0.0.0 Safari/537.36"
95.216.227.15 - - [28/Mar/2024:00:30:13 -0500] "GET /pub/Stats/usage_202403.html HTTP/1.0" 200 113173 "https://kraken30at.com" "Mozilla/5.0 (Windows NT 10.0; Win64; x64) AppleWebKit/537.36 (KHTML, like Gecko) Chrome/122.0.0.0 Safari/537.36"
46.22.51.77 - - [28/Mar/2024:00:30:16 -0500] "GET / HTTP/1.1" 200 -1 "https://sigs.ru/" "Mozilla/5.0 (Windows NT 10.0; Win64; x64; rv:66.0) Gecko/20100101 Firefox/66.0"
46.22.51.77 - - [28/Mar/2024:00:30:24 -0500] "GET / HTTP/1.1" 200 -1 "https://vesti.spb.ru/" "Mozilla/5.0 (Windows NT 10.0; Win64; x64) AppleWebKit/537.36 (KHTML, like Gecko) Chrome/90.0.4430.72 Safari/537.36 Edg/90.0.818.42"
51.222.253.9 - - [28/Mar/2024:00:30:27 -0500] "GET /deadpage/Fidelity/events/completed_events/chips/2007/images/_vti_cnf/?order=Nx HTTP/1.1" 200 -1 "" "Mozilla/5.0 (compatible; AhrefsBot/7.0; +http://ahrefs.com/robot/)"
46.22.51.77 - - [28/Mar/2024:00:30:28 -0500] "GET / HTTP/1.1" 200 -1 "https://top-chat24.ru/" "Mozilla/5.0 (Windows NT 6.1; Win64; x64) AppleWebKit/537.36 (KHTML, like Gecko) Chrome/88.0.4324.111 YaBrowser/21.2.1.107 Yowser/2.5 Safari/537.36"
46.22.51.77 - - [28/Mar/2024:00:30:31 -0500] "GET / HTTP/1.1" 200 -1 "https://top-chat24.ru/" "Mozilla/5.0 (Windows NT 10.0; Win64; x64) AppleWebKit/537.36 (KHTML, like Gecko) Chrome/92.0.4515.131 Safari/537.36 OPR/78.0.4093.147"
46.22.51.77 - - [28/Mar/2024:00:30:50 -0500] "GET / HTTP/1.1" 200 -1 "https://autoportal24.ru/" "Mozilla/5.0 (Windows NT 6.1; WOW64) AppleWebKit/537.36 (KHTML, like Gecko) Chrome/86.0.4240.114 YaBrowser/20.11.1.86 Yowser/2.5 Safari/537.36"
46.22.51.77 - - [28/Mar/2024:00:30:52 -0500] "GET / HTTP/1.1" 200 -1 "https://top-chat24.ru/" "Mozilla/5.0 (Windows NT 6.1; Win64; x64) AppleWebKit/537.36 (KHTML, like Gecko) Chrome/83.0.4103.116 YaBrowser/20.7.3.100 Yowser/2.5 Safari/537.36"
79.137.204.186 - - [28/Mar/2024:00:31:14 -0500] "GET /pub/Stats/usage_202403.html HTTP/1.0" 200 113173 "https://korpus-mebli.com.ua/" "Mozilla/5.0 (Windows NT 10.0) AppleWebKit/537.36 (KHTML, like Gecko) Chrome/110.0.0.0 Safari/537.36"
79.137.204.186 - - [28/Mar/2024:00:31:17 -0500] "GET /pub/Stats/usage_202403.html HTTP/1.0" 200 113173 "https://korpus-mebli.com.ua/" "Mozilla/5.0 (Windows NT 6.3; Win64; x64) AppleWebKit/537.36 (KHTML, like Gecko) Chrome/113.0.0.0 Safari/537.36"
46.22.51.77 - - [28/Mar/2024:00:31:19 -0500] "GET / HTTP/1.1" 200 -1 "https://top-chat24.ru/" "Mozilla/5.0 (Windows NT 6.1) AppleWebKit/537.36 (KHTML, like Gecko) Chrome/90.0.4430.85 Safari/537.36"
46.22.51.77 - - [28/Mar/2024:00:31:21 -0500] "GET / HTTP/1.1" 200 -1 "https://sigs.ru/" "Mozilla/5.0 (Windows NT 6.1; Win64; x64; rv:83.0) Gecko/20100101 Firefox/83.0"
79.137.204.186 - - [28/Mar/2024:00:31:21 -0500] "GET /pub/Stats/usage_202403.html HTTP/1.0" 200 113173 "https://korpus-mebli.com.ua/" "Mozilla/5.0 (Windows NT 10.0; Win64; x64) AppleWebKit/537.36 (KHTML, like Gecko) Chrome/117.0.0.0 Safari/537.36"
95.216.227.15 - - [28/Mar/2024:00:31:25 -0500] "GET /pub/Stats/usage_202403.html HTTP/1.0" 200 113173 "https://vk9at.com" "Mozilla/5.0 (Windows NT 10.0; Win64; x64) AppleWebKit/537.36 (KHTML, like Gecko) Chrome/120.0.6099.71 Safari/537.36"
46.22.51.77 - - [28/Mar/2024:00:31:27 -0500] "GET / HTTP/1.1" 200 -1 "https://autoportal24.ru/" "Mozilla/5.0 (Windows NT 10.0; Win64; x64) AppleWebKit/537.36 (KHTML, like Gecko) Chrome/62.0.3202.94 Safari/537.36"
95.216.227.15 - - [28/Mar/2024:00:31:28 -0500] "GET /pub/Stats/usage_202403.html HTTP/1.0" 200 113173 "https://vk9at.com" "Mozilla/5.0 (Windows NT 10.0; Win64; x64) AppleWebKit/537.36 (KHTML, like Gecko) Chrome/120.0.0.0 Iron Safari/537.36"
37.139.53.88 - - [28/Mar/2024:00:31:29 -0500] "GET /pub/Stats/usage_202403.html HTTP/1.0" 200 113173 "https://www.bigsexvideo.tube/" "Mozilla/5.0 (Windows NT 10.0; Win64; x64) AppleWebKit/537.36 (KHTML, like Gecko) Chrome/112.0.0.0 Safari/537.36"
95.216.227.15 - - [28/Mar/2024:00:31:31 -0500] "GET /pub/Stats/usage_202403.html HTTP/1.0" 200 113173 "https://xn--krkn-xva44n.com" "Mozilla/5.0 (Windows NT 10.0; Win64; x64) AppleWebKit/537.36 (KHTML, like Gecko) Chrome/112.0.0.0 Safari/537.36"
37.139.53.88 - - [28/Mar/2024:00:31:32 -0500] "GET /pub/Stats/usage_202403.html HTTP/1.0" 200 113173 "https://www.bigsexvideo.tube/" "Mozilla/5.0 (Windows NT 10.0; Win64; x64) AppleWebKit/537.36 (KHTML, like Gecko) Chrome/120.0.6099.71 Safari/537.36"
37.139.53.88 - - [28/Mar/2024:00:31:35 -0500] "GET /pub/Stats/usage_202403.html HTTP/1.0" 200 113173 "https://www.bigsexvideo.tube/" "Mozilla/5.0 (Windows NT 10.0; Win64; x64) AppleWebKit/537.36 (KHTML, like Gecko) Chrome/120.0.6099.71 Safari/537.36"
5.42.65.70 - - [28/Mar/2024:00:31:38 -0500] "GET /pub/Stats/usage_202403.html HTTP/1.0" 200 113173 "https://xn--megab-mdb.com" "Mozilla/5.0 (Windows NT 6.3) AppleWebKit/537.36 (KHTML, like Gecko) Chrome/103.0.0.0 Safari/537.36"
51.222.253.5 - - [28/Mar/2024:00:31:41 -0500] "GET /DeadPage/Fidelity/events/completed_events/_vti_cnf/?order=tnx HTTP/1.1" 200 -1 "" "Mozilla/5.0 (compatible; AhrefsBot/7.0; +http://ahrefs.com/robot/)"
46.22.51.77 - - [28/Mar/2024:00:31:41 -0500] "GET / HTTP/1.1" 200 -1 "https://wmusor.ru/" "Mozilla/5.0 (Windows NT 10.0; Win64; x64) AppleWebKit/537.36 (KHTML, like Gecko) Chrome/88.0.4324.96 Safari/537.36"
46.22.51.77 - - [28/Mar/2024:00:31:46 -0500] "GET / HTTP/1.1" 200 -1 "https://wmusor.ru/" "Mozilla/5.0 (Windows NT 10.0; Win64; x64) AppleWebKit/537.36 (KHTML, like Gecko) Chrome/87.0.4280.141 YaBrowser/20.12.3.140 Yowser/2.5 Safari/537.36"
46.22.51.77 - - [28/Mar/2024:00:31:47 -0500] "GET / HTTP/1.1" 200 -1 "https://sigs.ru/" "Mozilla/5.0 (Windows NT 10.0; WOW64) AppleWebKit/537.36 (KHTML, like Gecko) Chrome/89.0.4389.86 YaBrowser/21.3.1.186 Yowser/2.5 Safari/537.36"
136.243.13.183 - - [28/Mar/2024:00:31:47 -0500] "HEAD /pub/stats/ HTTP/1.0" 200 -1 "https://ausmalbilderdisney.com/" "Mozilla/5.0 (compatible; Googlebot/2.1; +http://www.google.com/bot.html)"
136.243.13.183 - - [28/Mar/2024:00:31:47 -0500] "HEAD /pub/stats/ HTTP/1.0" 200 -1 "https://ausmalbilderdisney.com/" "Mozilla/5.0 (compatible; Googlebot/2.1; +http://www.google.com/bot.html)"
136.243.13.183 - - [28/Mar/2024:00:31:47 -0500] "HEAD /pub/stats/ HTTP/1.0" 200 -1 "https://ausmalbilderdisney.com/" "Mozilla/5.0 (compatible; Googlebot/2.1; +http://www.google.com/bot.html)"
46.22.51.77 - - [28/Mar/2024:00:31:48 -0500] "GET / HTTP/1.1" 200 -1 "https://vesti.spb.ru/" "Mozilla/5.0 (Macintosh; Intel Mac OS X 10_15_4) AppleWebKit/605.1.15 (KHTML, like Gecko) Version/13.1.2 Safari/605.1.15"
46.22.51.77 - - [28/Mar/2024:00:32:03 -0500] "GET / HTTP/1.1" 200 -1 "https://autoportal24.ru/" "Mozilla/5.0 (Windows NT 10.0; Win64; x64) AppleWebKit/537.36 (KHTML, like Gecko) Chrome/92.0.4515.159 Safari/537.36 OPR/78.0.4093.231"
176.79.190.245 - - [28/Mar/2024:00:32:13 -0500] "HEAD / HTTP/1.0" 200 -1 "https://cook.net.ua" "Mozilla/5.0 (compatible; Googlebot/2.1; +http://www.google.com/bot.html)"
176.79.190.245 - - [28/Mar/2024:00:32:13 -0500] "HEAD / HTTP/1.0" 200 -1 "https://cook.net.ua" "Mozilla/5.0 (compatible; Googlebot/2.1; +http://www.google.com/bot.html)"
176.79.190.245 - - [28/Mar/2024:00:32:13 -0500] "HEAD / HTTP/1.0" 200 -1 "https://cook.net.ua" "Mozilla/5.0 (compatible; Googlebot/2.1; +http://www.google.com/bot.html)"
176.79.190.245 - - [28/Mar/2024:00:32:13 -0500] "HEAD / HTTP/1.0" 200 -1 "https://cook.net.ua" "Mozilla/5.0 (compatible; Googlebot/2.1; +http://www.google.com/bot.html)"
176.79.190.245 - - [28/Mar/2024:00:32:13 -0500] "HEAD / HTTP/1.0" 200 -1 "https://cook.net.ua" "Mozilla/5.0 (compatible; Googlebot/2.1; +http://www.google.com/bot.html)"
176.79.190.245 - - [28/Mar/2024:00:32:13 -0500] "HEAD / HTTP/1.0" 200 -1 "https://cook.net.ua" "Mozilla/5.0 (compatible; Googlebot/2.1; +http://www.google.com/bot.html)"
176.79.190.245 - - [28/Mar/2024:00:32:13 -0500] "HEAD / HTTP/1.0" 200 -1 "https://cook.net.ua" "Mozilla/5.0 (compatible; Googlebot/2.1; +http://www.google.com/bot.html)"
176.79.190.245 - - [28/Mar/2024:00:32:13 -0500] "HEAD / HTTP/1.0" 200 -1 "https://cook.net.ua" "Mozilla/5.0 (compatible; Googlebot/2.1; +http://www.google.com/bot.html)"
176.79.190.245 - - [28/Mar/2024:00:32:13 -0500] "HEAD / HTTP/1.0" 200 -1 "https://cook.net.ua" "Mozilla/5.0 (compatible; Googlebot/2.1; +http://www.google.com/bot.html)"
176.79.190.245 - - [28/Mar/2024:00:32:13 -0500] "HEAD / HTTP/1.0" 200 -1 "https://cook.net.ua" "Mozilla/5.0 (compatible; Googlebot/2.1; +http://www.google.com/bot.html)"
176.79.190.245 - - [28/Mar/2024:00:32:13 -0500] "HEAD / HTTP/1.0" 200 -1 "http://birthday.net.ua" "Mozilla/5.0 (compatible; Googlebot/2.1; +http://www.google.com/bot.html)"
176.79.190.245 - - [28/Mar/2024:00:32:13 -0500] "HEAD / HTTP/1.0" 200 -1 "https://cook.net.ua" "Mozilla/5.0 (compatible; Googlebot/2.1; +http://www.google.com/bot.html)"
176.79.190.245 - - [28/Mar/2024:00:32:13 -0500] "HEAD / HTTP/1.0" 200 -1 "https://cook.net.ua" "Mozilla/5.0 (compatible; Googlebot/2.1; +http://www.google.com/bot.html)"
176.79.190.245 - - [28/Mar/2024:00:32:13 -0500] "HEAD / HTTP/1.0" 200 -1 "https://cook.net.ua" "Mozilla/5.0 (compatible; Googlebot/2.1; +http://www.google.com/bot.html)"
176.79.190.245 - - [28/Mar/2024:00:32:13 -0500] "HEAD / HTTP/1.0" 200 -1 "https://cook.net.ua" "Mozilla/5.0 (compatible; Googlebot/2.1; +http://www.google.com/bot.html)"
176.79.190.245 - - [28/Mar/2024:00:32:13 -0500] "HEAD / HTTP/1.0" 200 -1 "https://cook.net.ua" "Mozilla/5.0 (compatible; Googlebot/2.1; +http://www.google.com/bot.html)"
176.79.190.245 - - [28/Mar/2024:00:32:13 -0500] "HEAD / HTTP/1.0" 200 -1 "https://cook.net.ua" "Mozilla/5.0 (compatible; Googlebot/2.1; +http://www.google.com/bot.html)"
176.79.190.245 - - [28/Mar/2024:00:32:13 -0500] "HEAD / HTTP/1.0" 200 -1 "https://cook.net.ua" "Mozilla/5.0 (compatible; Googlebot/2.1; +http://www.google.com/bot.html)"
176.79.190.245 - - [28/Mar/2024:00:32:13 -0500] "HEAD / HTTP/1.0" 200 -1 "https://cook.net.ua" "Mozilla/5.0 (compatible; Googlebot/2.1; +http://www.google.com/bot.html)"
176.79.190.245 - - [28/Mar/2024:00:32:13 -0500] "HEAD / HTTP/1.0" 200 -1 "http://smach.com.ua" "Mozilla/5.0 (compatible; Googlebot/2.1; +http://www.google.com/bot.html)"
176.79.190.245 - - [28/Mar/2024:00:32:13 -0500] "HEAD / HTTP/1.0" 200 -1 "https://cook.net.ua" "Mozilla/5.0 (compatible; Googlebot/2.1; +http://www.google.com/bot.html)"
46.22.51.77 - - [28/Mar/2024:00:32:25 -0500] "GET / HTTP/1.1" 200 -1 "https://wmusor.ru/" "Mozilla/5.0 (Windows NT 10.0; WOW64; Trident/7.0; IE8Mercury; rv:11.0) like Gecko"
46.22.51.77 - - [28/Mar/2024:00:32:37 -0500] "GET / HTTP/1.1" 200 -1 "https://sigs.ru/" "Mozilla/5.0 (Windows NT 6.1; WOW64; rv:40.0) Gecko/20100101 Firefox/40.0"
46.22.51.77 - - [28/Mar/2024:00:32:40 -0500] "GET / HTTP/1.1" 200 -1 "https://top-chat24.ru/" "Mozilla/5.0 (Windows NT 6.1; Win64; x64) AppleWebKit/537.36 (KHTML, like Gecko) Chrome/84.0.4147.89 Safari/537.36"
95.216.227.15 - - [28/Mar/2024:00:32:41 -0500] "GET /pub/Stats/usage_202403.html HTTP/1.0" 200 113173 "https://xn--krkn-xva44n.com" "Mozilla/5.0 (Windows NT 10.0; Win64; x64) AppleWebKit/537.36 (KHTML, like Gecko) Chrome/120.0.0.0 Iron Safari/537.36"
95.216.227.15 - - [28/Mar/2024:00:32:44 -0500] "GET /pub/Stats/usage_202403.html HTTP/1.0" 200 113173 "https://krakenat.com" "Mozilla/5.0 (Windows NT 10.0; Win64; x64) AppleWebKit/537.36 (KHTML, like Gecko) Chrome/117.0.0.0 Iron Safari/537.36"
95.216.227.15 - - [28/Mar/2024:00:32:48 -0500] "GET /pub/Stats/usage_202403.html HTTP/1.0" 200 113173 "https://vk9at.com" "Mozilla/5.0 (Windows NT 6.3; Win64; x64) AppleWebKit/537.36 (KHTML, like Gecko) Chrome/113.0.0.0 Safari/537.36"
46.22.51.77 - - [28/Mar/2024:00:33:07 -0500] "GET / HTTP/1.1" 200 -1 "https://sigs.ru/" "Mozilla/5.0 (Windows NT 10.0; Win64; x64) AppleWebKit/537.36 (KHTML, like Gecko) Chrome/92.0.4515.159 Safari/537.36"
46.22.51.77 - - [28/Mar/2024:00:33:09 -0500] "GET / HTTP/1.1" 200 -1 "https://vesti.spb.ru/" "Mozilla/5.0 (X11; Ubuntu; Linux i686; rv:60.0) Gecko/20100101 Firefox/60.0"
37.139.53.88 - - [28/Mar/2024:00:33:12 -0500] "GET /pub/Stats/usage_202403.html HTTP/1.0" 200 113173 "https://www.bigsexvideo.tube/" "Mozilla/5.0 (Windows NT 10.0; Win64; x64) AppleWebKit/537.36 (KHTML, like Gecko) Chrome/120.0.6099.71 Safari/537.36"
37.139.53.88 - - [28/Mar/2024:00:33:15 -0500] "GET /pub/Stats/usage_202403.html HTTP/1.0" 200 113173 "https://www.bigsexvideo.tube/" "Mozilla/5.0 (Windows NT 10.0; Win64; x64) AppleWebKit/537.36 (KHTML, like Gecko) Chrome/120.0.0.0 Iron Safari/537.36"
37.139.53.88 - - [28/Mar/2024:00:33:18 -0500] "GET /pub/Stats/usage_202403.html HTTP/1.0" 200 113173 "https://www.bigsexvideo.tube/" "Mozilla/5.0 (Windows NT 10.0; Win64; x64) AppleWebKit/537.36 (KHTML, like Gecko) Chrome/122.0.0.0 Safari/537.36"
46.22.51.77 - - [28/Mar/2024:00:33:21 -0500] "GET / HTTP/1.1" 200 -1 "https://vesti.spb.ru/" "Mozilla/5.0 (Windows NT 6.1) AppleWebKit/537.36 (KHTML, like Gecko) Chrome/44.0.2403.157 UBrowser/5.5.5701.114 Safari/537.36"
46.22.51.77 - - [28/Mar/2024:00:33:23 -0500] "GET / HTTP/1.1" 200 -1 "https://sigs.ru/" "Mozilla/5.0 (X11; Ubuntu; Linux i686; rv:28.0) Gecko/20100101 Firefox/28.0"
46.22.51.77 - - [28/Mar/2024:00:33:31 -0500] "GET / HTTP/1.1" 200 -1 "https://wmusor.ru/" "Mozilla/5.0 (Windows NT 10.0; Win64; x64) AppleWebKit/537.36 (KHTML, like Gecko) Chrome/80.0.3987.116 Safari/537.36"
46.22.51.77 - - [28/Mar/2024:00:33:32 -0500] "GET / HTTP/1.1" 200 -1 "https://autoportal24.ru/" "Mozilla/5.0 (Windows NT 6.1; WOW64) AppleWebKit/537.36 (KHTML, like Gecko) Chrome/65.0.3298.4 Safari/537.36"
46.22.51.77 - - [28/Mar/2024:00:33:40 -0500] "GET / HTTP/1.1" 200 -1 "https://autoportal24.ru/" "Mozilla/5.0 (Windows NT 6.1; rv:57.0) Gecko/20100101 Firefox/B8A7"
46.22.51.77 - - [28/Mar/2024:00:33:51 -0500] "GET / HTTP/1.1" 200 -1 "https://autoportal24.ru/" "Mozilla/5.0 (Windows NT 10.0; Win64; x64) AppleWebKit/537.36 (KHTML, like Gecko) Chrome/88.0.4324.150 Safari/537.36"
136.243.13.183 - - [28/Mar/2024:00:33:51 -0500] "HEAD /pub/stats/ HTTP/1.0" 200 -1 "https://fitness-crimea.ru/" "Mozilla/5.0 (compatible; Googlebot/2.1; +http://www.google.com/bot.html)"
136.243.13.183 - - [28/Mar/2024:00:33:51 -0500] "HEAD /pub/stats/ HTTP/1.0" 200 -1 "https://fitness-crimea.ru/" "Mozilla/5.0 (compatible; Googlebot/2.1; +http://www.google.com/bot.html)"
136.243.13.183 - - [28/Mar/2024:00:33:52 -0500] "HEAD /pub/stats/ HTTP/1.0" 200 -1 "https://fitness-crimea.ru/" "Mozilla/5.0 (compatible; Googlebot/2.1; +http://www.google.com/bot.html)"
46.22.51.77 - - [28/Mar/2024:00:33:52 -0500] "GET / HTTP/1.1" 200 -1 "https://top-chat24.ru/" "Mozilla/5.0 (Windows NT 10.0; Win64; x64) AppleWebKit/537.36 (KHTML, like Gecko) Chrome/64.0.3282.140 Safari/537.36"
46.22.51.77 - - [28/Mar/2024:00:33:57 -0500] "GET / HTTP/1.1" 200 -1 "https://vesti.spb.ru/" "Mozilla/5.0 (Windows NT 6.1; WOW64) AppleWebKit/537.36 (KHTML, like Gecko) Chrome/83.0.4103.116 YaBrowser/20.7.3.101 Yowser/2.5 Safari/537.36"
95.216.227.15 - - [28/Mar/2024:00:33:58 -0500] "GET /pub/Stats/usage_202403.html HTTP/1.0" 200 113173 "https://xn--k1-h2s.com" "Mozilla/5.0 (Windows NT 10.0; Win64; x64) AppleWebKit/537.36 (KHTML, like Gecko) Chrome/117.0.5938.132 Safari/537.36"
95.216.227.15 - - [28/Mar/2024:00:34:01 -0500] "GET /pub/Stats/usage_202403.html HTTP/1.0" 200 113173 "https://krakenat.com" "Mozilla/5.0 (Windows NT 10.0; Win64; x64) AppleWebKit/537.36 (KHTML, like Gecko) Chrome/117.0.0.0 Iron Safari/537.36"
95.216.227.15 - - [28/Mar/2024:00:34:04 -0500] "GET /pub/Stats/usage_202403.html HTTP/1.0" 200 113173 "https://xn--krkn-xva44n.com" "Mozilla/5.0 (Windows NT 10.0; Win64; x64) AppleWebKit/537.36 (KHTML, like Gecko) Chrome/120.0.6099.71 Safari/537.36"
46.22.51.77 - - [28/Mar/2024:00:34:04 -0500] "GET / HTTP/1.1" 200 -1 "https://vesti.spb.ru/" "Mozilla/5.0 (Windows NT 10.0; Win64; x64) AppleWebKit/537.36 (KHTML, like Gecko) Chrome/88.0.4324.182 Safari/537.36 Edg/88.0.705.81"
46.22.51.77 - - [28/Mar/2024:00:34:11 -0500] "GET / HTTP/1.1" 200 -1 "https://top-chat24.ru/" "Mozilla/5.0 (Windows NT 10.0; Win64; x64) AppleWebKit/537.36 (KHTML, like Gecko) Chrome/62.0.3202.94 Safari/537.36"
176.79.190.245 - - [28/Mar/2024:00:34:14 -0500] "HEAD / HTTP/1.0" 200 -1 "http://smach.com.ua" "Mozilla/5.0 (compatible; Googlebot/2.1; +http://www.google.com/bot.html)"
176.79.190.245 - - [28/Mar/2024:00:34:14 -0500] "HEAD / HTTP/1.0" 200 -1 "http://smach.com.ua" "Mozilla/5.0 (compatible; Googlebot/2.1; +http://www.google.com/bot.html)"
176.79.190.245 - - [28/Mar/2024:00:34:14 -0500] "HEAD / HTTP/1.0" 200 -1 "http://edim.com.ua" "Mozilla/5.0 (compatible; Googlebot/2.1; +http://www.google.com/bot.html)"
176.79.190.245 - - [28/Mar/2024:00:34:14 -0500] "HEAD / HTTP/1.0" 200 -1 "http://smach.com.ua" "Mozilla/5.0 (compatible; Googlebot/2.1; +http://www.google.com/bot.html)"
176.79.190.245 - - [28/Mar/2024:00:34:14 -0500] "HEAD / HTTP/1.0" 200 -1 "http://smach.com.ua" "Mozilla/5.0 (compatible; Googlebot/2.1; +http://www.google.com/bot.html)"
176.79.190.245 - - [28/Mar/2024:00:34:14 -0500] "HEAD / HTTP/1.0" 200 -1 "http://smach.com.ua" "Mozilla/5.0 (compatible; Googlebot/2.1; +http://www.google.com/bot.html)"
176.79.190.245 - - [28/Mar/2024:00:34:14 -0500] "HEAD / HTTP/1.0" 200 -1 "http://smach.com.ua" "Mozilla/5.0 (compatible; Googlebot/2.1; +http://www.google.com/bot.html)"
176.79.190.245 - - [28/Mar/2024:00:34:14 -0500] "HEAD / HTTP/1.0" 200 -1 "http://birthday.net.ua" "Mozilla/5.0 (compatible; Googlebot/2.1; +http://www.google.com/bot.html)"
176.79.190.245 - - [28/Mar/2024:00:34:14 -0500] "HEAD / HTTP/1.0" 200 -1 "http://smach.com.ua" "Mozilla/5.0 (compatible; Googlebot/2.1; +http://www.google.com/bot.html)"
176.79.190.245 - - [28/Mar/2024:00:34:14 -0500] "HEAD / HTTP/1.0" 200 -1 "http://smach.com.ua" "Mozilla/5.0 (compatible; Googlebot/2.1; +http://www.google.com/bot.html)"
176.79.190.245 - - [28/Mar/2024:00:34:14 -0500] "HEAD / HTTP/1.0" 200 -1 "http://smach.com.ua" "Mozilla/5.0 (compatible; Googlebot/2.1; +http://www.google.com/bot.html)"
176.79.190.245 - - [28/Mar/2024:00:34:14 -0500] "HEAD / HTTP/1.0" 200 -1 "http://smach.com.ua" "Mozilla/5.0 (compatible; Googlebot/2.1; +http://www.google.com/bot.html)"
176.79.190.245 - - [28/Mar/2024:00:34:14 -0500] "HEAD / HTTP/1.0" 200 -1 "http://smach.com.ua" "Mozilla/5.0 (compatible; Googlebot/2.1; +http://www.google.com/bot.html)"
176.79.190.245 - - [28/Mar/2024:00:34:14 -0500] "HEAD / HTTP/1.0" 200 -1 "http://smach.com.ua" "Mozilla/5.0 (compatible; Googlebot/2.1; +http://www.google.com/bot.html)"
176.79.190.245 - - [28/Mar/2024:00:34:14 -0500] "HEAD / HTTP/1.0" 200 -1 "http://smach.com.ua" "Mozilla/5.0 (compatible; Googlebot/2.1; +http://www.google.com/bot.html)"
176.79.190.245 - - [28/Mar/2024:00:34:14 -0500] "HEAD / HTTP/1.0" 200 -1 "http://smach.com.ua" "Mozilla/5.0 (compatible; Googlebot/2.1; +http://www.google.com/bot.html)"
176.79.190.245 - - [28/Mar/2024:00:34:14 -0500] "HEAD / HTTP/1.0" 200 -1 "http://smach.com.ua" "Mozilla/5.0 (compatible; Googlebot/2.1; +http://www.google.com/bot.html)"
176.79.190.245 - - [28/Mar/2024:00:34:14 -0500] "HEAD / HTTP/1.0" 200 -1 "http://smach.com.ua" "Mozilla/5.0 (compatible; Googlebot/2.1; +http://www.google.com/bot.html)"
176.79.190.245 - - [28/Mar/2024:00:34:14 -0500] "HEAD / HTTP/1.0" 200 -1 "http://smach.com.ua" "Mozilla/5.0 (compatible; Googlebot/2.1; +http://www.google.com/bot.html)"
176.79.190.245 - - [28/Mar/2024:00:34:14 -0500] "HEAD / HTTP/1.0" 200 -1 "http://smach.com.ua" "Mozilla/5.0 (compatible; Googlebot/2.1; +http://www.google.com/bot.html)"
176.79.190.245 - - [28/Mar/2024:00:34:14 -0500] "HEAD / HTTP/1.0" 200 -1 "http://smach.com.ua" "Mozilla/5.0 (compatible; Googlebot/2.1; +http://www.google.com/bot.html)"
46.22.51.77 - - [28/Mar/2024:00:34:23 -0500] "GET / HTTP/1.1" 200 -1 "https://wmusor.ru/" "Mozilla/5.0 (Windows NT 6.1) AppleWebKit/537.36 (KHTML, like Gecko) Chrome/85.0.4183.102 YaBrowser/20.9.1.110 Yowser/2.5 Safari/537.36"
46.22.51.77 - - [28/Mar/2024:00:34:34 -0500] "GET / HTTP/1.1" 200 -1 "https://wmusor.ru/" "Mozilla/5.0 (Windows NT 10.0; Win64; x64) AppleWebKit/537.36 (KHTML, like Gecko) Chrome/76.0.3809.100 Safari/537.36"
46.22.51.77 - - [28/Mar/2024:00:34:36 -0500] "GET / HTTP/1.1" 200 -1 "https://top-chat24.ru/" "Mozilla/5.0 (Windows NT 6.3; WOW64) AppleWebKit/537.36 (KHTML, like Gecko) Chrome/85.0.4183.102 YaBrowser/20.9.3.136 Yowser/2.5 Safari/537.36"
5.42.65.70 - - [28/Mar/2024:00:34:37 -0500] "GET /pub/Stats/usage_202403.html HTTP/1.0" 200 113173 "https://xn--megab-mdb.com" "Mozilla/5.0 (Windows NT 6.3; Win64; x64) AppleWebKit/537.36 (KHTML, like Gecko) Chrome/103.0.5060.66 Safari/537.36"
46.22.51.77 - - [28/Mar/2024:00:34:46 -0500] "GET / HTTP/1.1" 200 -1 "https://autoportal24.ru/" "Mozilla/5.0 (Windows NT 10.0; Win64; x64) AppleWebKit/537.36 (KHTML, like Gecko) Chrome/84.0.4147.86 YaBrowser/20.8.0.894 Yowser/2.5 Safari/537.36"
37.139.53.88 - - [28/Mar/2024:00:34:57 -0500] "GET /pub/Stats/usage_202403.html HTTP/1.0" 200 113173 "https://www.bigsexvideo.tube/" "Mozilla/5.0 (Windows NT 6.1; Win64; x64) AppleWebKit/537.36 (KHTML, like Gecko) Chrome/109.0.0.0 Safari/537.36"
37.139.53.88 - - [28/Mar/2024:00:34:59 -0500] "GET /pub/Stats/usage_202403.html HTTP/1.0" 200 113173 "https://www.bigsexvideo.tube/" "Mozilla/5.0 (Windows NT 10.0; Win64; x64) AppleWebKit/537.36 (KHTML, like Gecko) Chrome/121.0.0.0 Safari/537.36"
37.139.53.88 - - [28/Mar/2024:00:35:02 -0500] "GET /pub/Stats/usage_202403.html HTTP/1.0" 200 113173 "https://www.bigsexvideo.tube/" "Mozilla/5.0 (Windows NT 10.0; Win64; x64) AppleWebKit/537.36 (KHTML, like Gecko) Chrome/120.0.0.0 Safari/537.36"
46.22.51.77 - - [28/Mar/2024:00:35:04 -0500] "GET / HTTP/1.1" 200 -1 "https://sigs.ru/" "Mozilla/5.0 (Windows NT 10.0; Win64; x64; rv:77.0) Gecko/20100101 Firefox/77.0"
79.137.204.186 - - [28/Mar/2024:00:35:05 -0500] "GET /pub/Stats/usage_202403.html HTTP/1.0" 200 113173 "https://korpus-mebli.com.ua/" "Mozilla/5.0 (Windows NT 10.0; Win64; x64) AppleWebKit/537.36 (KHTML, like Gecko) Chrome/120.0.0.0 Iron Safari/537.36"
79.137.204.186 - - [28/Mar/2024:00:35:08 -0500] "GET /pub/Stats/usage_202403.html HTTP/1.0" 200 113173 "https://korpus-mebli.com.ua/" "Mozilla/5.0 (Windows NT 10.0; Win64; x64) AppleWebKit/537.36 (KHTML, like Gecko) Chrome/120.0.6099.71 Safari/537.36"
79.137.204.186 - - [28/Mar/2024:00:35:11 -0500] "GET /pub/Stats/usage_202403.html HTTP/1.0" 200 113173 "https://korpus-mebli.com.ua/" "Mozilla/5.0 (Windows NT 10.0; Win64; x64) AppleWebKit/537.36 (KHTML, like Gecko) Chrome/121.0.0.0 Safari/537.36"
46.22.51.77 - - [28/Mar/2024:00:35:12 -0500] "GET / HTTP/1.1" 200 -1 "https://sigs.ru/" "Mozilla/5.0 (Windows NT 10.0; WOW64) AppleWebKit/537.36 (KHTML, like Gecko) Chrome/91.0.4472.164 YaBrowser/21.6.4.787 Yowser/2.5 Safari/537.36"
46.22.51.77 - - [28/Mar/2024:00:35:13 -0500] "GET / HTTP/1.1" 200 -1 "https://autoportal24.ru/" "Mozilla/5.0 (Windows NT 6.3; Win64; x64; rv:87.0) Gecko/20100101 Firefox/87.0"
95.216.227.15 - - [28/Mar/2024:00:35:14 -0500] "GET /pub/Stats/usage_202403.html HTTP/1.0" 200 113173 "https://krakenat.com" "Mozilla/5.0 (Windows NT 10.0; Win64; x64) AppleWebKit/537.36 (KHTML, like Gecko) Chrome/117.0.0.0 Iron Safari/537.36"
95.216.227.15 - - [28/Mar/2024:00:35:18 -0500] "GET /pub/Stats/usage_202403.html HTTP/1.0" 200 113173 "https://krakenat.com" "Mozilla/5.0 (Windows NT 11.0; WOW64) AppleWebKit/537.36 (KHTML, like Gecko) Chrome/114.0.5814.214 Safari/537.36"
95.216.227.15 - - [28/Mar/2024:00:35:21 -0500] "GET /pub/Stats/usage_202403.html HTTP/1.0" 200 113173 "https://krakenat.com" "Mozilla/5.0 (Windows NT 10.0; Win64; x64) AppleWebKit/537.36 (KHTML, like Gecko) Chrome/121.0.0.0 Safari/537.36"
46.22.51.77 - - [28/Mar/2024:00:35:38 -0500] "GET / HTTP/1.1" 200 -1 "https://vesti.spb.ru/" "Mozilla/5.0 (Windows NT 5.1) AppleWebKit/537.36 (KHTML, like Gecko) Chrome/57.0.2987.137 YaBrowser/17.4.1.1026 Yowser/2.5 Safari/537.36"
46.22.51.77 - - [28/Mar/2024:00:35:40 -0500] "GET / HTTP/1.1" 200 -1 "https://top-chat24.ru/" "Mozilla/5.0 (Windows NT 6.1; WOW64) AppleWebKit/537.36 (KHTML, like Gecko) Chrome/89.0.4389.86 YaBrowser/21.3.0.673 Yowser/2.5 Safari/537.36"
46.22.51.77 - - [28/Mar/2024:00:35:44 -0500] "GET / HTTP/1.1" 200 -1 "https://top-chat24.ru/" "Mozilla/5.0 (X11; Linux x86_64) AppleWebKit/537.36 (KHTML, like Gecko) Chrome/66.0.3359.139 Safari/537.36 OPR/53.0.2907.37"
46.22.51.77 - - [28/Mar/2024:00:35:50 -0500] "GET / HTTP/1.1" 200 -1 "https://sigs.ru/" "Mozilla/5.0 (X11; Linux x86_64) AppleWebKit/537.36 (KHTML, like Gecko) Chrome/79.0.3945.79 Safari/537.36"
46.22.51.77 - - [28/Mar/2024:00:35:55 -0500] "GET / HTTP/1.1" 200 -1 "https://sigs.ru/" "Mozilla/5.0 (Windows NT 10.0; Win64; x64) AppleWebKit/537.36 (KHTML, like Gecko) Chrome/83.0.4103.106 YaBrowser/20.7.1.70 Yowser/2.5 Yptp/1.23 Safari/537.36"
46.22.51.77 - - [28/Mar/2024:00:36:05 -0500] "GET / HTTP/1.1" 200 -1 "https://autoportal24.ru/" "Mozilla/5.0 (Windows NT 10.0; Win64; x64) AppleWebKit/537.36 (KHTML, like Gecko) Chrome/90.0.4430.212 YaBrowser/21.5.2.638 Yowser/2.5 Safari/537.36"
46.22.51.77 - - [28/Mar/2024:00:36:13 -0500] "GET / HTTP/1.1" 200 -1 "https://wmusor.ru/" "Mozilla/5.0 (Windows NT 10.0; WOW64) AppleWebKit/537.36 (KHTML, like Gecko) Chrome/90.0.4430.212 YaBrowser/21.5.3.740 Yowser/2.5 Safari/537.36"
46.22.51.77 - - [28/Mar/2024:00:36:17 -0500] "GET / HTTP/1.1" 200 -1 "https://top-chat24.ru/" "Mozilla/5.0 (Macintosh; Intel Mac OS X 10_15_7) AppleWebKit/537.36 (KHTML, like Gecko) Chrome/89.0.4389.90 Safari/537.36"
136.243.13.183 - - [28/Mar/2024:00:36:18 -0500] "HEAD /pub/stats/ HTTP/1.0" 200 -1 "https://coloriage-carnaval.com/" "Mozilla/5.0 (compatible; Googlebot/2.1; +http://www.google.com/bot.html)"
136.243.13.183 - - [28/Mar/2024:00:36:18 -0500] "HEAD /pub/stats/ HTTP/1.0" 200 -1 "https://coloriage-carnaval.com/" "Mozilla/5.0 (compatible; Googlebot/2.1; +http://www.google.com/bot.html)"
136.243.13.183 - - [28/Mar/2024:00:36:18 -0500] "HEAD /pub/stats/ HTTP/1.0" 200 -1 "https://coloriage-carnaval.com/" "Mozilla/5.0 (compatible; Googlebot/2.1; +http://www.google.com/bot.html)"
46.22.51.77 - - [28/Mar/2024:00:36:21 -0500] "GET / HTTP/1.1" 200 -1 "https://wmusor.ru/" "Mozilla/5.0 (Windows NT 10.0; Win64; x64) AppleWebKit/537.36 (KHTML, like Gecko) Chrome/88.0.4324.146 Safari/537.36"
95.216.227.15 - - [28/Mar/2024:00:36:31 -0500] "GET /pub/Stats/usage_202403.html HTTP/1.0" 200 113173 "https://kraken30at.com" "Mozilla/5.0 (Windows NT 10.0; Win64; x64) AppleWebKit/537.36 (KHTML, like Gecko) Chrome/120.0.6099.71 Safari/537.36"
176.79.190.245 - - [28/Mar/2024:00:36:33 -0500] "HEAD / HTTP/1.0" 200 -1 "http://birthday.net.ua" "Mozilla/5.0 (compatible; Googlebot/2.1; +http://www.google.com/bot.html)"
176.79.190.245 - - [28/Mar/2024:00:36:33 -0500] "HEAD / HTTP/1.0" 200 -1 "http://birthday.net.ua" "Mozilla/5.0 (compatible; Googlebot/2.1; +http://www.google.com/bot.html)"
176.79.190.245 - - [28/Mar/2024:00:36:33 -0500] "HEAD / HTTP/1.0" 200 -1 "http://edim.com.ua" "Mozilla/5.0 (compatible; Googlebot/2.1; +http://www.google.com/bot.html)"
176.79.190.245 - - [28/Mar/2024:00:36:33 -0500] "HEAD / HTTP/1.0" 200 -1 "http://birthday.net.ua" "Mozilla/5.0 (compatible; Googlebot/2.1; +http://www.google.com/bot.html)"
176.79.190.245 - - [28/Mar/2024:00:36:33 -0500] "HEAD / HTTP/1.0" 200 -1 "http://birthday.net.ua" "Mozilla/5.0 (compatible; Googlebot/2.1; +http://www.google.com/bot.html)"
176.79.190.245 - - [28/Mar/2024:00:36:33 -0500] "HEAD / HTTP/1.0" 200 -1 "http://birthday.net.ua" "Mozilla/5.0 (compatible; Googlebot/2.1; +http://www.google.com/bot.html)"
176.79.190.245 - - [28/Mar/2024:00:36:33 -0500] "HEAD / HTTP/1.0" 200 -1 "http://birthday.net.ua" "Mozilla/5.0 (compatible; Googlebot/2.1; +http://www.google.com/bot.html)"
176.79.190.245 - - [28/Mar/2024:00:36:33 -0500] "HEAD / HTTP/1.0" 200 -1 "http://birthday.net.ua" "Mozilla/5.0 (compatible; Googlebot/2.1; +http://www.google.com/bot.html)"
176.79.190.245 - - [28/Mar/2024:00:36:33 -0500] "HEAD / HTTP/1.0" 200 -1 "http://birthday.net.ua" "Mozilla/5.0 (compatible; Googlebot/2.1; +http://www.google.com/bot.html)"
176.79.190.245 - - [28/Mar/2024:00:36:33 -0500] "HEAD / HTTP/1.0" 200 -1 "http://birthday.net.ua" "Mozilla/5.0 (compatible; Googlebot/2.1; +http://www.google.com/bot.html)"
176.79.190.245 - - [28/Mar/2024:00:36:33 -0500] "HEAD / HTTP/1.0" 200 -1 "http://birthday.net.ua" "Mozilla/5.0 (compatible; Googlebot/2.1; +http://www.google.com/bot.html)"
176.79.190.245 - - [28/Mar/2024:00:36:33 -0500] "HEAD / HTTP/1.0" 200 -1 "http://birthday.net.ua" "Mozilla/5.0 (compatible; Googlebot/2.1; +http://www.google.com/bot.html)"
176.79.190.245 - - [28/Mar/2024:00:36:33 -0500] "HEAD / HTTP/1.0" 200 -1 "http://birthday.net.ua" "Mozilla/5.0 (compatible; Googlebot/2.1; +http://www.google.com/bot.html)"
176.79.190.245 - - [28/Mar/2024:00:36:33 -0500] "HEAD / HTTP/1.0" 200 -1 "http://birthday.net.ua" "Mozilla/5.0 (compatible; Googlebot/2.1; +http://www.google.com/bot.html)"
176.79.190.245 - - [28/Mar/2024:00:36:33 -0500] "HEAD / HTTP/1.0" 200 -1 "http://birthday.net.ua" "Mozilla/5.0 (compatible; Googlebot/2.1; +http://www.google.com/bot.html)"
176.79.190.245 - - [28/Mar/2024:00:36:33 -0500] "HEAD / HTTP/1.0" 200 -1 "http://birthday.net.ua" "Mozilla/5.0 (compatible; Googlebot/2.1; +http://www.google.com/bot.html)"
176.79.190.245 - - [28/Mar/2024:00:36:33 -0500] "HEAD / HTTP/1.0" 200 -1 "http://birthday.net.ua" "Mozilla/5.0 (compatible; Googlebot/2.1; +http://www.google.com/bot.html)"
176.79.190.245 - - [28/Mar/2024:00:36:33 -0500] "HEAD / HTTP/1.0" 200 -1 "http://birthday.net.ua" "Mozilla/5.0 (compatible; Googlebot/2.1; +http://www.google.com/bot.html)"
176.79.190.245 - - [28/Mar/2024:00:36:33 -0500] "HEAD / HTTP/1.0" 200 -1 "http://birthday.net.ua" "Mozilla/5.0 (compatible; Googlebot/2.1; +http://www.google.com/bot.html)"
176.79.190.245 - - [28/Mar/2024:00:36:33 -0500] "HEAD / HTTP/1.0" 200 -1 "http://birthday.net.ua" "Mozilla/5.0 (compatible; Googlebot/2.1; +http://www.google.com/bot.html)"
176.79.190.245 - - [28/Mar/2024:00:36:33 -0500] "HEAD / HTTP/1.0" 200 -1 "https://vitalka.net.ua" "Mozilla/5.0 (compatible; Googlebot/2.1; +http://www.google.com/bot.html)"
95.216.227.15 - - [28/Mar/2024:00:36:35 -0500] "GET /pub/Stats/usage_202403.html HTTP/1.0" 200 113173 "https://kraken30at.com" "Mozilla/5.0 (Windows NT 11.0; WOW64) AppleWebKit/537.36 (KHTML, like Gecko) Chrome/114.0.5814.214 Safari/537.36"
46.22.51.77 - - [28/Mar/2024:00:36:37 -0500] "GET / HTTP/1.1" 200 -1 "https://vesti.spb.ru/" "Mozilla/5.0 (Macintosh; Intel Mac OS X 10_15_7) AppleWebKit/537.36 (KHTML, like Gecko) Chrome/85.0.4183.121 Safari/537.36"
95.216.227.15 - - [28/Mar/2024:00:36:37 -0500] "GET /pub/Stats/usage_202403.html HTTP/1.0" 200 113173 "https://xn--k1-h2s.com" "Mozilla/5.0 (Windows NT 10.0; Win64; x64) AppleWebKit/537.36 (KHTML, like Gecko) Chrome/111.0.0.0 Safari/537.36"
37.139.53.88 - - [28/Mar/2024:00:36:40 -0500] "GET /pub/Stats/usage_202403.html HTTP/1.0" 200 113173 "https://www.bigsexvideo.tube/" "Mozilla/5.0 (Windows NT 10.0; Win64; x64) AppleWebKit/537.36 (KHTML, like Gecko) Chrome/117.0.0.0 Safari/537.36"
46.22.51.77 - - [28/Mar/2024:00:36:40 -0500] "GET / HTTP/1.1" 200 -1 "https://autoportal24.ru/" "Mozilla/5.0 (Windows NT 10.0; Win64; x64) AppleWebKit/537.36 (KHTML, like Gecko) Chrome/91.0.4472.164 Safari/537.36"
37.139.53.88 - - [28/Mar/2024:00:36:43 -0500] "GET /pub/Stats/usage_202403.html HTTP/1.0" 200 113173 "https://www.bigsexvideo.tube/" "Mozilla/5.0 (Windows NT 10.0; Win64; x64) AppleWebKit/537.36 (KHTML, like Gecko) Chrome/121.0.0.0 Safari/537.36"
37.139.53.88 - - [28/Mar/2024:00:36:46 -0500] "GET /pub/Stats/usage_202403.html HTTP/1.0" 200 113173 "https://www.bigsexvideo.tube/" "Mozilla/5.0 (Windows NT 10.0; Win64; x64) AppleWebKit/537.36 (KHTML, like Gecko) Chrome/121.0.0.0 Safari/537.36"
46.22.51.77 - - [28/Mar/2024:00:36:49 -0500] "GET / HTTP/1.1" 200 -1 "https://vesti.spb.ru/" "Mozilla/5.0 (Windows NT 6.1; WOW64) AppleWebKit/537.36 (KHTML, like Gecko) Chrome/92.0.4515.159 YaBrowser/21.8.3.607 Yowser/2.5 Safari/537.36"
46.22.51.77 - - [28/Mar/2024:00:37:13 -0500] "GET / HTTP/1.1" 200 -1 "https://vesti.spb.ru/" "Mozilla/5.0 (Macintosh; Intel Mac OS X 10_15_6) AppleWebKit/605.1.15 (KHTML, like Gecko) Version/14.0.3 Safari/605.1.15"
46.22.51.77 - - [28/Mar/2024:00:37:16 -0500] "GET / HTTP/1.1" 200 -1 "https://wmusor.ru/" "Mozilla/5.0 (Windows NT 10.0; Win64; x64) AppleWebKit/537.36 (KHTML, like Gecko) Chrome/86.0.4240.198 Safari/537.36 Edg/86.0.622.69"
46.22.51.77 - - [28/Mar/2024:00:37:33 -0500] "GET / HTTP/1.1" 200 -1 "https://top-chat24.ru/" "Mozilla/5.0 (Windows NT 10.0; Win64; x64) AppleWebKit/537.36 (KHTML, like Gecko) Chrome/88.0.4324.152 YaBrowser/21.2.3.100 Yowser/2.5 Safari/537.36"
5.42.65.70 - - [28/Mar/2024:00:37:36 -0500] "GET /pub/Stats/usage_202403.html HTTP/1.0" 200 113173 "https://xn--megab-mdb.com" "Mozilla/5.0 (Windows NT 10.0; Win64; x64) AppleWebKit/537.36 (KHTML, like Gecko) Chrome/103.0.5060.66 Safari/537.36"
46.22.51.77 - - [28/Mar/2024:00:37:36 -0500] "GET / HTTP/1.1" 200 -1 "https://vesti.spb.ru/" "Mozilla/5.0 (X11; Linux x86_64; rv:52.9) Gecko/20100101 Goanna/3.4 Firefox/52.9 PaleMoon/27.9.3"
46.22.51.77 - - [28/Mar/2024:00:37:42 -0500] "GET / HTTP/1.1" 200 -1 "https://wmusor.ru/" "Mozilla/5.0 (Windows NT 10.0; WOW64) AppleWebKit/537.36 (KHTML, like Gecko) Chrome/81.0.4044.138 Safari/537.36 OPR/68.0.3618.173 (Edition Yx)"
46.22.51.77 - - [28/Mar/2024:00:37:45 -0500] "GET / HTTP/1.1" 200 -1 "https://sigs.ru/" "Mozilla/5.0 (Windows NT 10.0; WOW64) AppleWebKit/537.36 (KHTML, like Gecko) Chrome/85.0.4183.102 YaBrowser/20.9.3.136 Yowser/2.5 Safari/537.36"
46.22.51.77 - - [28/Mar/2024:00:37:46 -0500] "GET / HTTP/1.1" 200 -1 "https://vesti.spb.ru/" "Mozilla/5.0 (Windows NT 10.0; Win64; x64) AppleWebKit/537.36 (KHTML, like Gecko) Chrome/84.0.4147.105 Safari/537.36"
95.216.227.15 - - [28/Mar/2024:00:37:47 -0500] "GET /pub/Stats/usage_202403.html HTTP/1.0" 200 113173 "https://kraken30at.com" "Mozilla/5.0 (Windows NT 10.0; Win64; x64) AppleWebKit/537.36 (KHTML, like Gecko) Chrome/116.0.0.0 Safari/537.36"
136.243.13.183 - - [28/Mar/2024:00:37:47 -0500] "HEAD /pub/stats/ HTTP/1.0" 200 -1 "https://apkzavr.com/" "Mozilla/5.0 (compatible; Googlebot/2.1; +http://www.google.com/bot.html)"
136.243.13.183 - - [28/Mar/2024:00:37:47 -0500] "HEAD /pub/stats/ HTTP/1.0" 200 -1 "https://apkzavr.com/" "Mozilla/5.0 (compatible; Googlebot/2.1; +http://www.google.com/bot.html)"
136.243.13.183 - - [28/Mar/2024:00:37:48 -0500] "HEAD /pub/stats/ HTTP/1.0" 200 -1 "https://apkzavr.com/" "Mozilla/5.0 (compatible; Googlebot/2.1; +http://www.google.com/bot.html)"
95.216.227.15 - - [28/Mar/2024:00:37:50 -0500] "GET /pub/Stats/usage_202403.html HTTP/1.0" 200 113173 "https://xn--krkn-xva44n.com" "Mozilla/5.0 (Windows NT 10.0; Win64; x64) AppleWebKit/537.36 (KHTML, like Gecko) Chrome/120.0.0.0 Iron Safari/537.36"
95.216.227.15 - - [28/Mar/2024:00:37:53 -0500] "GET /pub/Stats/usage_202403.html HTTP/1.0" 200 113173 "https://kraken30at.com" "Mozilla/5.0 (Windows NT 10.0; Win64; x64) AppleWebKit/537.36 (KHTML, like Gecko) Chrome/120.0.6099.71 Safari/537.36"
46.22.51.77 - - [28/Mar/2024:00:37:55 -0500] "GET / HTTP/1.1" 200 -1 "https://sigs.ru/" "Mozilla/5.0 (Windows NT 6.1; WOW64) AppleWebKit/537.36 (KHTML, like Gecko) Chrome/84.0.4147.86 YaBrowser/20.8.0.903 Yowser/2.5 Safari/537.36"
46.22.51.77 - - [28/Mar/2024:00:37:59 -0500] "GET / HTTP/1.1" 200 -1 "https://top-chat24.ru/" "Mozilla/5.0 (Windows NT 10.0; WOW64) AppleWebKit/537.36 (KHTML, like Gecko) Chrome/61.0.3163.79 Safari/537.36 Maxthon/5.2.3.2000"
46.22.51.77 - - [28/Mar/2024:00:38:05 -0500] "GET / HTTP/1.1" 200 -1 "https://wmusor.ru/" "Mozilla/5.0 (Windows NT 10.0; Win64; x64) AppleWebKit/537.36 (KHTML, like Gecko) Chrome/90.0.4430.93 Safari/537.36 Edg/90.0.818.51"
46.22.51.77 - - [28/Mar/2024:00:38:08 -0500] "GET / HTTP/1.1" 200 -1 "https://vesti.spb.ru/" "Mozilla/5.0 (Windows NT 10.0; WOW64) AppleWebKit/537.36 (KHTML, like Gecko) Chrome/63.0.3239.26 Safari/537.36 Core/1.63.5408.400 QQBrowser/10.1.1430.400"
46.22.51.77 - - [28/Mar/2024:00:38:23 -0500] "GET / HTTP/1.1" 200 -1 "https://wmusor.ru/" "Mozilla/5.0 (Windows NT 10.0; WOW64) AppleWebKit/537.36 (KHTML, like Gecko) Chrome/90.0.4430.72 YaBrowser/21.5.1.355 Yowser/2.5 Safari/537.36"
37.139.53.88 - - [28/Mar/2024:00:38:23 -0500] "GET /pub/Stats/usage_202403.html HTTP/1.0" 200 113173 "https://www.bigsexvideo.tube/" "Mozilla/5.0 (Windows NT 10.0; Win64; x64) AppleWebKit/537.36 (KHTML, like Gecko) Chrome/111.0.0.0 Safari/537.36"
37.139.53.88 - - [28/Mar/2024:00:38:26 -0500] "GET /pub/Stats/usage_202403.html HTTP/1.0" 200 113173 "https://www.bigsexvideo.tube/" "Mozilla/5.0 (Windows NT 10.0; Win64; x64) AppleWebKit/537.36 (KHTML, like Gecko) Chrome/112.0.0.0 Safari/537.36"
46.22.51.77 - - [28/Mar/2024:00:38:28 -0500] "GET / HTTP/1.1" 200 -1 "https://autoportal24.ru/" "Mozilla/5.0 (Windows NT 10.0; Win64; x64) AppleWebKit/537.36 (KHTML, like Gecko) Chrome/89.0.4389.114 Safari/537.36"
37.139.53.88 - - [28/Mar/2024:00:38:28 -0500] "GET /pub/Stats/usage_202403.html HTTP/1.0" 200 113173 "https://www.bigsexvideo.tube/" "Mozilla/5.0 (Windows NT 10.0; Win64; x64) AppleWebKit/537.36 (KHTML, like Gecko) Chrome/122.0.0.0 Safari/537.36"
46.22.51.77 - - [28/Mar/2024:00:38:35 -0500] "GET / HTTP/1.1" 200 -1 "https://sigs.ru/" "Mozilla/5.0 (Windows NT 10.0; WOW64) AppleWebKit/537.36 (KHTML, like Gecko) Chrome/68.0.3423.2 Safari/537.36"
46.22.51.77 - - [28/Mar/2024:00:38:51 -0500] "GET / HTTP/1.1" 200 -1 "https://autoportal24.ru/" "Mozilla/5.0 (Windows NT 10.0; WOW64) AppleWebKit/537.36 (KHTML, like Gecko) Chrome/90.0.4430.85 Safari/537.36"
79.137.204.186 - - [28/Mar/2024:00:38:55 -0500] "GET /pub/Stats/usage_202403.html HTTP/1.0" 200 113173 "https://korpus-mebli.com.ua/" "Mozilla/5.0 (Windows NT 6.3; Win64; x64) AppleWebKit/537.36 (KHTML, like Gecko) Chrome/113.0.0.0 Safari/537.36"
79.137.204.186 - - [28/Mar/2024:00:38:58 -0500] "GET /pub/Stats/usage_202403.html HTTP/1.0" 200 113173 "https://korpus-mebli.com.ua/" "Mozilla/5.0 (Windows NT 10.0; Win64; x64) AppleWebKit/537.36 (KHTML, like Gecko) Chrome/119.0.0.0 Safari/537.36"
46.22.51.77 - - [28/Mar/2024:00:39:00 -0500] "GET / HTTP/1.1" 200 -1 "https://autoportal24.ru/" "Mozilla/5.0 (Windows NT 10.0; Win64; x64; rv:66.0) Gecko/20100101 Firefox/66.0"
79.137.204.186 - - [28/Mar/2024:00:39:01 -0500] "GET /pub/Stats/usage_202403.html HTTP/1.0" 200 113173 "https://korpus-mebli.com.ua/" "Mozilla/5.0 (Windows NT 10.0; Win64; x64) AppleWebKit/537.36 (KHTML, like Gecko) Chrome/121.0.0.0 Safari/537.36"
46.22.51.77 - - [28/Mar/2024:00:39:04 -0500] "GET / HTTP/1.1" 200 -1 "https://top-chat24.ru/" "Mozilla/5.0 (Windows NT 10.0; Win64; x64) AppleWebKit/537.36 (KHTML, like Gecko) Chrome/90.0.4430.212 Safari/537.36"
95.216.227.15 - - [28/Mar/2024:00:39:04 -0500] "GET /pub/Stats/usage_202403.html HTTP/1.0" 200 113173 "https://vk9at.com" "Mozilla/5.0 (Windows NT 10.0; Win64; x64) AppleWebKit/537.36 (KHTML, like Gecko) Chrome/121.0.0.0 Safari/537.36"
95.216.227.15 - - [28/Mar/2024:00:39:07 -0500] "GET /pub/Stats/usage_202403.html HTTP/1.0" 200 113173 "https://vk9at.com" "Mozilla/5.0 (Windows NT 10.0; Win64; x64) AppleWebKit/537.36 (KHTML, like Gecko) Chrome/121.0.0.0 Safari/537.36"
46.22.51.77 - - [28/Mar/2024:00:39:08 -0500] "GET / HTTP/1.1" 200 -1 "https://wmusor.ru/" "Mozilla/5.0 (Windows NT 6.1; Win64; x64; rv:86.0) Gecko/20100101 Firefox/86.0"
95.216.227.15 - - [28/Mar/2024:00:39:10 -0500] "GET /pub/Stats/usage_202403.html HTTP/1.0" 200 113173 "https://krakenat.com" "Mozilla/5.0 (Windows NT 10.0; Win64; x64) AppleWebKit/537.36 (KHTML, like Gecko) Chrome/115.0.0.0 Safari/537.36"
46.22.51.77 - - [28/Mar/2024:00:39:19 -0500] "GET / HTTP/1.1" 200 -1 "https://sigs.ru/" "Mozilla/5.0 (Windows NT 10.0; Win64; x64; rv:57.0) Gecko/20100101 Firefox/57.0"
46.22.51.77 - - [28/Mar/2024:00:39:23 -0500] "GET / HTTP/1.1" 200 -1 "https://vesti.spb.ru/" "Mozilla/5.0 (X11; Linux 3.5.4-1-ARCH i686; es) KHTML/4.9.1 (like Gecko) Konqueror/4.9"
46.22.51.77 - - [28/Mar/2024:00:39:27 -0500] "GET / HTTP/1.1" 200 -1 "https://autoportal24.ru/" "Mozilla/5.0 (Windows NT 6.1; WOW64) AppleWebKit/537.36 (KHTML, like Gecko) Chrome/81.0.4044.138 YaBrowser/20.6.0.910 Yowser/2.5 Safari/537.36"
136.243.13.183 - - [28/Mar/2024:00:39:35 -0500] "HEAD /pub/stats/ HTTP/1.0" 200 -1 "https://blackdroid.mobi/" "Mozilla/5.0 (compatible; Googlebot/2.1; +http://www.google.com/bot.html)"
136.243.13.183 - - [28/Mar/2024:00:39:35 -0500] "HEAD /pub/stats/ HTTP/1.0" 200 -1 "https://blackdroid.mobi/" "Mozilla/5.0 (compatible; Googlebot/2.1; +http://www.google.com/bot.html)"
136.243.13.183 - - [28/Mar/2024:00:39:35 -0500] "HEAD /pub/stats/ HTTP/1.0" 200 -1 "https://blackdroid.mobi/" "Mozilla/5.0 (compatible; Googlebot/2.1; +http://www.google.com/bot.html)"
136.243.13.183 - - [28/Mar/2024:00:39:36 -0500] "HEAD /pub/stats/ HTTP/1.0" 200 -1 "https://apkstorage.net/" "Mozilla/5.0 (compatible; Googlebot/2.1; +http://www.google.com/bot.html)"
136.243.13.183 - - [28/Mar/2024:00:39:37 -0500] "HEAD /pub/stats/ HTTP/1.0" 200 -1 "https://apkstorage.net/" "Mozilla/5.0 (compatible; Googlebot/2.1; +http://www.google.com/bot.html)"
136.243.13.183 - - [28/Mar/2024:00:39:37 -0500] "HEAD /pub/stats/ HTTP/1.0" 200 -1 "https://apkstorage.net/" "Mozilla/5.0 (compatible; Googlebot/2.1; +http://www.google.com/bot.html)"
46.22.51.77 - - [28/Mar/2024:00:39:44 -0500] "GET / HTTP/1.1" 200 -1 "https://vesti.spb.ru/" "Mozilla/5.0 (Windows NT 10.0; Win64; x64) AppleWebKit/537.36 (KHTML, like Gecko) Chrome/83.0.4103.116 YaBrowser/20.7.3.100 Yowser/2.5 Yptp/1.23 Safari/537.36"
46.22.51.77 - - [28/Mar/2024:00:39:50 -0500] "GET / HTTP/1.1" 200 -1 "https://top-chat24.ru/" "Mozilla/5.0 (Windows NT 6.3; Win64; x64) AppleWebKit/537.36 (KHTML, like Gecko) Chrome/87.0.4280.66 Safari/537.36"
46.22.51.77 - - [28/Mar/2024:00:40:00 -0500] "GET / HTTP/1.1" 200 -1 "https://wmusor.ru/" "Mozilla/5.0 (Windows NT 10.0; Win64; x64) AppleWebKit/537.36 (KHTML, like Gecko) Chrome/84.0.4147.89 Safari/537.36"
37.139.53.88 - - [28/Mar/2024:00:40:06 -0500] "GET /pub/Stats/usage_202403.html HTTP/1.0" 200 113173 "https://www.bigsexvideo.tube/" "Mozilla/5.0 (Windows NT 10.0; Win64; x64) AppleWebKit/537.36 (KHTML, like Gecko) Chrome/121.0.0.0 Safari/537.36"
37.139.53.88 - - [28/Mar/2024:00:40:09 -0500] "GET /pub/Stats/usage_202403.html HTTP/1.0" 200 113173 "https://www.bigsexvideo.tube/" "Mozilla/5.0 (Windows NT 10.0; Win64; x64) AppleWebKit/537.36 (KHTML, like Gecko) Chrome/121.0.0.0 Safari/537.36"
46.22.51.77 - - [28/Mar/2024:00:40:10 -0500] "GET / HTTP/1.1" 200 -1 "https://top-chat24.ru/" "Mozilla/5.0 (Windows NT 6.1) AppleWebKit/537.36 (KHTML, like Gecko) Chrome/89.0.4389.82 Safari/537.36"
37.139.53.88 - - [28/Mar/2024:00:40:12 -0500] "GET /pub/Stats/usage_202403.html HTTP/1.0" 200 113173 "https://www.bigsexvideo.tube/" "Mozilla/5.0 (Windows NT 11.0; WOW64) AppleWebKit/537.36 (KHTML, like Gecko) Chrome/114.0.5814.214 Safari/537.36"
95.216.227.15 - - [28/Mar/2024:00:40:22 -0500] "GET /pub/Stats/usage_202403.html HTTP/1.0" 200 113173 "https://xn--k1-h2s.com" "Mozilla/5.0 (Windows NT 10.0; Win64; x64) AppleWebKit/537.36 (KHTML, like Gecko) Chrome/120.0.0.0 Iron Safari/537.36"
95.216.227.15 - - [28/Mar/2024:00:40:25 -0500] "GET /pub/Stats/usage_202403.html HTTP/1.0" 200 113173 "https://vk9at.com" "Mozilla/5.0 (Windows NT 10.0; Win64; x64) AppleWebKit/537.36 (KHTML, like Gecko) Chrome/120.0.0.0 Iron Safari/537.36"
95.216.227.15 - - [28/Mar/2024:00:40:28 -0500] "GET /pub/Stats/usage_202403.html HTTP/1.0" 200 113173 "https://vk9at.com" "Mozilla/5.0 (Windows NT 10.0; Win64; x64) AppleWebKit/537.36 (KHTML, like Gecko) Chrome/120.0.0.0 Safari/537.36"
5.42.65.70 - - [28/Mar/2024:00:40:34 -0500] "GET /pub/Stats/usage_202403.html HTTP/1.0" 200 113173 "https://xn--megab-mdb.com" "Mozilla/5.0 (Windows NT 10.0; WOW64) AppleWebKit/537.36 (KHTML, like Gecko) Chrome/103.0.5060.114 Safari/537.36"
46.22.51.77 - - [28/Mar/2024:00:40:38 -0500] "GET / HTTP/1.1" 200 -1 "https://wmusor.ru/" "Mozilla/5.0 (Windows NT 6.1; WOW64) AppleWebKit/537.36 (KHTML, like Gecko) Chrome/81.0.4044.138 YaBrowser/20.4.2.197 Yowser/2.5 Safari/537.36"
46.22.51.77 - - [28/Mar/2024:00:40:38 -0500] "GET / HTTP/1.1" 200 -1 "https://sigs.ru/" "Mozilla/5.0 (Windows NT 10.0; WOW64) AppleWebKit/537.36 (KHTML, like Gecko) Chrome/61.0.3163.125 Amigo/61.0.3163.125 MRCHROME SOC Safari/537.36"
46.22.51.77 - - [28/Mar/2024:00:40:45 -0500] "GET / HTTP/1.1" 200 -1 "https://sigs.ru/" "Mozilla/5.0 (Windows NT 10.0; WOW64) AppleWebKit/537.36 (KHTML, like Gecko) Chrome/74.36.3729.169 Elements Browser/1.1.36 Safari/537.36"
176.79.190.245 - - [28/Mar/2024:00:40:46 -0500] "HEAD / HTTP/1.0" 200 -1 "https://vitalka.net.ua" "Mozilla/5.0 (compatible; Googlebot/2.1; +http://www.google.com/bot.html)"
176.79.190.245 - - [28/Mar/2024:00:40:46 -0500] "HEAD / HTTP/1.0" 200 -1 "https://vitalka.net.ua" "Mozilla/5.0 (compatible; Googlebot/2.1; +http://www.google.com/bot.html)"
176.79.190.245 - - [28/Mar/2024:00:40:46 -0500] "HEAD / HTTP/1.0" 200 -1 "https://vitalka.net.ua" "Mozilla/5.0 (compatible; Googlebot/2.1; +http://www.google.com/bot.html)"
176.79.190.245 - - [28/Mar/2024:00:40:46 -0500] "HEAD / HTTP/1.0" 200 -1 "http://vitannya.info" "Mozilla/5.0 (compatible; Googlebot/2.1; +http://www.google.com/bot.html)"
176.79.190.245 - - [28/Mar/2024:00:40:46 -0500] "HEAD / HTTP/1.0" 200 -1 "https://vitalka.net.ua" "Mozilla/5.0 (compatible; Googlebot/2.1; +http://www.google.com/bot.html)"
176.79.190.245 - - [28/Mar/2024:00:40:46 -0500] "HEAD / HTTP/1.0" 200 -1 "https://vitalka.net.ua" "Mozilla/5.0 (compatible; Googlebot/2.1; +http://www.google.com/bot.html)"
176.79.190.245 - - [28/Mar/2024:00:40:46 -0500] "HEAD / HTTP/1.0" 200 -1 "https://vitalka.net.ua" "Mozilla/5.0 (compatible; Googlebot/2.1; +http://www.google.com/bot.html)"
176.79.190.245 - - [28/Mar/2024:00:40:46 -0500] "HEAD / HTTP/1.0" 200 -1 "https://vitalka.net.ua" "Mozilla/5.0 (compatible; Googlebot/2.1; +http://www.google.com/bot.html)"
176.79.190.245 - - [28/Mar/2024:00:40:46 -0500] "HEAD / HTTP/1.0" 200 -1 "https://vitalka.net.ua" "Mozilla/5.0 (compatible; Googlebot/2.1; +http://www.google.com/bot.html)"
176.79.190.245 - - [28/Mar/2024:00:40:46 -0500] "HEAD / HTTP/1.0" 200 -1 "https://pryvitayko.net.ua" "Mozilla/5.0 (compatible; Googlebot/2.1; +http://www.google.com/bot.html)"
176.79.190.245 - - [28/Mar/2024:00:40:46 -0500] "HEAD / HTTP/1.0" 200 -1 "https://vitalka.net.ua" "Mozilla/5.0 (compatible; Googlebot/2.1; +http://www.google.com/bot.html)"
176.79.190.245 - - [28/Mar/2024:00:40:46 -0500] "HEAD / HTTP/1.0" 200 -1 "https://vitalka.net.ua" "Mozilla/5.0 (compatible; Googlebot/2.1; +http://www.google.com/bot.html)"
176.79.190.245 - - [28/Mar/2024:00:40:46 -0500] "HEAD / HTTP/1.0" 200 -1 "https://vitalka.net.ua" "Mozilla/5.0 (compatible; Googlebot/2.1; +http://www.google.com/bot.html)"
176.79.190.245 - - [28/Mar/2024:00:40:46 -0500] "HEAD / HTTP/1.0" 200 -1 "https://vitalka.net.ua" "Mozilla/5.0 (compatible; Googlebot/2.1; +http://www.google.com/bot.html)"
176.79.190.245 - - [28/Mar/2024:00:40:46 -0500] "HEAD / HTTP/1.0" 200 -1 "https://vitalka.net.ua" "Mozilla/5.0 (compatible; Googlebot/2.1; +http://www.google.com/bot.html)"
176.79.190.245 - - [28/Mar/2024:00:40:46 -0500] "HEAD / HTTP/1.0" 200 -1 "https://vitalka.net.ua" "Mozilla/5.0 (compatible; Googlebot/2.1; +http://www.google.com/bot.html)"
176.79.190.245 - - [28/Mar/2024:00:40:46 -0500] "HEAD / HTTP/1.0" 200 -1 "https://vitalka.net.ua" "Mozilla/5.0 (compatible; Googlebot/2.1; +http://www.google.com/bot.html)"
176.79.190.245 - - [28/Mar/2024:00:40:46 -0500] "HEAD / HTTP/1.0" 200 -1 "https://vitalka.net.ua" "Mozilla/5.0 (compatible; Googlebot/2.1; +http://www.google.com/bot.html)"
176.79.190.245 - - [28/Mar/2024:00:40:46 -0500] "HEAD / HTTP/1.0" 200 -1 "https://vitalka.net.ua" "Mozilla/5.0 (compatible; Googlebot/2.1; +http://www.google.com/bot.html)"
176.79.190.245 - - [28/Mar/2024:00:40:46 -0500] "HEAD / HTTP/1.0" 200 -1 "https://vitalka.net.ua" "Mozilla/5.0 (compatible; Googlebot/2.1; +http://www.google.com/bot.html)"
