95.216.227.15 - - [28/Mar/2024:03:03:28 -0500] "GET /pub/Stats/usage_202403.html HTTP/1.0" 200 113898 "https://krakenat.com" "Mozilla/5.0 (Windows NT 10.0) AppleWebKit/537.36 (KHTML, like Gecko) Chrome/110.0.0.0 Safari/537.36"
95.216.227.15 - - [28/Mar/2024:03:03:32 -0500] "GET /pub/Stats/usage_202403.html HTTP/1.0" 200 113898 "https://krakenat.com" "Mozilla/5.0 (Windows NT 10.0; Win64; x64) AppleWebKit/537.36 (KHTML, like Gecko) Chrome/120.0.0.0 Iron Safari/537.36"
46.22.51.77 - - [28/Mar/2024:03:03:32 -0500] "GET / HTTP/1.1" 200 -1 "https://autoportal24.ru/" "Mozilla/5.0 (X11; Linux x86_64) AppleWebKit/537.36 (KHTML, like Gecko) Chrome/65.0.3325.109 Safari/537.36"
46.22.51.77 - - [28/Mar/2024:03:03:33 -0500] "GET / HTTP/1.1" 200 -1 "https://autoportal24.ru/" "Mozilla/5.0 (Windows NT 10.0; Win64; x64) AppleWebKit/537.36 (KHTML, like Gecko) Chrome/91.0.4472.101 Safari/537.36"
95.216.227.15 - - [28/Mar/2024:03:03:34 -0500] "GET /pub/Stats/usage_202403.html HTTP/1.0" 200 113898 "https://vk9at.com" "Mozilla/5.0 (Windows NT 10.0; Win64; x64) AppleWebKit/537.36 (KHTML, like Gecko) Chrome/120.0.0.0 Safari/537.36"
46.22.51.77 - - [28/Mar/2024:03:03:44 -0500] "GET / HTTP/1.1" 200 -1 "https://top-chat24.ru/" "Mozilla/5.0 (Windows NT 10.0; Win64; x64) AppleWebKit/537.36 (KHTML, like Gecko) Chrome/80.0.3987.116 Safari/537.36"
46.22.51.77 - - [28/Mar/2024:03:03:53 -0500] "GET / HTTP/1.1" 200 -1 "https://wmusor.ru/" "Mozilla/5.0 (Windows NT 6.1; ) AppleWebKit/537.36 (KHTML, like Gecko) Chrome/83.0.4103.106 Safari/537.36"
5.42.65.70 - - [28/Mar/2024:03:04:00 -0500] "GET /pub/Stats/usage_202403.html HTTP/1.0" 200 113898 "https://xn--megab-mdb.com" "Mozilla/5.0 (Windows NT 6.3; Win64; x64) AppleWebKit/537.36 (KHTML, like Gecko) Chrome/103.0.5060.114 Safari/537.36"
46.22.51.77 - - [28/Mar/2024:03:04:11 -0500] "GET / HTTP/1.1" 200 -1 "https://vesti.spb.ru/" "Mozilla/5.0 (Windows NT 6.0; Win64; x64; rv:43.0) Gecko/20100101 Firefox/43.0"
136.243.13.183 - - [28/Mar/2024:03:04:13 -0500] "HEAD /pub/stats/ HTTP/1.0" 200 -1 "https://fitness-crimea.ru/" "Mozilla/5.0 (compatible; Googlebot/2.1; +http://www.google.com/bot.html)"
136.243.13.183 - - [28/Mar/2024:03:04:13 -0500] "HEAD /pub/stats/ HTTP/1.0" 200 -1 "https://fitness-crimea.ru/" "Mozilla/5.0 (compatible; Googlebot/2.1; +http://www.google.com/bot.html)"
136.243.13.183 - - [28/Mar/2024:03:04:13 -0500] "HEAD /pub/stats/ HTTP/1.0" 200 -1 "https://fitness-crimea.ru/" "Mozilla/5.0 (compatible; Googlebot/2.1; +http://www.google.com/bot.html)"
46.22.51.77 - - [28/Mar/2024:03:04:16 -0500] "GET / HTTP/1.1" 200 -1 "https://sigs.ru/" "Mozilla/5.0 (X11; Linux i686; rv:52.9) Gecko/20100101 Goanna/3.4 Firefox/52.9 PaleMoon/27.9.0"
37.139.53.88 - - [28/Mar/2024:03:04:33 -0500] "GET /pub/Stats/usage_202403.html HTTP/1.0" 200 113898 "https://www.bigsexvideo.tube/" "Mozilla/5.0 (Windows NT 10.0; Win64; x64) AppleWebKit/537.36 (KHTML, like Gecko) Chrome/120.0.0.0 Iron Safari/537.36"
37.139.53.88 - - [28/Mar/2024:03:04:36 -0500] "GET /pub/Stats/usage_202403.html HTTP/1.0" 200 113898 "https://www.bigsexvideo.tube/" "Mozilla/5.0 (Windows NT 10.0; Win64; x64) AppleWebKit/537.36 (KHTML, like Gecko) Chrome/119.0.0.0 Safari/537.36"
176.79.190.245 - - [28/Mar/2024:03:04:37 -0500] "HEAD / HTTP/1.0" 200 -1 "https://mammedia.com.ua" "Mozilla/5.0 (compatible; Googlebot/2.1; +http://www.google.com/bot.html)"
176.79.190.245 - - [28/Mar/2024:03:04:37 -0500] "HEAD / HTTP/1.0" 200 -1 "https://mammedia.com.ua" "Mozilla/5.0 (compatible; Googlebot/2.1; +http://www.google.com/bot.html)"
176.79.190.245 - - [28/Mar/2024:03:04:37 -0500] "HEAD / HTTP/1.0" 200 -1 "https://mammedia.com.ua" "Mozilla/5.0 (compatible; Googlebot/2.1; +http://www.google.com/bot.html)"
176.79.190.245 - - [28/Mar/2024:03:04:37 -0500] "HEAD / HTTP/1.0" 200 -1 "https://mammedia.com.ua" "Mozilla/5.0 (compatible; Googlebot/2.1; +http://www.google.com/bot.html)"
176.79.190.245 - - [28/Mar/2024:03:04:37 -0500] "HEAD / HTTP/1.0" 200 -1 "https://mammedia.com.ua" "Mozilla/5.0 (compatible; Googlebot/2.1; +http://www.google.com/bot.html)"
176.79.190.245 - - [28/Mar/2024:03:04:37 -0500] "HEAD / HTTP/1.0" 200 -1 "https://mammedia.com.ua" "Mozilla/5.0 (compatible; Googlebot/2.1; +http://www.google.com/bot.html)"
176.79.190.245 - - [28/Mar/2024:03:04:37 -0500] "HEAD / HTTP/1.0" 200 -1 "https://mammedia.com.ua" "Mozilla/5.0 (compatible; Googlebot/2.1; +http://www.google.com/bot.html)"
176.79.190.245 - - [28/Mar/2024:03:04:37 -0500] "HEAD / HTTP/1.0" 200 -1 "https://mammedia.com.ua" "Mozilla/5.0 (compatible; Googlebot/2.1; +http://www.google.com/bot.html)"
176.79.190.245 - - [28/Mar/2024:03:04:37 -0500] "HEAD / HTTP/1.0" 200 -1 "https://mammedia.com.ua" "Mozilla/5.0 (compatible; Googlebot/2.1; +http://www.google.com/bot.html)"
176.79.190.245 - - [28/Mar/2024:03:04:37 -0500] "HEAD / HTTP/1.0" 200 -1 "https://mammedia.com.ua" "Mozilla/5.0 (compatible; Googlebot/2.1; +http://www.google.com/bot.html)"
176.79.190.245 - - [28/Mar/2024:03:04:37 -0500] "HEAD / HTTP/1.0" 200 -1 "https://mammedia.com.ua" "Mozilla/5.0 (compatible; Googlebot/2.1; +http://www.google.com/bot.html)"
176.79.190.245 - - [28/Mar/2024:03:04:37 -0500] "HEAD / HTTP/1.0" 200 -1 "https://svyato365.net.ua" "Mozilla/5.0 (compatible; Googlebot/2.1; +http://www.google.com/bot.html)"
176.79.190.245 - - [28/Mar/2024:03:04:37 -0500] "HEAD / HTTP/1.0" 200 -1 "https://mammedia.com.ua" "Mozilla/5.0 (compatible; Googlebot/2.1; +http://www.google.com/bot.html)"
176.79.190.245 - - [28/Mar/2024:03:04:37 -0500] "HEAD / HTTP/1.0" 200 -1 "https://mammedia.com.ua" "Mozilla/5.0 (compatible; Googlebot/2.1; +http://www.google.com/bot.html)"
176.79.190.245 - - [28/Mar/2024:03:04:37 -0500] "HEAD / HTTP/1.0" 200 -1 "https://mammedia.com.ua" "Mozilla/5.0 (compatible; Googlebot/2.1; +http://www.google.com/bot.html)"
176.79.190.245 - - [28/Mar/2024:03:04:37 -0500] "HEAD / HTTP/1.0" 200 -1 "https://mammedia.com.ua" "Mozilla/5.0 (compatible; Googlebot/2.1; +http://www.google.com/bot.html)"
176.79.190.245 - - [28/Mar/2024:03:04:37 -0500] "HEAD / HTTP/1.0" 200 -1 "https://mammedia.com.ua" "Mozilla/5.0 (compatible; Googlebot/2.1; +http://www.google.com/bot.html)"
176.79.190.245 - - [28/Mar/2024:03:04:37 -0500] "HEAD / HTTP/1.0" 200 -1 "https://mammedia.com.ua" "Mozilla/5.0 (compatible; Googlebot/2.1; +http://www.google.com/bot.html)"
176.79.190.245 - - [28/Mar/2024:03:04:37 -0500] "HEAD / HTTP/1.0" 200 -1 "https://pryvitay.co.ua" "Mozilla/5.0 (compatible; Googlebot/2.1; +http://www.google.com/bot.html)"
176.79.190.245 - - [28/Mar/2024:03:04:37 -0500] "HEAD / HTTP/1.0" 200 -1 "https://mammedia.com.ua" "Mozilla/5.0 (compatible; Googlebot/2.1; +http://www.google.com/bot.html)"
176.79.190.245 - - [28/Mar/2024:03:04:37 -0500] "HEAD / HTTP/1.0" 200 -1 "https://mammedia.com.ua" "Mozilla/5.0 (compatible; Googlebot/2.1; +http://www.google.com/bot.html)"
37.139.53.88 - - [28/Mar/2024:03:04:40 -0500] "GET /pub/Stats/usage_202403.html HTTP/1.0" 200 113898 "https://www.bigsexvideo.tube/" "Mozilla/5.0 (Windows NT 10.0; Win64; x64) AppleWebKit/537.36 (KHTML, like Gecko) Chrome/122.0.0.0 Safari/537.36"
46.22.51.77 - - [28/Mar/2024:03:04:42 -0500] "GET / HTTP/1.1" 200 -1 "https://sigs.ru/" "Mozilla/5.0 (Windows NT 10.0; WOW64; Trident/7.0; rv:11.0) like Gecko"
95.216.227.15 - - [28/Mar/2024:03:04:45 -0500] "GET /pub/Stats/usage_202403.html HTTP/1.0" 200 113898 "https://vk9at.com" "Mozilla/5.0 (Windows NT 10.0; Win64; x64) AppleWebKit/537.36 (KHTML, like Gecko) Chrome/118.0.0.0 Safari/537.36"
95.216.227.15 - - [28/Mar/2024:03:04:48 -0500] "GET /pub/Stats/usage_202403.html HTTP/1.0" 200 113898 "https://vk9at.com" "Mozilla/5.0 (Windows NT 10.0; Win64; x64) AppleWebKit/537.36 (KHTML, like Gecko) Chrome/114.0.0.0 Safari/537.36"
95.216.227.15 - - [28/Mar/2024:03:04:52 -0500] "GET /pub/Stats/usage_202403.html HTTP/1.0" 200 113898 "https://vk9at.com" "Mozilla/5.0 (Windows NT 10.0; Win64; x64) AppleWebKit/537.36 (KHTML, like Gecko) Chrome/120.0.6099.71 Safari/537.36"
46.22.51.77 - - [28/Mar/2024:03:05:01 -0500] "GET / HTTP/1.1" 200 -1 "https://sigs.ru/" "Mozilla/5.0 (Windows NT 6.1; Win64; x64) AppleWebKit/537.36 (KHTML, like Gecko) Chrome/88.0.4324.150 Safari/537.36 OPR/74.0.3911.107"
46.22.51.77 - - [28/Mar/2024:03:05:06 -0500] "GET / HTTP/1.1" 200 -1 "https://wmusor.ru/" "Mozilla/5.0 (Windows NT 10.0; WOW64; Trident/7.0; rv:11.0) like Gecko"
79.137.204.186 - - [28/Mar/2024:03:05:07 -0500] "GET /pub/Stats/usage_202403.html HTTP/1.0" 200 113898 "https://korpus-mebli.com.ua/" "Mozilla/5.0 (Windows NT 6.3; Win64; x64) AppleWebKit/537.36 (KHTML, like Gecko) Chrome/113.0.0.0 Safari/537.36"
79.137.204.186 - - [28/Mar/2024:03:05:11 -0500] "GET /pub/Stats/usage_202403.html HTTP/1.0" 200 113898 "https://korpus-mebli.com.ua/" "Mozilla/5.0 (Windows NT 10.0; Win64; x64) AppleWebKit/537.36 (KHTML, like Gecko) Chrome/120.0.0.0 Iron Safari/537.36"
79.137.204.186 - - [28/Mar/2024:03:05:14 -0500] "GET /pub/Stats/usage_202403.html HTTP/1.0" 200 113898 "https://korpus-mebli.com.ua/" "Mozilla/5.0 (Windows NT 10.0; Win64; x64) AppleWebKit/537.36 (KHTML, like Gecko) Chrome/120.0.0.0 Safari/537.36"
46.22.51.77 - - [28/Mar/2024:03:05:15 -0500] "GET / HTTP/1.1" 200 -1 "https://top-chat24.ru/" "Mozilla/5.0 (Windows NT 6.1; rv:3.4) Goanna/20180327 PaleMoon/27.8.3"
46.22.51.77 - - [28/Mar/2024:03:05:18 -0500] "GET / HTTP/1.1" 200 -1 "https://top-chat24.ru/" "Mozilla/5.0 (Macintosh; Intel Mac OS X 10_15_7) AppleWebKit/605.1.15 (KHTML, like Gecko) Version/14.0.3 Safari/605.1.15"
46.22.51.77 - - [28/Mar/2024:03:05:26 -0500] "GET / HTTP/1.1" 200 -1 "https://vesti.spb.ru/" "Mozilla/5.0 (Windows NT 10.0; Win64; x64) AppleWebKit/537.36 (KHTML, like Gecko) Chrome/83.0.4103.61 Safari/537.36 Edg/83.0.478.37"
46.22.51.77 - - [28/Mar/2024:03:05:26 -0500] "GET / HTTP/1.1" 200 -1 "https://vesti.spb.ru/" "Mozilla/5.0 (Windows NT 6.1; WOW64) AppleWebKit/537.36 (KHTML, like Gecko) Chrome/65.0.3325.181 Safari/537.36 OPR/52.0.2871.99"
46.22.51.77 - - [28/Mar/2024:03:05:37 -0500] "GET / HTTP/1.1" 200 -1 "https://vesti.spb.ru/" "Mozilla/5.0 (Windows NT 6.1; WOW64) AppleWebKit/537.36 (KHTML, like Gecko) Chrome/87.0.4280.88 YaBrowser/20.12.2.105 Yowser/2.5 Safari/537.36"
46.22.51.77 - - [28/Mar/2024:03:05:37 -0500] "GET / HTTP/1.1" 200 -1 "https://vesti.spb.ru/" "Mozilla/5.0 (Windows NT 10.0; Win64; x64) AppleWebKit/537.36 (KHTML, like Gecko) Chrome/89.0.4389.105 YaBrowser/21.3.2.193 Yowser/2.5 Safari/537.36"
46.22.51.77 - - [28/Mar/2024:03:05:42 -0500] "GET / HTTP/1.1" 200 -1 "https://autoportal24.ru/" "Mozilla/5.0 (Windows NT 10.0; WOW64) AppleWebKit/537.36 (KHTML, like Gecko) Chrome/61.0.3163.125 Amigo/61.0.3163.125 MRCHROME SOC Safari/537.36"
46.22.51.77 - - [28/Mar/2024:03:05:49 -0500] "GET / HTTP/1.1" 200 -1 "https://sigs.ru/" "Mozilla/5.0 (X11; Linux x86_64; rv:52.9) Gecko/20100101 Goanna/3.4 Firefox/52.9 PaleMoon/27.9.2"
95.216.227.15 - - [28/Mar/2024:03:06:02 -0500] "GET /pub/Stats/usage_202403.html HTTP/1.0" 200 113898 "https://xn--k1-h2s.com" "Mozilla/5.0 (Windows NT 10.0; Win64; x64) AppleWebKit/537.36 (KHTML, like Gecko) Chrome/120.0.0.0 Iron Safari/537.36"
46.22.51.77 - - [28/Mar/2024:03:06:03 -0500] "GET / HTTP/1.1" 200 -1 "https://autoportal24.ru/" "Mozilla/5.0 (Windows NT 6.1; Win64; x64) AppleWebKit/537.36 (KHTML, like Gecko) Chrome/81.0.4044.138 Safari/537.36"
95.216.227.15 - - [28/Mar/2024:03:06:05 -0500] "GET /pub/Stats/usage_202403.html HTTP/1.0" 200 113898 "https://xn--krkn-xva44n.com" "Mozilla/5.0 (Windows NT 10.0; Win64; x64) AppleWebKit/537.36 (KHTML, like Gecko) Chrome/122.0.0.0 Safari/537.36"
95.216.227.15 - - [28/Mar/2024:03:06:08 -0500] "GET /pub/Stats/usage_202403.html HTTP/1.0" 200 113898 "https://xn--krkn-xva44n.com" "Mozilla/5.0 (Windows NT 6.1; Win64; x64) AppleWebKit/537.36 (KHTML, like Gecko) Chrome/108.0.0.0 Safari/537.36"
46.22.51.77 - - [28/Mar/2024:03:06:10 -0500] "GET / HTTP/1.1" 200 -1 "https://wmusor.ru/" "Mozilla/5.0 (Windows NT 6.1; WOW64) AppleWebKit/537.36 (KHTML, like Gecko) Chrome/83.0.4103.116 YaBrowser/20.7.3.101 Yowser/2.5 Safari/537.36"
37.139.53.88 - - [28/Mar/2024:03:06:17 -0500] "GET /pub/Stats/usage_202403.html HTTP/1.0" 200 113898 "https://www.bigsexvideo.tube/" "Mozilla/5.0 (Windows NT 10.0; Win64; x64) AppleWebKit/537.36 (KHTML, like Gecko) Chrome/111.0.0.0 Safari/537.36"
46.22.51.77 - - [28/Mar/2024:03:06:17 -0500] "GET / HTTP/1.1" 200 -1 "https://wmusor.ru/" "Mozilla/5.0 (Windows NT 10.0; WOW64) AppleWebKit/537.36 (KHTML, like Gecko) Chrome/65.0.3325.181 Safari/537.36 OPR/52.0.2871.99"
37.139.53.88 - - [28/Mar/2024:03:06:19 -0500] "GET /pub/Stats/usage_202403.html HTTP/1.0" 200 113898 "https://www.bigsexvideo.tube/" "Mozilla/5.0 (Windows NT 6.1; Win64; x64) AppleWebKit/537.36 (KHTML, like Gecko) Chrome/109.0.0.0 Safari/537.36"
46.22.51.77 - - [28/Mar/2024:03:06:23 -0500] "GET / HTTP/1.1" 200 -1 "https://wmusor.ru/" "Mozilla/5.0 (Windows NT 6.1; Win64; x64) AppleWebKit/537.36 (KHTML, like Gecko) Chrome/65.0.3325.181 Safari/537.36 OPR/52.0.2871.99"
37.139.53.88 - - [28/Mar/2024:03:06:23 -0500] "GET /pub/Stats/usage_202403.html HTTP/1.0" 200 113898 "https://www.bigsexvideo.tube/" "Mozilla/5.0 (Windows NT 10.0; Win64; x64) AppleWebKit/537.36 (KHTML, like Gecko) Chrome/121.0.0.0 Safari/537.36"
46.22.51.77 - - [28/Mar/2024:03:06:25 -0500] "GET / HTTP/1.1" 200 -1 "https://autoportal24.ru/" "Mozilla/5.0 (Windows NT 6.1; WOW64) AppleWebKit/537.36 (KHTML, like Gecko) Chrome/90.0.4430.72 YaBrowser/21.5.1.355 Yowser/2.5 Safari/537.36"
51.222.253.18 - - [28/Mar/2024:03:06:25 -0500] "GET /deadpage/Fidelity/events/completed_events/CHips/_vti_cnf/CHIPS_Sep2003.html HTTP/1.1" 200 4325 "" "Mozilla/5.0 (compatible; AhrefsBot/7.0; +http://ahrefs.com/robot/)"
46.22.51.77 - - [28/Mar/2024:03:06:36 -0500] "GET / HTTP/1.1" 200 -1 "https://sigs.ru/" "Mozilla/5.0 (Windows NT 6.1; WOW64) AppleWebKit/537.36 (KHTML, like Gecko) Chrome/85.0.4183.83 YaBrowser/20.9.0.928 Yowser/2.5 Safari/537.36"
46.22.51.77 - - [28/Mar/2024:03:06:47 -0500] "GET / HTTP/1.1" 200 -1 "https://top-chat24.ru/" "Mozilla/5.0 (Windows NT 6.1) AppleWebKit/537.36 (KHTML, like Gecko) Chrome/53.0.2785.104 Safari/537.36 Core/1.53.2057.400 QQBrowser/9.5.10158.400"
176.79.190.245 - - [28/Mar/2024:03:06:56 -0500] "HEAD / HTTP/1.0" 200 -1 "https://svyato365.net.ua" "Mozilla/5.0 (compatible; Googlebot/2.1; +http://www.google.com/bot.html)"
176.79.190.245 - - [28/Mar/2024:03:06:56 -0500] "HEAD / HTTP/1.0" 200 -1 "https://svyato365.net.ua" "Mozilla/5.0 (compatible; Googlebot/2.1; +http://www.google.com/bot.html)"
176.79.190.245 - - [28/Mar/2024:03:06:56 -0500] "HEAD / HTTP/1.0" 200 -1 "https://svyato365.net.ua" "Mozilla/5.0 (compatible; Googlebot/2.1; +http://www.google.com/bot.html)"
176.79.190.245 - - [28/Mar/2024:03:06:56 -0500] "HEAD / HTTP/1.0" 200 -1 "https://svyato365.net.ua" "Mozilla/5.0 (compatible; Googlebot/2.1; +http://www.google.com/bot.html)"
176.79.190.245 - - [28/Mar/2024:03:06:56 -0500] "HEAD / HTTP/1.0" 200 -1 "https://svyato365.net.ua" "Mozilla/5.0 (compatible; Googlebot/2.1; +http://www.google.com/bot.html)"
176.79.190.245 - - [28/Mar/2024:03:06:56 -0500] "HEAD / HTTP/1.0" 200 -1 "https://svyato365.net.ua" "Mozilla/5.0 (compatible; Googlebot/2.1; +http://www.google.com/bot.html)"
176.79.190.245 - - [28/Mar/2024:03:06:56 -0500] "HEAD / HTTP/1.0" 200 -1 "https://svyato365.net.ua" "Mozilla/5.0 (compatible; Googlebot/2.1; +http://www.google.com/bot.html)"
176.79.190.245 - - [28/Mar/2024:03:06:56 -0500] "HEAD / HTTP/1.0" 200 -1 "https://svyato365.net.ua" "Mozilla/5.0 (compatible; Googlebot/2.1; +http://www.google.com/bot.html)"
176.79.190.245 - - [28/Mar/2024:03:06:56 -0500] "HEAD / HTTP/1.0" 200 -1 "https://privitus.net.ua" "Mozilla/5.0 (compatible; Googlebot/2.1; +http://www.google.com/bot.html)"
176.79.190.245 - - [28/Mar/2024:03:06:56 -0500] "HEAD / HTTP/1.0" 200 -1 "https://svyato365.net.ua" "Mozilla/5.0 (compatible; Googlebot/2.1; +http://www.google.com/bot.html)"
176.79.190.245 - - [28/Mar/2024:03:06:56 -0500] "HEAD / HTTP/1.0" 200 -1 "https://svyato365.net.ua" "Mozilla/5.0 (compatible; Googlebot/2.1; +http://www.google.com/bot.html)"
176.79.190.245 - - [28/Mar/2024:03:06:56 -0500] "HEAD / HTTP/1.0" 200 -1 "https://svyato365.net.ua" "Mozilla/5.0 (compatible; Googlebot/2.1; +http://www.google.com/bot.html)"
176.79.190.245 - - [28/Mar/2024:03:06:56 -0500] "HEAD / HTTP/1.0" 200 -1 "https://svyato365.net.ua" "Mozilla/5.0 (compatible; Googlebot/2.1; +http://www.google.com/bot.html)"
176.79.190.245 - - [28/Mar/2024:03:06:56 -0500] "HEAD / HTTP/1.0" 200 -1 "https://pryvitay.co.ua" "Mozilla/5.0 (compatible; Googlebot/2.1; +http://www.google.com/bot.html)"
176.79.190.245 - - [28/Mar/2024:03:06:56 -0500] "HEAD / HTTP/1.0" 200 -1 "https://svyato365.net.ua" "Mozilla/5.0 (compatible; Googlebot/2.1; +http://www.google.com/bot.html)"
176.79.190.245 - - [28/Mar/2024:03:06:56 -0500] "HEAD / HTTP/1.0" 200 -1 "https://svyato365.net.ua" "Mozilla/5.0 (compatible; Googlebot/2.1; +http://www.google.com/bot.html)"
176.79.190.245 - - [28/Mar/2024:03:06:56 -0500] "HEAD / HTTP/1.0" 200 -1 "https://svyato365.net.ua" "Mozilla/5.0 (compatible; Googlebot/2.1; +http://www.google.com/bot.html)"
176.79.190.245 - - [28/Mar/2024:03:06:56 -0500] "HEAD / HTTP/1.0" 200 -1 "https://svyato365.net.ua" "Mozilla/5.0 (compatible; Googlebot/2.1; +http://www.google.com/bot.html)"
176.79.190.245 - - [28/Mar/2024:03:06:56 -0500] "HEAD / HTTP/1.0" 200 -1 "https://svyato365.net.ua" "Mozilla/5.0 (compatible; Googlebot/2.1; +http://www.google.com/bot.html)"
176.79.190.245 - - [28/Mar/2024:03:06:56 -0500] "HEAD / HTTP/1.0" 200 -1 "https://svyato365.net.ua" "Mozilla/5.0 (compatible; Googlebot/2.1; +http://www.google.com/bot.html)"
176.79.190.245 - - [28/Mar/2024:03:06:56 -0500] "HEAD / HTTP/1.0" 200 -1 "https://svyato365.net.ua" "Mozilla/5.0 (compatible; Googlebot/2.1; +http://www.google.com/bot.html)"
46.22.51.77 - - [28/Mar/2024:03:07:01 -0500] "GET / HTTP/1.1" 200 -1 "https://top-chat24.ru/" "Mozilla/5.0 (Windows NT 6.1; Win64; x64) AppleWebKit/537.36 (KHTML, like Gecko) Chrome/57.0.2987.133 Safari/537.36"
5.42.65.70 - - [28/Mar/2024:03:07:03 -0500] "GET /pub/Stats/usage_202403.html HTTP/1.0" 200 113898 "https://xn--megab-mdb.com" "Mozilla/5.0 (Windows NT 6.3; Win64; x64) AppleWebKit/537.36 (KHTML, like Gecko) Chrome/103.0.5060.114 Safari/537.36"
46.22.51.77 - - [28/Mar/2024:03:07:13 -0500] "GET / HTTP/1.1" 200 -1 "https://autoportal24.ru/" "Mozilla/5.0 (Windows NT 6.1; Win64; x64; rv:86.0) Gecko/20100101 Firefox/86.0"
136.243.13.183 - - [28/Mar/2024:03:07:16 -0500] "HEAD /pub/stats/ HTTP/1.0" 200 -1 "https://www.mobilecards.com.ua/" "Mozilla/5.0 (compatible; Googlebot/2.1; +http://www.google.com/bot.html)"
136.243.13.183 - - [28/Mar/2024:03:07:16 -0500] "HEAD /pub/stats/ HTTP/1.0" 200 -1 "https://www.mobilecards.com.ua/" "Mozilla/5.0 (compatible; Googlebot/2.1; +http://www.google.com/bot.html)"
136.243.13.183 - - [28/Mar/2024:03:07:16 -0500] "HEAD /pub/stats/ HTTP/1.0" 200 -1 "https://www.mobilecards.com.ua/" "Mozilla/5.0 (compatible; Googlebot/2.1; +http://www.google.com/bot.html)"
95.216.227.15 - - [28/Mar/2024:03:07:20 -0500] "GET /pub/Stats/usage_202403.html HTTP/1.0" 200 113898 "https://krakenat.com" "Mozilla/5.0 (Windows NT 10.0; Win64; x64) AppleWebKit/537.36 (KHTML, like Gecko) Chrome/114.0.5735.289 Safari/537.36"
95.216.227.15 - - [28/Mar/2024:03:07:23 -0500] "GET /pub/Stats/usage_202403.html HTTP/1.0" 200 113898 "https://vk9at.com" "Mozilla/5.0 (Windows NT 10.0; Win64; x64) AppleWebKit/537.36 (KHTML, like Gecko) Chrome/119.0.0.0 Safari/537.36"
95.216.227.15 - - [28/Mar/2024:03:07:26 -0500] "GET /pub/Stats/usage_202403.html HTTP/1.0" 200 113898 "https://xn--krkn-xva44n.com" "Mozilla/5.0 (Windows NT 10.0; Win64; x64) AppleWebKit/537.36 (KHTML, like Gecko) Chrome/120.0.0.0 Iron Safari/537.36"
46.22.51.77 - - [28/Mar/2024:03:07:28 -0500] "GET / HTTP/1.1" 200 -1 "https://autoportal24.ru/" "Mozilla/5.0 (Windows NT 6.1) AppleWebKit/537.36 (KHTML, like Gecko) Chrome/67.0.3396.87 Safari/537.36"
46.22.51.77 - - [28/Mar/2024:03:07:28 -0500] "GET / HTTP/1.1" 200 -1 "https://vesti.spb.ru/" "Mozilla/5.0 (Windows NT 10.0; Win64; x64) AppleWebKit/537.36 (KHTML, like Gecko) Chrome/62.0.3202.94 Safari/537.36"
136.243.13.183 - - [28/Mar/2024:03:07:44 -0500] "HEAD /pub/stats/ HTTP/1.0" 200 -1 "https://prezentacii.info/" "Mozilla/5.0 (compatible; Googlebot/2.1; +http://www.google.com/bot.html)"
136.243.13.183 - - [28/Mar/2024:03:07:45 -0500] "HEAD /pub/stats/ HTTP/1.0" 200 -1 "https://prezentacii.info/" "Mozilla/5.0 (compatible; Googlebot/2.1; +http://www.google.com/bot.html)"
136.243.13.183 - - [28/Mar/2024:03:07:45 -0500] "HEAD /pub/stats/ HTTP/1.0" 200 -1 "https://prezentacii.info/" "Mozilla/5.0 (compatible; Googlebot/2.1; +http://www.google.com/bot.html)"
46.22.51.77 - - [28/Mar/2024:03:07:49 -0500] "GET / HTTP/1.1" 200 -1 "https://sigs.ru/" "Mozilla/5.0 (Windows NT 10.0; WOW64) AppleWebKit/537.36 (KHTML, like Gecko) Chrome/87.0.4280.141 Safari/537.36 OPR/73.0.3856.344 (Edition Yx)"
46.22.51.77 - - [28/Mar/2024:03:07:57 -0500] "GET / HTTP/1.1" 200 -1 "https://wmusor.ru/" "Mozilla/5.0 (Windows NT 10.0; Win64; x64) AppleWebKit/537.36 (KHTML, like Gecko) Chrome/88.0.4324.152 YaBrowser/21.2.2.101 Yowser/2.5 Safari/537.36"
37.139.53.88 - - [28/Mar/2024:03:08:00 -0500] "GET /pub/Stats/usage_202403.html HTTP/1.0" 200 113898 "https://www.bigsexvideo.tube/" "Mozilla/5.0 (Windows NT 10.0; Win64; x64) AppleWebKit/537.36 (KHTML, like Gecko) Chrome/111.0.0.0 Safari/537.36"
37.139.53.88 - - [28/Mar/2024:03:08:02 -0500] "GET /pub/Stats/usage_202403.html HTTP/1.0" 200 113898 "https://www.bigsexvideo.tube/" "Mozilla/5.0 (Windows NT 10.0; Win64; x64) AppleWebKit/537.36 (KHTML, like Gecko) Chrome/120.0.0.0 Iron Safari/537.36"
37.139.53.88 - - [28/Mar/2024:03:08:06 -0500] "GET /pub/Stats/usage_202403.html HTTP/1.0" 200 113898 "https://www.bigsexvideo.tube/" "Mozilla/5.0 (Windows NT 10.0; Win64; x64) AppleWebKit/537.36 (KHTML, like Gecko) Chrome/120.0.0.0 Iron Safari/537.36"
51.222.253.19 - - [28/Mar/2024:03:08:06 -0500] "GET /deadpage/Fidelity/events/completed_events/CHips/_vti_cnf/CHIPS.html HTTP/1.1" 200 2638 "" "Mozilla/5.0 (compatible; AhrefsBot/7.0; +http://ahrefs.com/robot/)"
46.22.51.77 - - [28/Mar/2024:03:08:08 -0500] "GET / HTTP/1.1" 200 -1 "https://top-chat24.ru/" "Mozilla/5.0 (X11; Linux x86_64) AppleWebKit/537.36 (KHTML, like Gecko) Chrome/67.0.3396.87 Safari/537.36"
46.22.51.77 - - [28/Mar/2024:03:08:22 -0500] "GET / HTTP/1.1" 200 -1 "https://top-chat24.ru/" "Mozilla/5.0 (Windows NT 10.0; Win64; x64) AppleWebKit/537.36 (KHTML, like Gecko) Chrome/86.0.4240.111 Safari/537.36 OPR/72.0.3815.186"
46.22.51.77 - - [28/Mar/2024:03:08:24 -0500] "GET / HTTP/1.1" 200 -1 "https://sigs.ru/" "Mozilla/5.0 (Macintosh; Intel Mac OS X 10_15_7) AppleWebKit/537.36 (KHTML, like Gecko) Chrome/87.0.4280.88 Safari/537.36"
46.22.51.77 - - [28/Mar/2024:03:08:25 -0500] "GET / HTTP/1.1" 200 -1 "https://top-chat24.ru/" "Mozilla/5.0 (Windows NT 6.1; Win64; x64; rv:61.0) Gecko/20100101 Firefox/61.0"
95.216.227.15 - - [28/Mar/2024:03:08:36 -0500] "GET /pub/Stats/usage_202403.html HTTP/1.0" 200 113898 "https://xn--krkn-xva44n.com" "Mozilla/5.0 (Windows NT 10.0; Win64; x64) AppleWebKit/537.36 (KHTML, like Gecko) Chrome/119.0.0.0 Safari/537.36"
95.216.227.15 - - [28/Mar/2024:03:08:39 -0500] "GET /pub/Stats/usage_202403.html HTTP/1.0" 200 113898 "https://xn--krkn-xva44n.com" "Mozilla/5.0 (Windows NT 6.1; Win64; x64) AppleWebKit/537.36 (KHTML, like Gecko) Chrome/109.0.5414.120 Safari/537.36"
95.216.227.15 - - [28/Mar/2024:03:08:42 -0500] "GET /pub/Stats/usage_202403.html HTTP/1.0" 200 113898 "https://xn--krkn-xva44n.com" "Mozilla/5.0 (Windows NT 10.0; Win64; x64) AppleWebKit/537.36 (KHTML, like Gecko) Chrome/120.0.0.0 Safari/537.36"
176.79.190.245 - - [28/Mar/2024:03:08:47 -0500] "HEAD / HTTP/1.0" 200 -1 "https://pryvitay.co.ua" "Mozilla/5.0 (compatible; Googlebot/2.1; +http://www.google.com/bot.html)"
176.79.190.245 - - [28/Mar/2024:03:08:47 -0500] "HEAD / HTTP/1.0" 200 -1 "https://pryvitay.co.ua" "Mozilla/5.0 (compatible; Googlebot/2.1; +http://www.google.com/bot.html)"
176.79.190.245 - - [28/Mar/2024:03:08:47 -0500] "HEAD / HTTP/1.0" 200 -1 "https://pryvitay.co.ua" "Mozilla/5.0 (compatible; Googlebot/2.1; +http://www.google.com/bot.html)"
176.79.190.245 - - [28/Mar/2024:03:08:47 -0500] "HEAD / HTTP/1.0" 200 -1 "https://pryvitay.co.ua" "Mozilla/5.0 (compatible; Googlebot/2.1; +http://www.google.com/bot.html)"
176.79.190.245 - - [28/Mar/2024:03:08:47 -0500] "HEAD / HTTP/1.0" 200 -1 "https://privitus.net.ua" "Mozilla/5.0 (compatible; Googlebot/2.1; +http://www.google.com/bot.html)"
176.79.190.245 - - [28/Mar/2024:03:08:47 -0500] "HEAD / HTTP/1.0" 200 -1 "https://pryvitay.co.ua" "Mozilla/5.0 (compatible; Googlebot/2.1; +http://www.google.com/bot.html)"
176.79.190.245 - - [28/Mar/2024:03:08:47 -0500] "HEAD / HTTP/1.0" 200 -1 "https://chef.net.ua" "Mozilla/5.0 (compatible; Googlebot/2.1; +http://www.google.com/bot.html)"
176.79.190.245 - - [28/Mar/2024:03:08:47 -0500] "HEAD / HTTP/1.0" 200 -1 "https://pryvitay.co.ua" "Mozilla/5.0 (compatible; Googlebot/2.1; +http://www.google.com/bot.html)"
176.79.190.245 - - [28/Mar/2024:03:08:47 -0500] "HEAD / HTTP/1.0" 200 -1 "https://pryvitay.co.ua" "Mozilla/5.0 (compatible; Googlebot/2.1; +http://www.google.com/bot.html)"
176.79.190.245 - - [28/Mar/2024:03:08:47 -0500] "HEAD / HTTP/1.0" 200 -1 "https://pryvitay.co.ua" "Mozilla/5.0 (compatible; Googlebot/2.1; +http://www.google.com/bot.html)"
176.79.190.245 - - [28/Mar/2024:03:08:47 -0500] "HEAD / HTTP/1.0" 200 -1 "https://pryvitay.co.ua" "Mozilla/5.0 (compatible; Googlebot/2.1; +http://www.google.com/bot.html)"
176.79.190.245 - - [28/Mar/2024:03:08:47 -0500] "HEAD / HTTP/1.0" 200 -1 "https://pryvitay.co.ua" "Mozilla/5.0 (compatible; Googlebot/2.1; +http://www.google.com/bot.html)"
176.79.190.245 - - [28/Mar/2024:03:08:47 -0500] "HEAD / HTTP/1.0" 200 -1 "https://pryvitay.co.ua" "Mozilla/5.0 (compatible; Googlebot/2.1; +http://www.google.com/bot.html)"
176.79.190.245 - - [28/Mar/2024:03:08:47 -0500] "HEAD / HTTP/1.0" 200 -1 "https://pryvitay.co.ua" "Mozilla/5.0 (compatible; Googlebot/2.1; +http://www.google.com/bot.html)"
176.79.190.245 - - [28/Mar/2024:03:08:47 -0500] "HEAD / HTTP/1.0" 200 -1 "https://pryvitay.co.ua" "Mozilla/5.0 (compatible; Googlebot/2.1; +http://www.google.com/bot.html)"
176.79.190.245 - - [28/Mar/2024:03:08:47 -0500] "HEAD / HTTP/1.0" 200 -1 "https://pryvitay.co.ua" "Mozilla/5.0 (compatible; Googlebot/2.1; +http://www.google.com/bot.html)"
176.79.190.245 - - [28/Mar/2024:03:08:47 -0500] "HEAD / HTTP/1.0" 200 -1 "https://pryvitay.co.ua" "Mozilla/5.0 (compatible; Googlebot/2.1; +http://www.google.com/bot.html)"
176.79.190.245 - - [28/Mar/2024:03:08:47 -0500] "HEAD / HTTP/1.0" 200 -1 "https://pryvitay.co.ua" "Mozilla/5.0 (compatible; Googlebot/2.1; +http://www.google.com/bot.html)"
176.79.190.245 - - [28/Mar/2024:03:08:47 -0500] "HEAD / HTTP/1.0" 200 -1 "https://pryvitay.co.ua" "Mozilla/5.0 (compatible; Googlebot/2.1; +http://www.google.com/bot.html)"
176.79.190.245 - - [28/Mar/2024:03:08:47 -0500] "HEAD / HTTP/1.0" 200 -1 "https://pryvitay.co.ua" "Mozilla/5.0 (compatible; Googlebot/2.1; +http://www.google.com/bot.html)"
176.79.190.245 - - [28/Mar/2024:03:08:48 -0500] "HEAD / HTTP/1.0" 200 -1 "https://pryvitay.co.ua" "Mozilla/5.0 (compatible; Googlebot/2.1; +http://www.google.com/bot.html)"
46.22.51.77 - - [28/Mar/2024:03:08:48 -0500] "GET / HTTP/1.1" 200 -1 "https://sigs.ru/" "Mozilla/5.0 (Windows NT 6.3; Win64; x64) AppleWebKit/537.36 (KHTML, like Gecko) Chrome/75.0.3770.100 Safari/537.36"
46.22.51.77 - - [28/Mar/2024:03:08:53 -0500] "GET / HTTP/1.1" 200 -1 "https://autoportal24.ru/" "Mozilla/5.0 (Windows NT 6.1; Win64; x64) AppleWebKit/537.36 (KHTML, like Gecko) Chrome/85.0.4183.121 Safari/537.36 OPR/71.0.3770.228"
46.22.51.77 - - [28/Mar/2024:03:08:57 -0500] "GET / HTTP/1.1" 200 -1 "https://vesti.spb.ru/" "Mozilla/5.0 (Windows NT 6.1; Win64; x64) AppleWebKit/537.36 (KHTML, like Gecko) Chrome/84.0.4147.125 Safari/537.36"
79.137.204.186 - - [28/Mar/2024:03:08:57 -0500] "GET /pub/Stats/usage_202403.html HTTP/1.0" 200 113898 "https://korpus-mebli.com.ua/" "Mozilla/5.0 (Windows NT 10.0; Win64; x64) AppleWebKit/537.36 (KHTML, like Gecko) Chrome/120.0.0.0 Iron Safari/537.36"
79.137.204.186 - - [28/Mar/2024:03:09:01 -0500] "GET /pub/Stats/usage_202403.html HTTP/1.0" 200 113898 "https://korpus-mebli.com.ua/" "Mozilla/5.0 (Windows NT 10.0; Win64; x64) AppleWebKit/537.36 (KHTML, like Gecko) Chrome/121.0.0.0 Safari/537.36"
46.22.51.77 - - [28/Mar/2024:03:09:03 -0500] "GET / HTTP/1.1" 200 -1 "https://vesti.spb.ru/" "Mozilla/5.0 (Windows NT 6.1; WOW64) AppleWebKit/537.36 (KHTML, like Gecko) Chrome/53.0.2785.104 Safari/537.36 Core/1.53.5048.400 QQBrowser/9.7.13114.400"
51.222.253.10 - - [28/Mar/2024:03:09:04 -0500] "GET /DeadPage/Fidelity/events/completed_events/smd/_vti_cnf/ HTTP/1.1" 200 -1 "" "Mozilla/5.0 (compatible; AhrefsBot/7.0; +http://ahrefs.com/robot/)"
79.137.204.186 - - [28/Mar/2024:03:09:04 -0500] "GET /pub/Stats/usage_202403.html HTTP/1.0" 200 113898 "https://korpus-mebli.com.ua/" "Mozilla/5.0 (Windows NT 10.0; Win64; x64) AppleWebKit/537.36 (KHTML, like Gecko) Chrome/122.0.0.0 Safari/537.36"
46.22.51.77 - - [28/Mar/2024:03:09:08 -0500] "GET / HTTP/1.1" 200 -1 "https://autoportal24.ru/" "Mozilla/5.0 (Windows NT 10.0; Win64; x64) AppleWebKit/537.36 (KHTML, like Gecko) Chrome/86.0.4240.75 Safari/537.36"
46.22.51.77 - - [28/Mar/2024:03:09:21 -0500] "GET / HTTP/1.1" 200 -1 "https://wmusor.ru/" "Mozilla/5.0 (Macintosh; Intel Mac OS X 10_15_6) AppleWebKit/605.1.15 (KHTML, like Gecko) Version/14.0.3 Safari/605.1.15"
46.22.51.77 - - [28/Mar/2024:03:09:31 -0500] "GET / HTTP/1.1" 200 -1 "https://sigs.ru/" "Mozilla/5.0 (Windows NT 10.0; Win64; x64) AppleWebKit/537.36 (KHTML, like Gecko) Chrome/88.0.4324.150 Safari/537.36"
46.22.51.77 - - [28/Mar/2024:03:09:32 -0500] "GET / HTTP/1.1" 200 -1 "https://top-chat24.ru/" "Mozilla/5.0 (Windows NT 6.1) AppleWebKit/537.36 (KHTML, like Gecko) Chrome/87.0.4280.88 Safari/537.36"
66.249.66.200 - - [28/Mar/2024:03:09:35 -0500] "GET /TheToolBag/TheBookIBM/c79ibm26.htm HTTP/1.1" 304 10600 "" "Mozilla/5.0 (Linux; Android 6.0.1; Nexus 5X Build/MMB29P) AppleWebKit/537.36 (KHTML, like Gecko) Chrome/122.0.6261.94 Mobile Safari/537.36 (compatible; Googlebot/2.1; +http://www.google.com/bot.html)"
66.249.66.201 - - [28/Mar/2024:03:09:35 -0500] "GET /DeadPage/?order=snx HTTP/1.1" 200 -1 "" "Mozilla/5.0 (Linux; Android 6.0.1; Nexus 5X Build/MMB29P) AppleWebKit/537.36 (KHTML, like Gecko) Chrome/122.0.6261.94 Mobile Safari/537.36 (compatible; Googlebot/2.1; +http://www.google.com/bot.html)"
46.22.51.77 - - [28/Mar/2024:03:09:38 -0500] "GET / HTTP/1.1" 200 -1 "https://wmusor.ru/" "Mozilla/5.0 (Windows NT 6.1; WOW64) AppleWebKit/537.36 (KHTML, like Gecko) Chrome/90.0.4430.212 YaBrowser/21.5.2.644 Yowser/2.5 Safari/537.36"
37.139.53.88 - - [28/Mar/2024:03:09:43 -0500] "GET /pub/Stats/usage_202403.html HTTP/1.0" 200 113898 "https://www.bigsexvideo.tube/" "Mozilla/5.0 (Windows NT 10.0; Win64; x64) AppleWebKit/537.36 (KHTML, like Gecko) Chrome/120.0.0.0 Iron Safari/537.36"
37.139.53.88 - - [28/Mar/2024:03:09:45 -0500] "GET /pub/Stats/usage_202403.html HTTP/1.0" 200 113898 "https://www.bigsexvideo.tube/" "Mozilla/5.0 (Windows NT 10.0; Win64; x64) AppleWebKit/537.36 (KHTML, like Gecko) Chrome/115.0.0.0 Safari/537.36"
37.139.53.88 - - [28/Mar/2024:03:09:49 -0500] "GET /pub/Stats/usage_202403.html HTTP/1.0" 200 113898 "https://www.bigsexvideo.tube/" "Mozilla/5.0 (Windows NT 6.3; Win64; x64) AppleWebKit/537.36 (KHTML, like Gecko) Chrome/113.0.0.0 Safari/537.36"
95.216.227.15 - - [28/Mar/2024:03:09:52 -0500] "GET /pub/Stats/usage_202403.html HTTP/1.0" 200 113898 "https://xn--krkn-xva44n.com" "Mozilla/5.0 (Windows NT 10.0; Win64; x64) AppleWebKit/537.36 (KHTML, like Gecko) Chrome/121.0.0.0 Safari/537.36"
46.22.51.77 - - [28/Mar/2024:03:09:53 -0500] "GET / HTTP/1.1" 200 -1 "https://top-chat24.ru/" "Mozilla/5.0 (Windows NT 10.0; WOW64) AppleWebKit/537.36 (KHTML, like Gecko) Chrome/60.0.3100.2 Safari/537.36"
46.22.51.77 - - [28/Mar/2024:03:09:55 -0500] "GET / HTTP/1.1" 200 -1 "https://vesti.spb.ru/" "Mozilla/5.0 (Windows NT 6.3; Win64; x64) AppleWebKit/537.36 (KHTML, like Gecko) Chrome/88.0.4324.182 Safari/537.36"
95.216.227.15 - - [28/Mar/2024:03:09:55 -0500] "GET /pub/Stats/usage_202403.html HTTP/1.0" 200 113898 "https://xn--k1-h2s.com" "Mozilla/5.0 (Windows NT 10.0; Win64; x64) AppleWebKit/537.36 (KHTML, like Gecko) Chrome/114.0.0.0 Safari/537.36"
46.22.51.77 - - [28/Mar/2024:03:09:58 -0500] "GET / HTTP/1.1" 200 -1 "https://wmusor.ru/" "Mozilla/5.0 (Windows NT 6.0; Win64; x64) AppleWebKit/537.36 (KHTML, like Gecko) Chrome/65.0.3325.181 Safari/537.36"
95.216.227.15 - - [28/Mar/2024:03:09:59 -0500] "GET /pub/Stats/usage_202403.html HTTP/1.0" 200 113898 "https://xn--krkn-xva44n.com" "Mozilla/5.0 (Windows NT 10.0; Win64; x64) AppleWebKit/537.36 (KHTML, like Gecko) Chrome/122.0.0.0 Safari/537.36"
136.243.13.183 - - [28/Mar/2024:03:10:02 -0500] "HEAD /pub/stats/ HTTP/1.0" 200 -1 "https://prodroiders.net/" "Mozilla/5.0 (compatible; Googlebot/2.1; +http://www.google.com/bot.html)"
136.243.13.183 - - [28/Mar/2024:03:10:03 -0500] "HEAD /pub/stats/ HTTP/1.0" 200 -1 "https://prodroiders.net/" "Mozilla/5.0 (compatible; Googlebot/2.1; +http://www.google.com/bot.html)"
136.243.13.183 - - [28/Mar/2024:03:10:03 -0500] "HEAD /pub/stats/ HTTP/1.0" 200 -1 "https://prodroiders.net/" "Mozilla/5.0 (compatible; Googlebot/2.1; +http://www.google.com/bot.html)"
46.22.51.77 - - [28/Mar/2024:03:10:03 -0500] "GET / HTTP/1.1" 200 -1 "https://wmusor.ru/" "Mozilla/5.0 (Windows NT 6.1) AppleWebKit/537.36 (KHTML, like Gecko) Chrome/89.0.4389.114 Safari/537.36"
5.42.65.70 - - [28/Mar/2024:03:10:04 -0500] "GET /pub/Stats/usage_202403.html HTTP/1.0" 200 113898 "https://xn--megab-mdb.com" "Mozilla/5.0 (Windows NT 10.0) AppleWebKit/537.36 (KHTML, like Gecko) Chrome/103.0.0.0 Safari/537.36"
46.22.51.77 - - [28/Mar/2024:03:10:08 -0500] "GET / HTTP/1.1" 200 -1 "https://vesti.spb.ru/" "Mozilla/5.0 (X11; Linux x86_64) AppleWebKit/537.36 (KHTML, like Gecko) Chrome/65.0.3400.0 Iron Safari/537.36"
51.222.253.3 - - [28/Mar/2024:03:10:11 -0500] "GET /TheToolBag/SpyCam/?order=Snx HTTP/1.1" 200 -1 "" "Mozilla/5.0 (compatible; AhrefsBot/7.0; +http://ahrefs.com/robot/)"
46.22.51.77 - - [28/Mar/2024:03:10:14 -0500] "GET / HTTP/1.1" 200 -1 "https://sigs.ru/" "Mozilla/5.0 (Windows NT 10.0; Win64; x64) AppleWebKit/537.36 (KHTML, like Gecko) Chrome/84.0.4147.86 YaBrowser/20.8.0.894 Yowser/2.5 Safari/537.36"
46.22.51.77 - - [28/Mar/2024:03:10:26 -0500] "GET / HTTP/1.1" 200 -1 "https://autoportal24.ru/" "Mozilla/5.0 (Windows NT 10.0; WOW64) AppleWebKit/537.36 (KHTML, like Gecko) Chrome/54.0.2840.99 Safari/537.36"
176.79.190.245 - - [28/Mar/2024:03:10:41 -0500] "HEAD / HTTP/1.0" 200 -1 "https://privitus.net.ua" "Mozilla/5.0 (compatible; Googlebot/2.1; +http://www.google.com/bot.html)"
46.22.51.77 - - [28/Mar/2024:03:10:47 -0500] "GET / HTTP/1.1" 200 -1 "https://wmusor.ru/" "Mozilla/5.0 (Windows NT 6.1) AppleWebKit/537.36 (KHTML, like Gecko) Chrome/85.0.4183.102 Safari/537.36"
46.22.51.77 - - [28/Mar/2024:03:10:53 -0500] "GET / HTTP/1.1" 200 -1 "https://autoportal24.ru/" "Mozilla/5.0 (Windows NT 10.0; WOW64) AppleWebKit/537.36 (KHTML, like Gecko) Chrome/90.0.4430.212 YaBrowser/21.5.2.644 Yowser/2.5 Safari/537.36"
176.79.190.245 - - [28/Mar/2024:03:10:54 -0500] "HEAD / HTTP/1.0" 200 -1 "https://chef.net.ua" "Mozilla/5.0 (compatible; Googlebot/2.1; +http://www.google.com/bot.html)"
176.79.190.245 - - [28/Mar/2024:03:10:54 -0500] "HEAD / HTTP/1.0" 200 -1 "https://privitus.net.ua" "Mozilla/5.0 (compatible; Googlebot/2.1; +http://www.google.com/bot.html)"
176.79.190.245 - - [28/Mar/2024:03:10:54 -0500] "HEAD / HTTP/1.0" 200 -1 "https://privitus.net.ua" "Mozilla/5.0 (compatible; Googlebot/2.1; +http://www.google.com/bot.html)"
176.79.190.245 - - [28/Mar/2024:03:10:54 -0500] "HEAD / HTTP/1.0" 200 -1 "https://privitus.net.ua" "Mozilla/5.0 (compatible; Googlebot/2.1; +http://www.google.com/bot.html)"
176.79.190.245 - - [28/Mar/2024:03:10:54 -0500] "HEAD / HTTP/1.0" 200 -1 "https://privitus.net.ua" "Mozilla/5.0 (compatible; Googlebot/2.1; +http://www.google.com/bot.html)"
176.79.190.245 - - [28/Mar/2024:03:10:54 -0500] "HEAD / HTTP/1.0" 200 -1 "https://privitus.net.ua" "Mozilla/5.0 (compatible; Googlebot/2.1; +http://www.google.com/bot.html)"
176.79.190.245 - - [28/Mar/2024:03:10:54 -0500] "HEAD / HTTP/1.0" 200 -1 "https://privitus.net.ua" "Mozilla/5.0 (compatible; Googlebot/2.1; +http://www.google.com/bot.html)"
176.79.190.245 - - [28/Mar/2024:03:10:54 -0500] "HEAD / HTTP/1.0" 200 -1 "https://privitus.net.ua" "Mozilla/5.0 (compatible; Googlebot/2.1; +http://www.google.com/bot.html)"
176.79.190.245 - - [28/Mar/2024:03:10:54 -0500] "HEAD / HTTP/1.0" 200 -1 "https://cooktips.com.ua" "Mozilla/5.0 (compatible; Googlebot/2.1; +http://www.google.com/bot.html)"
176.79.190.245 - - [28/Mar/2024:03:10:54 -0500] "HEAD / HTTP/1.0" 200 -1 "https://privitus.net.ua" "Mozilla/5.0 (compatible; Googlebot/2.1; +http://www.google.com/bot.html)"
176.79.190.245 - - [28/Mar/2024:03:10:54 -0500] "HEAD / HTTP/1.0" 200 -1 "https://privitus.net.ua" "Mozilla/5.0 (compatible; Googlebot/2.1; +http://www.google.com/bot.html)"
176.79.190.245 - - [28/Mar/2024:03:10:54 -0500] "HEAD / HTTP/1.0" 200 -1 "https://privitus.net.ua" "Mozilla/5.0 (compatible; Googlebot/2.1; +http://www.google.com/bot.html)"
176.79.190.245 - - [28/Mar/2024:03:10:54 -0500] "HEAD / HTTP/1.0" 200 -1 "https://privitus.net.ua" "Mozilla/5.0 (compatible; Googlebot/2.1; +http://www.google.com/bot.html)"
176.79.190.245 - - [28/Mar/2024:03:10:54 -0500] "HEAD / HTTP/1.0" 200 -1 "https://privitus.net.ua" "Mozilla/5.0 (compatible; Googlebot/2.1; +http://www.google.com/bot.html)"
176.79.190.245 - - [28/Mar/2024:03:10:54 -0500] "HEAD / HTTP/1.0" 200 -1 "https://privitus.net.ua" "Mozilla/5.0 (compatible; Googlebot/2.1; +http://www.google.com/bot.html)"
176.79.190.245 - - [28/Mar/2024:03:10:54 -0500] "HEAD / HTTP/1.0" 200 -1 "https://privitus.net.ua" "Mozilla/5.0 (compatible; Googlebot/2.1; +http://www.google.com/bot.html)"
176.79.190.245 - - [28/Mar/2024:03:10:54 -0500] "HEAD / HTTP/1.0" 200 -1 "https://privitus.net.ua" "Mozilla/5.0 (compatible; Googlebot/2.1; +http://www.google.com/bot.html)"
176.79.190.245 - - [28/Mar/2024:03:10:54 -0500] "HEAD / HTTP/1.0" 200 -1 "https://privitus.net.ua" "Mozilla/5.0 (compatible; Googlebot/2.1; +http://www.google.com/bot.html)"
176.79.190.245 - - [28/Mar/2024:03:10:54 -0500] "HEAD / HTTP/1.0" 200 -1 "https://privitus.net.ua" "Mozilla/5.0 (compatible; Googlebot/2.1; +http://www.google.com/bot.html)"
176.79.190.245 - - [28/Mar/2024:03:10:54 -0500] "HEAD / HTTP/1.0" 200 -1 "https://privitus.net.ua" "Mozilla/5.0 (compatible; Googlebot/2.1; +http://www.google.com/bot.html)"
46.22.51.77 - - [28/Mar/2024:03:10:55 -0500] "GET / HTTP/1.1" 200 -1 "https://top-chat24.ru/" "Mozilla/5.0 (Windows NT 10.0; WOW64) AppleWebKit/537.36 (KHTML, like Gecko) Chrome/53.0.2785.104 Safari/537.36 Core/1.53.4843.400 QQBrowser/9.7.13021.400"
95.216.227.15 - - [28/Mar/2024:03:11:10 -0500] "GET /pub/Stats/usage_202403.html HTTP/1.0" 200 113898 "https://krakenat.com" "Mozilla/5.0 (Windows NT 10.0; Win64; x64) AppleWebKit/537.36 (KHTML, like Gecko) Chrome/121.0.0.0 Safari/537.36"
46.22.51.77 - - [28/Mar/2024:03:11:12 -0500] "GET / HTTP/1.1" 200 -1 "https://vesti.spb.ru/" "Mozilla/5.0 (X11; U; Linux i686; en-US; rv:1.8.1.2) Gecko/20061201 Firefox/2.0.0.2"
95.216.227.15 - - [28/Mar/2024:03:11:13 -0500] "GET /pub/Stats/usage_202403.html HTTP/1.0" 200 113898 "https://xn--k1-h2s.com" "Mozilla/5.0 (Windows NT 6.3; Win64; x64) AppleWebKit/537.36 (KHTML, like Gecko) Chrome/109.0.0.0 Safari/537.36"
95.216.227.15 - - [28/Mar/2024:03:11:16 -0500] "GET /pub/Stats/usage_202403.html HTTP/1.0" 200 113898 "https://krakenat.com" "Mozilla/5.0 (Windows NT 6.1; Win64; x64) AppleWebKit/537.36 (KHTML, like Gecko) Chrome/109.0.0.0 Safari/537.36"
46.22.51.77 - - [28/Mar/2024:03:11:20 -0500] "GET / HTTP/1.1" 200 -1 "https://sigs.ru/" "Mozilla/5.0 (X11; Fedora; Linux x86_64) AppleWebKit/537.36 (KHTML, like Gecko) Chrome/64.0.3282.186 Safari/537.36"
37.139.53.88 - - [28/Mar/2024:03:11:26 -0500] "GET /pub/Stats/usage_202403.html HTTP/1.0" 200 113898 "https://www.bigsexvideo.tube/" "Mozilla/5.0 (Windows NT 10.0; Win64; x64) AppleWebKit/537.36 (KHTML, like Gecko) Chrome/111.0.0.0 Safari/537.36"
37.139.53.88 - - [28/Mar/2024:03:11:29 -0500] "GET /pub/Stats/usage_202403.html HTTP/1.0" 200 113898 "https://www.bigsexvideo.tube/" "Mozilla/5.0 (Windows NT 6.1; Win64; x64) AppleWebKit/537.36 (KHTML, like Gecko) Chrome/114.0.5735.289 Safari/537.36"
37.139.53.88 - - [28/Mar/2024:03:11:33 -0500] "GET /pub/Stats/usage_202403.html HTTP/1.0" 200 113898 "https://www.bigsexvideo.tube/" "Mozilla/5.0 (Windows NT 6.1; Win64; x64) AppleWebKit/537.36 (KHTML, like Gecko) Chrome/109.0.0.0 Safari/537.36"
46.22.51.77 - - [28/Mar/2024:03:11:44 -0500] "GET / HTTP/1.1" 200 -1 "https://autoportal24.ru/" "Mozilla/5.0 (Windows NT 6.1; Win64; x64) AppleWebKit/537.36 (KHTML, like Gecko) Chrome/90.0.4430.85 Safari/537.36"
46.22.51.77 - - [28/Mar/2024:03:11:51 -0500] "GET / HTTP/1.1" 200 -1 "https://sigs.ru/" "Mozilla/5.0 (Windows NT 6.1; WOW64) AppleWebKit/537.36 (KHTML, like Gecko) Chrome/66.0.3359.117 Safari/537.36"
46.22.51.77 - - [28/Mar/2024:03:12:11 -0500] "GET / HTTP/1.1" 200 -1 "https://sigs.ru/" "Mozilla/5.0 (Windows NT 6.1; rv:80.0) Gecko/20100101 Firefox/80.0"
46.22.51.77 - - [28/Mar/2024:03:12:12 -0500] "GET / HTTP/1.1" 200 -1 "https://wmusor.ru/" "Mozilla/5.0 (Windows NT 10.0; WOW64) AppleWebKit/537.36 (KHTML, like Gecko) Chrome/90.0.4430.93 Safari/537.36"
46.22.51.77 - - [28/Mar/2024:03:12:16 -0500] "GET / HTTP/1.1" 200 -1 "https://top-chat24.ru/" "Mozilla/5.0 (Windows NT 6.1; Win64; x64) AppleWebKit/537.36 (KHTML, like Gecko) Chrome/89.0.4389.128 Safari/537.36"
46.22.51.77 - - [28/Mar/2024:03:12:19 -0500] "GET / HTTP/1.1" 200 -1 "https://vesti.spb.ru/" "Mozilla/5.0 (Windows NT 6.3; Win64; x64) AppleWebKit/537.36 (KHTML, like Gecko) Chrome/90.0.4430.212 Safari/537.36"
95.216.227.15 - - [28/Mar/2024:03:12:27 -0500] "GET /pub/Stats/usage_202403.html HTTP/1.0" 200 113898 "https://kraken30at.com" "Mozilla/5.0 (Windows NT 10.0; Win64; x64) AppleWebKit/537.36 (KHTML, like Gecko) Chrome/117.0.5938.132 Safari/537.36"
46.22.51.77 - - [28/Mar/2024:03:12:29 -0500] "GET / HTTP/1.1" 200 -1 "https://sigs.ru/" "Mozilla/5.0 (Windows NT 10.0; WOW64) AppleWebKit/537.36 (KHTML, like Gecko) Chrome/65.0.3325.183 Safari/537.36 Vivaldi/1.96.1147.42"
95.216.227.15 - - [28/Mar/2024:03:12:30 -0500] "GET /pub/Stats/usage_202403.html HTTP/1.0" 200 113898 "https://xn--k1-h2s.com" "Mozilla/5.0 (Windows NT 10.0; Win64; x64) AppleWebKit/537.36 (KHTML, like Gecko) Chrome/122.0.0.0 Safari/537.36"
95.216.227.15 - - [28/Mar/2024:03:12:33 -0500] "GET /pub/Stats/usage_202403.html HTTP/1.0" 200 113898 "https://xn--k1-h2s.com" "Mozilla/5.0 (Windows NT 10.0; Win64; x64) AppleWebKit/537.36 (KHTML, like Gecko) Chrome/118.0.0.0 Safari/537.36"
46.22.51.77 - - [28/Mar/2024:03:12:37 -0500] "GET / HTTP/1.1" 200 -1 "https://autoportal24.ru/" "Mozilla/5.0 (X11; Linux x86_64) AppleWebKit/605.1.15 (KHTML, like Gecko) Version/11.0 Safari/605.1.15 Epiphany/605.1.15"
46.22.51.77 - - [28/Mar/2024:03:12:47 -0500] "GET / HTTP/1.1" 200 -1 "https://autoportal24.ru/" "Mozilla/5.0 (Windows NT 6.1; ) AppleWebKit/537.36 (KHTML, like Gecko) Chrome/83.0.4103.106 YaBrowser/20.7.1.68 Yowser/2.5 Safari/537.36"
79.137.204.186 - - [28/Mar/2024:03:12:48 -0500] "GET /pub/Stats/usage_202403.html HTTP/1.0" 200 113898 "https://korpus-mebli.com.ua/" "Mozilla/5.0 (Windows NT 10.0; Win64; x64) AppleWebKit/537.36 (KHTML, like Gecko) Chrome/122.0.0.0 Safari/537.36"
79.137.204.186 - - [28/Mar/2024:03:12:52 -0500] "GET /pub/Stats/usage_202403.html HTTP/1.0" 200 113898 "https://korpus-mebli.com.ua/" "Mozilla/5.0 (Windows NT 10.0; Win64; x64) AppleWebKit/537.36 (KHTML, like Gecko) Chrome/122.0.0.0 Safari/537.36"
46.22.51.77 - - [28/Mar/2024:03:12:53 -0500] "GET / HTTP/1.1" 200 -1 "https://vesti.spb.ru/" "Mozilla/5.0 (Windows NT 6.3; Win64; x64) AppleWebKit/537.36 (KHTML, like Gecko) Chrome/85.0.4183.83 Safari/537.36"
79.137.204.186 - - [28/Mar/2024:03:12:56 -0500] "GET /pub/Stats/usage_202403.html HTTP/1.0" 200 113898 "https://korpus-mebli.com.ua/" "Mozilla/5.0 (Windows NT 10.0; Win64; x64) AppleWebKit/537.36 (KHTML, like Gecko) Chrome/117.0.5938.132 Safari/537.36"
5.42.65.70 - - [28/Mar/2024:03:13:04 -0500] "GET /pub/Stats/usage_202403.html HTTP/1.0" 200 113898 "https://xn--megab-mdb.com" "Mozilla/5.0 (Windows NT 6.1; WOW64) AppleWebKit/537.36 (KHTML, like Gecko) Chrome/103.0.0.0 Safari/537.36"
176.79.190.245 - - [28/Mar/2024:03:13:06 -0500] "HEAD / HTTP/1.0" 200 -1 "https://chef.net.ua" "Mozilla/5.0 (compatible; Googlebot/2.1; +http://www.google.com/bot.html)"
176.79.190.245 - - [28/Mar/2024:03:13:06 -0500] "HEAD / HTTP/1.0" 200 -1 "https://chef.net.ua" "Mozilla/5.0 (compatible; Googlebot/2.1; +http://www.google.com/bot.html)"
176.79.190.245 - - [28/Mar/2024:03:13:06 -0500] "HEAD / HTTP/1.0" 200 -1 "https://cooktips.com.ua" "Mozilla/5.0 (compatible; Googlebot/2.1; +http://www.google.com/bot.html)"
176.79.190.245 - - [28/Mar/2024:03:13:06 -0500] "HEAD / HTTP/1.0" 200 -1 "https://chef.net.ua" "Mozilla/5.0 (compatible; Googlebot/2.1; +http://www.google.com/bot.html)"
176.79.190.245 - - [28/Mar/2024:03:13:06 -0500] "HEAD / HTTP/1.0" 200 -1 "https://chef.net.ua" "Mozilla/5.0 (compatible; Googlebot/2.1; +http://www.google.com/bot.html)"
176.79.190.245 - - [28/Mar/2024:03:13:06 -0500] "HEAD / HTTP/1.0" 200 -1 "https://chef.net.ua" "Mozilla/5.0 (compatible; Googlebot/2.1; +http://www.google.com/bot.html)"
176.79.190.245 - - [28/Mar/2024:03:13:06 -0500] "HEAD / HTTP/1.0" 200 -1 "https://chef.net.ua" "Mozilla/5.0 (compatible; Googlebot/2.1; +http://www.google.com/bot.html)"
176.79.190.245 - - [28/Mar/2024:03:13:06 -0500] "HEAD / HTTP/1.0" 200 -1 "https://chef.net.ua" "Mozilla/5.0 (compatible; Googlebot/2.1; +http://www.google.com/bot.html)"
176.79.190.245 - - [28/Mar/2024:03:13:06 -0500] "HEAD / HTTP/1.0" 200 -1 "https://chef.net.ua" "Mozilla/5.0 (compatible; Googlebot/2.1; +http://www.google.com/bot.html)"
176.79.190.245 - - [28/Mar/2024:03:13:06 -0500] "HEAD / HTTP/1.0" 200 -1 "https://chef.net.ua" "Mozilla/5.0 (compatible; Googlebot/2.1; +http://www.google.com/bot.html)"
176.79.190.245 - - [28/Mar/2024:03:13:06 -0500] "HEAD / HTTP/1.0" 200 -1 "https://chef.net.ua" "Mozilla/5.0 (compatible; Googlebot/2.1; +http://www.google.com/bot.html)"
176.79.190.245 - - [28/Mar/2024:03:13:06 -0500] "HEAD / HTTP/1.0" 200 -1 "https://chef.net.ua" "Mozilla/5.0 (compatible; Googlebot/2.1; +http://www.google.com/bot.html)"
176.79.190.245 - - [28/Mar/2024:03:13:06 -0500] "HEAD / HTTP/1.0" 200 -1 "https://chef.net.ua" "Mozilla/5.0 (compatible; Googlebot/2.1; +http://www.google.com/bot.html)"
176.79.190.245 - - [28/Mar/2024:03:13:06 -0500] "HEAD / HTTP/1.0" 200 -1 "https://chef.net.ua" "Mozilla/5.0 (compatible; Googlebot/2.1; +http://www.google.com/bot.html)"
176.79.190.245 - - [28/Mar/2024:03:13:06 -0500] "HEAD / HTTP/1.0" 200 -1 "https://chef.net.ua" "Mozilla/5.0 (compatible; Googlebot/2.1; +http://www.google.com/bot.html)"
176.79.190.245 - - [28/Mar/2024:03:13:06 -0500] "HEAD / HTTP/1.0" 200 -1 "http://teg.com.ua" "Mozilla/5.0 (compatible; Googlebot/2.1; +http://www.google.com/bot.html)"
176.79.190.245 - - [28/Mar/2024:03:13:06 -0500] "HEAD / HTTP/1.0" 200 -1 "https://chef.net.ua" "Mozilla/5.0 (compatible; Googlebot/2.1; +http://www.google.com/bot.html)"
176.79.190.245 - - [28/Mar/2024:03:13:06 -0500] "HEAD / HTTP/1.0" 200 -1 "https://chef.net.ua" "Mozilla/5.0 (compatible; Googlebot/2.1; +http://www.google.com/bot.html)"
176.79.190.245 - - [28/Mar/2024:03:13:06 -0500] "HEAD / HTTP/1.0" 200 -1 "https://chef.net.ua" "Mozilla/5.0 (compatible; Googlebot/2.1; +http://www.google.com/bot.html)"
176.79.190.245 - - [28/Mar/2024:03:13:06 -0500] "HEAD / HTTP/1.0" 200 -1 "https://chef.net.ua" "Mozilla/5.0 (compatible; Googlebot/2.1; +http://www.google.com/bot.html)"
176.79.190.245 - - [28/Mar/2024:03:13:06 -0500] "HEAD / HTTP/1.0" 200 -1 "https://chef.net.ua" "Mozilla/5.0 (compatible; Googlebot/2.1; +http://www.google.com/bot.html)"
46.22.51.77 - - [28/Mar/2024:03:13:07 -0500] "GET / HTTP/1.1" 200 -1 "https://vesti.spb.ru/" "Mozilla/5.0 (Windows NT 10.0; Win64; x64) AppleWebKit/537.36 (KHTML, like Gecko) Chrome/87.0.4280.141 Safari/537.36 OPR/73.0.3856.344"
46.22.51.77 - - [28/Mar/2024:03:13:07 -0500] "GET / HTTP/1.1" 200 -1 "https://top-chat24.ru/" "Mozilla/5.0 (Windows NT 10.0; Win64; x64) AppleWebKit/537.36 (KHTML, like Gecko) Chrome/64.0.3282.140 Safari/537.36"
37.139.53.88 - - [28/Mar/2024:03:13:09 -0500] "GET /pub/Stats/usage_202403.html HTTP/1.0" 200 113898 "https://www.bigsexvideo.tube/" "Mozilla/5.0 (Windows NT 6.1; Win64; x64) AppleWebKit/537.36 (KHTML, like Gecko) Chrome/114.0.5735.289 Safari/537.36"
37.139.53.88 - - [28/Mar/2024:03:13:12 -0500] "GET /pub/Stats/usage_202403.html HTTP/1.0" 200 113898 "https://www.bigsexvideo.tube/" "Mozilla/5.0 (Windows NT 10.0; Win64; x64) AppleWebKit/537.36 (KHTML, like Gecko) Chrome/122.0.0.0 Safari/537.36"
46.22.51.77 - - [28/Mar/2024:03:13:14 -0500] "GET / HTTP/1.1" 200 -1 "https://top-chat24.ru/" "Mozilla/5.0 (Windows NT 5.1) AppleWebKit/537.36 (KHTML, like Gecko) Chrome/49.0.2623.112 Safari/537.36 OPR/36.0.2130.80"
37.139.53.88 - - [28/Mar/2024:03:13:16 -0500] "GET /pub/Stats/usage_202403.html HTTP/1.0" 200 113898 "https://www.bigsexvideo.tube/" "Mozilla/5.0 (Windows NT 11.0; WOW64) AppleWebKit/537.36 (KHTML, like Gecko) Chrome/114.0.5814.214 Safari/537.36"
46.22.51.77 - - [28/Mar/2024:03:13:19 -0500] "GET / HTTP/1.1" 200 -1 "https://wmusor.ru/" "Mozilla/5.0 (Windows NT 10.0; Win64; x64) AppleWebKit/537.36 (KHTML, like Gecko) Chrome/86.0.4240.185 YaBrowser/20.11.2.78 Yowser/2.5 Safari/537.36"
