46.22.51.77 - - [28/Mar/2024:01:01:14 -0500] "GET / HTTP/1.1" 200 -1 "https://wmusor.ru/" "Mozilla/5.0 (Windows NT 6.1) AppleWebKit/537.36 (KHTML, like Gecko) Chrome/53.0.2785.104 Safari/537.36 Core/1.53.2057.400 QQBrowser/9.5.10158.400"
46.22.51.77 - - [28/Mar/2024:01:01:18 -0500] "GET / HTTP/1.1" 200 -1 "https://autoportal24.ru/" "Mozilla/5.0 (X11; Linux x86_64) AppleWebKit/537.36 (KHTML, like Gecko) Chrome/66.0.3359.170 Safari/537.36"
5.42.65.70 - - [28/Mar/2024:01:01:26 -0500] "GET /pub/Stats/usage_202403.html HTTP/1.0" 200 113173 "https://xn--megab-mdb.com" "Mozilla/5.0 (Windows NT 6.1) AppleWebKit/537.36 (KHTML, like Gecko) Chrome/103.0.0.0 Safari/537.36"
46.22.51.77 - - [28/Mar/2024:01:01:35 -0500] "GET / HTTP/1.1" 200 -1 "https://vesti.spb.ru/" "Mozilla/5.0 (Windows NT 6.1; Win64; x64) AppleWebKit/537.36 (KHTML, like Gecko) Chrome/92.0.4515.159 Safari/537.36"
46.22.51.77 - - [28/Mar/2024:01:01:37 -0500] "GET / HTTP/1.1" 200 -1 "https://top-chat24.ru/" "Mozilla/5.0 (Macintosh; Intel Mac OS X 10_15_5) AppleWebKit/605.1.15 (KHTML, like Gecko) Version/13.1.1 Safari/605.1.15"
51.222.253.6 - - [28/Mar/2024:01:01:38 -0500] "GET /deadpage/Fidelity/events/completed_events/Wine_Dine/_vti_cnf/WineDine.html HTTP/1.1" 200 1741 "" "Mozilla/5.0 (compatible; AhrefsBot/7.0; +http://ahrefs.com/robot/)"
46.22.51.77 - - [28/Mar/2024:01:01:42 -0500] "GET / HTTP/1.1" 200 -1 "https://sigs.ru/" "Mozilla/5.0 (Windows NT 10.0; WOW64) AppleWebKit/537.36 (KHTML, like Gecko) Chrome/88.0.4324.41 YaBrowser/21.2.0.1099 Yowser/2.5 Safari/537.36"
176.79.190.245 - - [28/Mar/2024:01:01:44 -0500] "HEAD / HTTP/1.0" 200 -1 "https://pryvitay.co.ua" "Mozilla/5.0 (compatible; Googlebot/2.1; +http://www.google.com/bot.html)"
176.79.190.245 - - [28/Mar/2024:01:01:44 -0500] "HEAD / HTTP/1.0" 200 -1 "https://pryvitay.co.ua" "Mozilla/5.0 (compatible; Googlebot/2.1; +http://www.google.com/bot.html)"
176.79.190.245 - - [28/Mar/2024:01:01:44 -0500] "HEAD / HTTP/1.0" 200 -1 "https://pryvitay.co.ua" "Mozilla/5.0 (compatible; Googlebot/2.1; +http://www.google.com/bot.html)"
176.79.190.245 - - [28/Mar/2024:01:01:44 -0500] "HEAD / HTTP/1.0" 200 -1 "https://pryvitay.co.ua" "Mozilla/5.0 (compatible; Googlebot/2.1; +http://www.google.com/bot.html)"
176.79.190.245 - - [28/Mar/2024:01:01:44 -0500] "HEAD / HTTP/1.0" 200 -1 "https://pryvitay.co.ua" "Mozilla/5.0 (compatible; Googlebot/2.1; +http://www.google.com/bot.html)"
176.79.190.245 - - [28/Mar/2024:01:01:44 -0500] "HEAD / HTTP/1.0" 200 -1 "https://pryvitay.co.ua" "Mozilla/5.0 (compatible; Googlebot/2.1; +http://www.google.com/bot.html)"
176.79.190.245 - - [28/Mar/2024:01:01:44 -0500] "HEAD / HTTP/1.0" 200 -1 "https://pryvitay.co.ua" "Mozilla/5.0 (compatible; Googlebot/2.1; +http://www.google.com/bot.html)"
176.79.190.245 - - [28/Mar/2024:01:01:44 -0500] "HEAD / HTTP/1.0" 200 -1 "https://pryvitay.co.ua" "Mozilla/5.0 (compatible; Googlebot/2.1; +http://www.google.com/bot.html)"
176.79.190.245 - - [28/Mar/2024:01:01:44 -0500] "HEAD / HTTP/1.0" 200 -1 "https://pryvitay.co.ua" "Mozilla/5.0 (compatible; Googlebot/2.1; +http://www.google.com/bot.html)"
176.79.190.245 - - [28/Mar/2024:01:01:44 -0500] "HEAD / HTTP/1.0" 200 -1 "https://pryvitay.co.ua" "Mozilla/5.0 (compatible; Googlebot/2.1; +http://www.google.com/bot.html)"
176.79.190.245 - - [28/Mar/2024:01:01:44 -0500] "HEAD / HTTP/1.0" 200 -1 "https://pryvitay.co.ua" "Mozilla/5.0 (compatible; Googlebot/2.1; +http://www.google.com/bot.html)"
176.79.190.245 - - [28/Mar/2024:01:01:44 -0500] "HEAD / HTTP/1.0" 200 -1 "https://pryvitay.co.ua" "Mozilla/5.0 (compatible; Googlebot/2.1; +http://www.google.com/bot.html)"
176.79.190.245 - - [28/Mar/2024:01:01:44 -0500] "HEAD / HTTP/1.0" 200 -1 "https://pryvitay.co.ua" "Mozilla/5.0 (compatible; Googlebot/2.1; +http://www.google.com/bot.html)"
176.79.190.245 - - [28/Mar/2024:01:01:44 -0500] "HEAD / HTTP/1.0" 200 -1 "https://pryvitay.co.ua" "Mozilla/5.0 (compatible; Googlebot/2.1; +http://www.google.com/bot.html)"
176.79.190.245 - - [28/Mar/2024:01:01:44 -0500] "HEAD / HTTP/1.0" 200 -1 "https://pryvitay.co.ua" "Mozilla/5.0 (compatible; Googlebot/2.1; +http://www.google.com/bot.html)"
176.79.190.245 - - [28/Mar/2024:01:01:44 -0500] "HEAD / HTTP/1.0" 200 -1 "https://pryvitay.co.ua" "Mozilla/5.0 (compatible; Googlebot/2.1; +http://www.google.com/bot.html)"
176.79.190.245 - - [28/Mar/2024:01:01:44 -0500] "HEAD / HTTP/1.0" 200 -1 "https://privitus.net.ua" "Mozilla/5.0 (compatible; Googlebot/2.1; +http://www.google.com/bot.html)"
176.79.190.245 - - [28/Mar/2024:01:01:44 -0500] "HEAD / HTTP/1.0" 200 -1 "https://pryvitay.co.ua" "Mozilla/5.0 (compatible; Googlebot/2.1; +http://www.google.com/bot.html)"
176.79.190.245 - - [28/Mar/2024:01:01:44 -0500] "HEAD / HTTP/1.0" 200 -1 "https://chef.net.ua" "Mozilla/5.0 (compatible; Googlebot/2.1; +http://www.google.com/bot.html)"
176.79.190.245 - - [28/Mar/2024:01:01:44 -0500] "HEAD / HTTP/1.0" 200 -1 "https://pryvitay.co.ua" "Mozilla/5.0 (compatible; Googlebot/2.1; +http://www.google.com/bot.html)"
176.79.190.245 - - [28/Mar/2024:01:01:44 -0500] "HEAD / HTTP/1.0" 200 -1 "https://pryvitay.co.ua" "Mozilla/5.0 (compatible; Googlebot/2.1; +http://www.google.com/bot.html)"
46.22.51.77 - - [28/Mar/2024:01:01:47 -0500] "GET / HTTP/1.1" 200 -1 "https://sigs.ru/" "Mozilla/5.0 (Windows NT 10.0; Win64; x64) AppleWebKit/537.36 (KHTML, like Gecko) Chrome/92.0.4515.159 Safari/537.36 OPR/78.0.4093.231"
79.137.204.186 - - [28/Mar/2024:01:01:58 -0500] "GET /pub/Stats/usage_202403.html HTTP/1.0" 200 113173 "https://korpus-mebli.com.ua/" "Mozilla/5.0 (Windows NT 10.0; Win64; x64) AppleWebKit/537.36 (KHTML, like Gecko) Chrome/112.0.0.0 Safari/537.36"
79.137.204.186 - - [28/Mar/2024:01:02:01 -0500] "GET /pub/Stats/usage_202403.html HTTP/1.0" 200 113173 "https://korpus-mebli.com.ua/" "Mozilla/5.0 (Windows NT 10.0; Win64; x64) AppleWebKit/537.36 (KHTML, like Gecko) Chrome/120.0.0.0 Iron Safari/537.36"
79.137.204.186 - - [28/Mar/2024:01:02:05 -0500] "GET /pub/Stats/usage_202403.html HTTP/1.0" 200 113173 "https://korpus-mebli.com.ua/" "Mozilla/5.0 (Windows NT 10.0; Win64; x64) AppleWebKit/537.36 (KHTML, like Gecko) Chrome/121.0.0.0 Safari/537.36"
46.22.51.77 - - [28/Mar/2024:01:02:05 -0500] "GET / HTTP/1.1" 200 -1 "https://vesti.spb.ru/" "Mozilla/5.0 (Windows NT 10.0; WOW64) AppleWebKit/537.36 (KHTML, like Gecko) Chrome/63.0.3239.132 Safari/08C09F"
95.216.227.15 - - [28/Mar/2024:01:02:10 -0500] "GET /pub/Stats/usage_202403.html HTTP/1.0" 200 113173 "https://xn--krkn-xva44n.com" "Mozilla/5.0 (Windows NT 10.0; Win64; x64) AppleWebKit/537.36 (KHTML, like Gecko) Chrome/121.0.0.0 Safari/537.36"
95.216.227.15 - - [28/Mar/2024:01:02:14 -0500] "GET /pub/Stats/usage_202403.html HTTP/1.0" 200 113173 "https://kraken30at.com" "Mozilla/5.0 (Windows NT 6.1; Win64; x64) AppleWebKit/537.36 (KHTML, like Gecko) Chrome/114.0.5735.289 Safari/537.36"
46.22.51.77 - - [28/Mar/2024:01:02:14 -0500] "GET / HTTP/1.1" 200 -1 "https://wmusor.ru/" "Mozilla/5.0 (Windows NT 10.0; Win64; x64) AppleWebKit/537.36 (KHTML, like Gecko) Chrome/85.0.4183.102 Safari/537.36"
95.216.227.15 - - [28/Mar/2024:01:02:17 -0500] "GET /pub/Stats/usage_202403.html HTTP/1.0" 200 113173 "https://krakenat.com" "Mozilla/5.0 (Windows NT 10.0; Win64; x64) AppleWebKit/537.36 (KHTML, like Gecko) Chrome/121.0.0.0 Safari/537.36"
46.22.51.77 - - [28/Mar/2024:01:02:17 -0500] "GET / HTTP/1.1" 200 -1 "https://vesti.spb.ru/" "Mozilla/5.0 (Windows NT 6.1; Win64; x64) AppleWebKit/537.36 (KHTML, like Gecko) Chrome/88.0.4324.150 Safari/537.36 OPR/74.0.3911.107"
46.22.51.77 - - [28/Mar/2024:01:02:17 -0500] "GET / HTTP/1.1" 200 -1 "https://sigs.ru/" "Mozilla/5.0 (Windows NT 5.1) AppleWebKit/537.36 (KHTML, like Gecko) Chrome/41.0.2224.3 Safari/537.36"
46.22.51.77 - - [28/Mar/2024:01:02:18 -0500] "GET / HTTP/1.1" 200 -1 "https://autoportal24.ru/" "Mozilla/5.0 (Windows NT 10.0; Win64; x64) AppleWebKit/537.36 (KHTML, like Gecko) Chrome/80.0.3987.122 Safari/537.36"
37.139.53.88 - - [28/Mar/2024:01:02:27 -0500] "GET /pub/Stats/usage_202403.html HTTP/1.0" 200 113173 "https://www.bigsexvideo.tube/" "Mozilla/5.0 (Windows NT 6.1; Win64; x64) AppleWebKit/537.36 (KHTML, like Gecko) Chrome/114.0.5735.289 Safari/537.36"
37.139.53.88 - - [28/Mar/2024:01:02:30 -0500] "GET /pub/Stats/usage_202403.html HTTP/1.0" 200 113173 "https://www.bigsexvideo.tube/" "Mozilla/5.0 (Windows NT 10.0; Win64; x64) AppleWebKit/537.36 (KHTML, like Gecko) Chrome/120.0.0.0 Iron Safari/537.36"
37.139.53.88 - - [28/Mar/2024:01:02:34 -0500] "GET /pub/Stats/usage_202403.html HTTP/1.0" 200 113173 "https://www.bigsexvideo.tube/" "Mozilla/5.0 (Windows NT 10.0; Win64; x64) AppleWebKit/537.36 (KHTML, like Gecko) Chrome/121.0.0.0 Safari/537.36"
46.22.51.77 - - [28/Mar/2024:01:02:36 -0500] "GET / HTTP/1.1" 200 -1 "https://top-chat24.ru/" "Mozilla/5.0 (Windows NT 6.1; Win64; x64) AppleWebKit/537.36 (KHTML, like Gecko) Chrome/67.0.3396.62 Safari/537.36"
185.231.153.163 - - [28/Mar/2024:01:02:41 -0500] "GET /AdminBookMarks.htm HTTP/1.0" 200 22075 "http://pcexpress.theolddub.com/AdminBookMarks.htm" "Mozilla/5.0 (Windows NT 6.1; WOW64) AppleWebKit/537.36 (KHTML, like Gecko) Chrome/103.0.0.0 Safari/537.36"
46.22.51.77 - - [28/Mar/2024:01:02:42 -0500] "GET / HTTP/1.1" 200 -1 "https://wmusor.ru/" "Mozilla/5.0 (Windows NT 10.0; WOW64; rv:45.0) Gecko/20100101 Firefox/45.0"
46.22.51.77 - - [28/Mar/2024:01:02:43 -0500] "GET / HTTP/1.1" 200 -1 "https://autoportal24.ru/" "Mozilla/5.0 (Windows NT 10.0; Win64; x64) AppleWebKit/537.36 (KHTML, like Gecko) Chrome/83.0.4099.2 Safari/537.36"
46.22.51.77 - - [28/Mar/2024:01:02:45 -0500] "GET / HTTP/1.1" 200 -1 "https://sigs.ru/" "Mozilla/5.0 (Windows NT 6.1; Win64; x64) AppleWebKit/537.36 (KHTML, like Gecko) Chrome/88.0.4324.41 YaBrowser/21.2.0.1097 Yowser/2.5 Safari/537.36"
136.243.13.183 - - [28/Mar/2024:01:02:52 -0500] "HEAD /pub/stats/ HTTP/1.0" 200 -1 "https://fitness-crimea.ru/" "Mozilla/5.0 (compatible; Googlebot/2.1; +http://www.google.com/bot.html)"
136.243.13.183 - - [28/Mar/2024:01:02:52 -0500] "HEAD /pub/stats/ HTTP/1.0" 200 -1 "https://pdatop.net/" "Mozilla/5.0 (compatible; Googlebot/2.1; +http://www.google.com/bot.html)"
136.243.13.183 - - [28/Mar/2024:01:02:52 -0500] "HEAD /pub/stats/ HTTP/1.0" 200 -1 "https://fitness-crimea.ru/" "Mozilla/5.0 (compatible; Googlebot/2.1; +http://www.google.com/bot.html)"
136.243.13.183 - - [28/Mar/2024:01:02:52 -0500] "HEAD /pub/stats/ HTTP/1.0" 200 -1 "https://pdatop.net/" "Mozilla/5.0 (compatible; Googlebot/2.1; +http://www.google.com/bot.html)"
136.243.13.183 - - [28/Mar/2024:01:02:52 -0500] "HEAD /pub/stats/ HTTP/1.0" 200 -1 "https://fitness-crimea.ru/" "Mozilla/5.0 (compatible; Googlebot/2.1; +http://www.google.com/bot.html)"
136.243.13.183 - - [28/Mar/2024:01:02:52 -0500] "HEAD /pub/stats/ HTTP/1.0" 200 -1 "https://pdatop.net/" "Mozilla/5.0 (compatible; Googlebot/2.1; +http://www.google.com/bot.html)"
46.22.51.77 - - [28/Mar/2024:01:02:58 -0500] "GET / HTTP/1.1" 200 -1 "https://autoportal24.ru/" "Mozilla/5.0 (X11; Linux x86_64) AppleWebKit/537.36 (KHTML, like Gecko) Chrome/67.0.3396.87 Safari/537.36"
46.22.51.77 - - [28/Mar/2024:01:03:27 -0500] "GET / HTTP/1.1" 200 -1 "https://vesti.spb.ru/" "Mozilla/5.0 (Windows NT 10.0; WOW64) AppleWebKit/537.36 (KHTML, like Gecko) Chrome/61.0.3163.79 Safari/537.36 Maxthon/5.2.1.6000"
95.216.227.15 - - [28/Mar/2024:01:03:28 -0500] "GET /pub/Stats/usage_202403.html HTTP/1.0" 200 113173 "https://krakenat.com" "Mozilla/5.0 (Windows NT 10.0; Win64; x64) AppleWebKit/537.36 (KHTML, like Gecko) Chrome/111.0.0.0 Safari/537.36"
185.231.153.163 - - [28/Mar/2024:01:03:29 -0500] "GET /AdminBookMarks.htm HTTP/1.0" 200 22075 "http://pcexpress.theolddub.com/AdminBookMarks.htm" "Mozilla/5.0 (Windows NT 10.0; Win64; x64) AppleWebKit/537.36 (KHTML, like Gecko) Chrome/103.0.5060.66 Safari/537.36"
46.22.51.77 - - [28/Mar/2024:01:03:30 -0500] "GET / HTTP/1.1" 200 -1 "https://sigs.ru/" "Mozilla/5.0 (Windows NT 10.0; WOW64) AppleWebKit/537.36 (KHTML, like Gecko) Chrome/68.0.3409.2 Safari/537.36"
136.243.13.183 - - [28/Mar/2024:01:03:31 -0500] "HEAD /pub/stats/ HTTP/1.0" 200 -1 "https://blackdroid.mobi/" "Mozilla/5.0 (compatible; Googlebot/2.1; +http://www.google.com/bot.html)"
136.243.13.183 - - [28/Mar/2024:01:03:31 -0500] "HEAD /pub/stats/ HTTP/1.0" 200 -1 "https://blackdroid.mobi/" "Mozilla/5.0 (compatible; Googlebot/2.1; +http://www.google.com/bot.html)"
136.243.13.183 - - [28/Mar/2024:01:03:31 -0500] "HEAD /pub/stats/ HTTP/1.0" 200 -1 "https://blackdroid.mobi/" "Mozilla/5.0 (compatible; Googlebot/2.1; +http://www.google.com/bot.html)"
95.216.227.15 - - [28/Mar/2024:01:03:32 -0500] "GET /pub/Stats/usage_202403.html HTTP/1.0" 200 113173 "https://xn--krkn-xva44n.com" "Mozilla/5.0 (Windows NT 10.0; Win64; x64) AppleWebKit/537.36 (KHTML, like Gecko) Chrome/117.0.0.0 Iron Safari/537.36"
176.79.190.245 - - [28/Mar/2024:01:03:34 -0500] "HEAD / HTTP/1.0" 200 -1 "https://privitus.net.ua" "Mozilla/5.0 (compatible; Googlebot/2.1; +http://www.google.com/bot.html)"
176.79.190.245 - - [28/Mar/2024:01:03:34 -0500] "HEAD / HTTP/1.0" 200 -1 "https://privitus.net.ua" "Mozilla/5.0 (compatible; Googlebot/2.1; +http://www.google.com/bot.html)"
95.216.227.15 - - [28/Mar/2024:01:03:34 -0500] "GET /pub/Stats/usage_202403.html HTTP/1.0" 200 113173 "https://kraken30at.com" "Mozilla/5.0 (Windows NT 10.0; Win64; x64) AppleWebKit/537.36 (KHTML, like Gecko) Chrome/117.0.0.0 Safari/537.36"
46.22.51.77 - - [28/Mar/2024:01:03:35 -0500] "GET / HTTP/1.1" 200 -1 "https://sigs.ru/" "Mozilla/5.0 (Windows NT 6.1) AppleWebKit/537.36 (KHTML, like Gecko) Chrome/84.0.4147.105 Safari/537.36"
176.79.190.245 - - [28/Mar/2024:01:03:41 -0500] "HEAD / HTTP/1.0" 200 -1 "https://privitus.net.ua" "Mozilla/5.0 (compatible; Googlebot/2.1; +http://www.google.com/bot.html)"
176.79.190.245 - - [28/Mar/2024:01:03:41 -0500] "HEAD / HTTP/1.0" 200 -1 "https://privitus.net.ua" "Mozilla/5.0 (compatible; Googlebot/2.1; +http://www.google.com/bot.html)"
176.79.190.245 - - [28/Mar/2024:01:03:41 -0500] "HEAD / HTTP/1.0" 200 -1 "https://privitus.net.ua" "Mozilla/5.0 (compatible; Googlebot/2.1; +http://www.google.com/bot.html)"
176.79.190.245 - - [28/Mar/2024:01:03:41 -0500] "HEAD / HTTP/1.0" 200 -1 "https://privitus.net.ua" "Mozilla/5.0 (compatible; Googlebot/2.1; +http://www.google.com/bot.html)"
176.79.190.245 - - [28/Mar/2024:01:03:41 -0500] "HEAD / HTTP/1.0" 200 -1 "https://privitus.net.ua" "Mozilla/5.0 (compatible; Googlebot/2.1; +http://www.google.com/bot.html)"
176.79.190.245 - - [28/Mar/2024:01:03:41 -0500] "HEAD / HTTP/1.0" 200 -1 "https://privitus.net.ua" "Mozilla/5.0 (compatible; Googlebot/2.1; +http://www.google.com/bot.html)"
176.79.190.245 - - [28/Mar/2024:01:03:41 -0500] "HEAD / HTTP/1.0" 200 -1 "https://privitus.net.ua" "Mozilla/5.0 (compatible; Googlebot/2.1; +http://www.google.com/bot.html)"
176.79.190.245 - - [28/Mar/2024:01:03:41 -0500] "HEAD / HTTP/1.0" 200 -1 "https://privitus.net.ua" "Mozilla/5.0 (compatible; Googlebot/2.1; +http://www.google.com/bot.html)"
176.79.190.245 - - [28/Mar/2024:01:03:41 -0500] "HEAD / HTTP/1.0" 200 -1 "https://privitus.net.ua" "Mozilla/5.0 (compatible; Googlebot/2.1; +http://www.google.com/bot.html)"
176.79.190.245 - - [28/Mar/2024:01:03:41 -0500] "HEAD / HTTP/1.0" 200 -1 "https://privitus.net.ua" "Mozilla/5.0 (compatible; Googlebot/2.1; +http://www.google.com/bot.html)"
176.79.190.245 - - [28/Mar/2024:01:03:41 -0500] "HEAD / HTTP/1.0" 200 -1 "https://privitus.net.ua" "Mozilla/5.0 (compatible; Googlebot/2.1; +http://www.google.com/bot.html)"
176.79.190.245 - - [28/Mar/2024:01:03:41 -0500] "HEAD / HTTP/1.0" 200 -1 "https://privitus.net.ua" "Mozilla/5.0 (compatible; Googlebot/2.1; +http://www.google.com/bot.html)"
176.79.190.245 - - [28/Mar/2024:01:03:41 -0500] "HEAD / HTTP/1.0" 200 -1 "https://privitus.net.ua" "Mozilla/5.0 (compatible; Googlebot/2.1; +http://www.google.com/bot.html)"
176.79.190.245 - - [28/Mar/2024:01:03:41 -0500] "HEAD / HTTP/1.0" 200 -1 "https://privitus.net.ua" "Mozilla/5.0 (compatible; Googlebot/2.1; +http://www.google.com/bot.html)"
176.79.190.245 - - [28/Mar/2024:01:03:41 -0500] "HEAD / HTTP/1.0" 200 -1 "https://cooktips.com.ua" "Mozilla/5.0 (compatible; Googlebot/2.1; +http://www.google.com/bot.html)"
176.79.190.245 - - [28/Mar/2024:01:03:41 -0500] "HEAD / HTTP/1.0" 200 -1 "https://privitus.net.ua" "Mozilla/5.0 (compatible; Googlebot/2.1; +http://www.google.com/bot.html)"
176.79.190.245 - - [28/Mar/2024:01:03:41 -0500] "HEAD / HTTP/1.0" 200 -1 "https://chef.net.ua" "Mozilla/5.0 (compatible; Googlebot/2.1; +http://www.google.com/bot.html)"
176.79.190.245 - - [28/Mar/2024:01:03:41 -0500] "HEAD / HTTP/1.0" 200 -1 "https://privitus.net.ua" "Mozilla/5.0 (compatible; Googlebot/2.1; +http://www.google.com/bot.html)"
176.79.190.245 - - [28/Mar/2024:01:03:42 -0500] "HEAD / HTTP/1.0" 200 -1 "https://privitus.net.ua" "Mozilla/5.0 (compatible; Googlebot/2.1; +http://www.google.com/bot.html)"
136.243.13.183 - - [28/Mar/2024:01:03:43 -0500] "HEAD /pub/stats/ HTTP/1.0" 200 -1 "https://prodroiders.net/" "Mozilla/5.0 (compatible; Googlebot/2.1; +http://www.google.com/bot.html)"
136.243.13.183 - - [28/Mar/2024:01:03:43 -0500] "HEAD /pub/stats/ HTTP/1.0" 200 -1 "https://prodroiders.net/" "Mozilla/5.0 (compatible; Googlebot/2.1; +http://www.google.com/bot.html)"
136.243.13.183 - - [28/Mar/2024:01:03:44 -0500] "HEAD /pub/stats/ HTTP/1.0" 200 -1 "https://prodroiders.net/" "Mozilla/5.0 (compatible; Googlebot/2.1; +http://www.google.com/bot.html)"
46.22.51.77 - - [28/Mar/2024:01:03:48 -0500] "GET / HTTP/1.1" 200 -1 "https://autoportal24.ru/" "Mozilla/5.0 (Windows NT 5.1) AppleWebKit/537.36 (KHTML, like Gecko) Chrome/49.0.2623.112 Safari/537.36"
46.22.51.77 - - [28/Mar/2024:01:03:55 -0500] "GET / HTTP/1.1" 200 -1 "https://wmusor.ru/" "Mozilla/5.0 (Windows NT 6.1; Win64; x64) AppleWebKit/537.36 (KHTML, like Gecko) Chrome/83.0.4093.3 Safari/537.36"
46.22.51.77 - - [28/Mar/2024:01:04:02 -0500] "GET / HTTP/1.1" 200 -1 "https://wmusor.ru/" "Mozilla/5.0 (Windows NT 10.0; Win64; x64; rv:87.0) Gecko/20100101 Firefox/87.0"
46.22.51.77 - - [28/Mar/2024:01:04:09 -0500] "GET / HTTP/1.1" 200 -1 "https://top-chat24.ru/" "Mozilla/5.0 (Windows NT 10.0; WOW64) AppleWebKit/537.36 (KHTML, like Gecko) Chrome/87.0.4280.88 Safari/537.36"
51.222.253.12 - - [28/Mar/2024:01:04:10 -0500] "GET /DeadPage/Fidelity/events/completed_events/CHips/2007/7.html HTTP/1.1" 200 813 "" "Mozilla/5.0 (compatible; AhrefsBot/7.0; +http://ahrefs.com/robot/)"
37.139.53.88 - - [28/Mar/2024:01:04:10 -0500] "GET /pub/Stats/usage_202403.html HTTP/1.0" 200 113173 "https://www.bigsexvideo.tube/" "Mozilla/5.0 (Windows NT 10.0; Win64; x64) AppleWebKit/537.36 (KHTML, like Gecko) Chrome/120.0.6099.71 Safari/537.36"
37.139.53.88 - - [28/Mar/2024:01:04:13 -0500] "GET /pub/Stats/usage_202403.html HTTP/1.0" 200 113173 "https://www.bigsexvideo.tube/" "Mozilla/5.0 (Windows NT 10.0; Win64; x64) AppleWebKit/537.36 (KHTML, like Gecko) Chrome/120.0.0.0 Iron Safari/537.36"
46.22.51.77 - - [28/Mar/2024:01:04:15 -0500] "GET / HTTP/1.1" 200 -1 "https://autoportal24.ru/" "Mozilla/5.0 (Macintosh; Intel Mac OS X 10_15_7) AppleWebKit/537.36 (KHTML, like Gecko) Chrome/85.0.4183.121 Safari/537.36"
37.139.53.88 - - [28/Mar/2024:01:04:16 -0500] "GET /pub/Stats/usage_202403.html HTTP/1.0" 200 113173 "https://www.bigsexvideo.tube/" "Mozilla/5.0 (Windows NT 6.3; Win64; x64) AppleWebKit/537.36 (KHTML, like Gecko) Chrome/109.0.0.0 Safari/537.36"
46.22.51.77 - - [28/Mar/2024:01:04:19 -0500] "GET / HTTP/1.1" 200 -1 "https://vesti.spb.ru/" "Mozilla/5.0 (Windows NT 10.0; Win64; x64) AppleWebKit/537.36 (KHTML, like Gecko) Chrome/89.0.4389.90 Safari/537.36 Edg/89.0.774.57"
46.22.51.77 - - [28/Mar/2024:01:04:20 -0500] "GET / HTTP/1.1" 200 -1 "https://top-chat24.ru/" "Mozilla/5.0 (Windows NT 6.1; WOW64; Trident/7.0; rv:11.0) like Gecko"
5.42.65.70 - - [28/Mar/2024:01:04:27 -0500] "GET /pub/Stats/usage_202403.html HTTP/1.0" 200 113173 "https://xn--megab-mdb.com" "Mozilla/5.0 (Windows NT 10.0; Win64; x64) AppleWebKit/537.36 (KHTML, like Gecko) Chrome/103.0.5060.53 Safari/537.36"
46.22.51.77 - - [28/Mar/2024:01:04:37 -0500] "GET / HTTP/1.1" 200 -1 "https://top-chat24.ru/" "Mozilla/5.0 (Windows NT 10.0; WOW64) AppleWebKit/537.36 (KHTML, like Gecko) Chrome/63.0.3239.26 Safari/537.36 Core/1.63.5478.400 QQBrowser/10.1.1550.400"
95.216.227.15 - - [28/Mar/2024:01:04:46 -0500] "GET /pub/Stats/usage_202403.html HTTP/1.0" 200 113173 "https://xn--krkn-xva44n.com" "Mozilla/5.0 (Windows NT 10.0; Win64; x64) AppleWebKit/537.36 (KHTML, like Gecko) Chrome/120.0.0.0 Iron Safari/537.36"
46.22.51.77 - - [28/Mar/2024:01:04:47 -0500] "GET / HTTP/1.1" 200 -1 "https://wmusor.ru/" "Mozilla/5.0 (Windows NT 6.1; rv:82.0) Gecko/20100101 Firefox/82.0"
46.22.51.77 - - [28/Mar/2024:01:04:47 -0500] "GET / HTTP/1.1" 200 -1 "https://vesti.spb.ru/" "Mozilla/5.0 (Windows NT 10.0; Win64; x64) AppleWebKit/537.36 (KHTML, like Gecko) Chrome/91.0.4472.164 Safari/537.36 OPR/77.0.4054.277"
95.216.227.15 - - [28/Mar/2024:01:04:50 -0500] "GET /pub/Stats/usage_202403.html HTTP/1.0" 200 113173 "https://kraken30at.com" "Mozilla/5.0 (Windows NT 6.1; Win64; x64) AppleWebKit/537.36 (KHTML, like Gecko) Chrome/109.0.0.0 Safari/537.36"
46.22.51.77 - - [28/Mar/2024:01:04:50 -0500] "GET / HTTP/1.1" 200 -1 "https://vesti.spb.ru/" "Mozilla/5.0 (Windows NT 10.0; Win64; x64) AppleWebKit/537.36 (KHTML, like Gecko) Chrome/87.0.4280.88 YaBrowser/20.12.1.179 Yowser/2.5 Safari/537.36"
95.216.227.15 - - [28/Mar/2024:01:04:53 -0500] "GET /pub/Stats/usage_202403.html HTTP/1.0" 200 113173 "https://xn--krkn-xva44n.com" "Mozilla/5.0 (Windows NT 10.0; Win64; x64) AppleWebKit/537.36 (KHTML, like Gecko) Chrome/122.0.0.0 Safari/537.36"
46.22.51.77 - - [28/Mar/2024:01:05:06 -0500] "GET / HTTP/1.1" 200 -1 "https://sigs.ru/" "Mozilla/5.0 (Macintosh; Intel Mac OS X 10_11_6) AppleWebKit/537.36 (KHTML, like Gecko) Chrome/70.0.3538.102 YaBrowser/18.11.1.716 Yowser/2.5 Safari/537.36"
46.22.51.77 - - [28/Mar/2024:01:05:08 -0500] "GET / HTTP/1.1" 200 -1 "https://top-chat24.ru/" "Mozilla/5.0 (Windows NT 10.0; WOW64) AppleWebKit/537.36 (KHTML, like Gecko) Chrome/65.0.3325.181 Safari/537.36 OPR/52.0.2871.99"
176.79.190.245 - - [28/Mar/2024:01:05:15 -0500] "HEAD / HTTP/1.0" 200 -1 "https://chef.net.ua" "Mozilla/5.0 (compatible; Googlebot/2.1; +http://www.google.com/bot.html)"
176.79.190.245 - - [28/Mar/2024:01:05:15 -0500] "HEAD / HTTP/1.0" 200 -1 "https://chef.net.ua" "Mozilla/5.0 (compatible; Googlebot/2.1; +http://www.google.com/bot.html)"
176.79.190.245 - - [28/Mar/2024:01:05:17 -0500] "HEAD / HTTP/1.0" 200 -1 "https://chef.net.ua" "Mozilla/5.0 (compatible; Googlebot/2.1; +http://www.google.com/bot.html)"
176.79.190.245 - - [28/Mar/2024:01:05:17 -0500] "HEAD / HTTP/1.0" 200 -1 "https://chef.net.ua" "Mozilla/5.0 (compatible; Googlebot/2.1; +http://www.google.com/bot.html)"
176.79.190.245 - - [28/Mar/2024:01:05:17 -0500] "HEAD / HTTP/1.0" 200 -1 "http://teg.com.ua" "Mozilla/5.0 (compatible; Googlebot/2.1; +http://www.google.com/bot.html)"
176.79.190.245 - - [28/Mar/2024:01:05:17 -0500] "HEAD / HTTP/1.0" 200 -1 "https://cooktips.com.ua" "Mozilla/5.0 (compatible; Googlebot/2.1; +http://www.google.com/bot.html)"
176.79.190.245 - - [28/Mar/2024:01:05:17 -0500] "HEAD / HTTP/1.0" 200 -1 "https://chef.net.ua" "Mozilla/5.0 (compatible; Googlebot/2.1; +http://www.google.com/bot.html)"
176.79.190.245 - - [28/Mar/2024:01:05:17 -0500] "HEAD / HTTP/1.0" 200 -1 "https://chef.net.ua" "Mozilla/5.0 (compatible; Googlebot/2.1; +http://www.google.com/bot.html)"
176.79.190.245 - - [28/Mar/2024:01:05:17 -0500] "HEAD / HTTP/1.0" 200 -1 "https://chef.net.ua" "Mozilla/5.0 (compatible; Googlebot/2.1; +http://www.google.com/bot.html)"
176.79.190.245 - - [28/Mar/2024:01:05:17 -0500] "HEAD / HTTP/1.0" 200 -1 "https://chef.net.ua" "Mozilla/5.0 (compatible; Googlebot/2.1; +http://www.google.com/bot.html)"
176.79.190.245 - - [28/Mar/2024:01:05:17 -0500] "HEAD / HTTP/1.0" 200 -1 "https://chef.net.ua" "Mozilla/5.0 (compatible; Googlebot/2.1; +http://www.google.com/bot.html)"
176.79.190.245 - - [28/Mar/2024:01:05:17 -0500] "HEAD / HTTP/1.0" 200 -1 "https://chef.net.ua" "Mozilla/5.0 (compatible; Googlebot/2.1; +http://www.google.com/bot.html)"
176.79.190.245 - - [28/Mar/2024:01:05:17 -0500] "HEAD / HTTP/1.0" 200 -1 "https://chef.net.ua" "Mozilla/5.0 (compatible; Googlebot/2.1; +http://www.google.com/bot.html)"
176.79.190.245 - - [28/Mar/2024:01:05:17 -0500] "HEAD / HTTP/1.0" 200 -1 "https://chef.net.ua" "Mozilla/5.0 (compatible; Googlebot/2.1; +http://www.google.com/bot.html)"
176.79.190.245 - - [28/Mar/2024:01:05:17 -0500] "HEAD / HTTP/1.0" 200 -1 "https://chef.net.ua" "Mozilla/5.0 (compatible; Googlebot/2.1; +http://www.google.com/bot.html)"
176.79.190.245 - - [28/Mar/2024:01:05:17 -0500] "HEAD / HTTP/1.0" 200 -1 "https://chef.net.ua" "Mozilla/5.0 (compatible; Googlebot/2.1; +http://www.google.com/bot.html)"
176.79.190.245 - - [28/Mar/2024:01:05:17 -0500] "HEAD / HTTP/1.0" 200 -1 "https://chef.net.ua" "Mozilla/5.0 (compatible; Googlebot/2.1; +http://www.google.com/bot.html)"
46.22.51.77 - - [28/Mar/2024:01:05:20 -0500] "GET / HTTP/1.1" 200 -1 "https://vesti.spb.ru/" "Mozilla/5.0 (X11; Ubuntu; Linux x86_64; rv:82.0) Gecko/20100101 Firefox/82.0"
176.79.190.245 - - [28/Mar/2024:01:05:28 -0500] "HEAD / HTTP/1.0" 200 -1 "https://chef.net.ua" "Mozilla/5.0 (compatible; Googlebot/2.1; +http://www.google.com/bot.html)"
176.79.190.245 - - [28/Mar/2024:01:05:28 -0500] "HEAD / HTTP/1.0" 200 -1 "https://chef.net.ua" "Mozilla/5.0 (compatible; Googlebot/2.1; +http://www.google.com/bot.html)"
176.79.190.245 - - [28/Mar/2024:01:05:28 -0500] "HEAD / HTTP/1.0" 200 -1 "https://chef.net.ua" "Mozilla/5.0 (compatible; Googlebot/2.1; +http://www.google.com/bot.html)"
176.79.190.245 - - [28/Mar/2024:01:05:28 -0500] "HEAD / HTTP/1.0" 200 -1 "https://chef.net.ua" "Mozilla/5.0 (compatible; Googlebot/2.1; +http://www.google.com/bot.html)"
46.22.51.77 - - [28/Mar/2024:01:05:34 -0500] "GET / HTTP/1.1" 200 -1 "https://autoportal24.ru/" "Mozilla/5.0 (Windows NT 6.1) AppleWebKit/537.36 (KHTML, like Gecko) Chrome/86.0.4240.198 Safari/537.36"
46.22.51.77 - - [28/Mar/2024:01:05:39 -0500] "GET / HTTP/1.1" 200 -1 "https://wmusor.ru/" "Mozilla/5.0 (Windows NT 10.0; WOW64) AppleWebKit/537.36 (KHTML, like Gecko) Chrome/74.36.3729.169 Elements Browser/1.1.36 Safari/537.36"
46.22.51.77 - - [28/Mar/2024:01:05:40 -0500] "GET / HTTP/1.1" 200 -1 "https://autoportal24.ru/" "Mozilla/5.0 (Windows NT 6.1; Win64; x64) AppleWebKit/537.36 (KHTML, like Gecko) Chrome/88.0.4324.150 Safari/537.36 OPR/74.0.3911.107"
46.22.51.77 - - [28/Mar/2024:01:05:44 -0500] "GET / HTTP/1.1" 200 -1 "https://top-chat24.ru/" "Mozilla/5.0 (Windows NT 6.1; Win64; x64; rv:78.0) Gecko/20100101 Firefox/78.0"
79.137.204.186 - - [28/Mar/2024:01:05:49 -0500] "GET /pub/Stats/usage_202403.html HTTP/1.0" 200 113173 "https://korpus-mebli.com.ua/" "Mozilla/5.0 (Windows NT 10.0; Win64; x64) AppleWebKit/537.36 (KHTML, like Gecko) Chrome/116.0.0.0 Safari/537.36"
152.228.218.191 - - [28/Mar/2024:01:05:52 -0500] "HEAD / HTTP/1.1" 200 -1 "https://softbesplatno.net/" "Mozilla/5.0 (Windows NT 10.0; Win64; x64; rv:102.0) Gecko/20100101 Firefox/102.0"
185.170.10.187 - - [28/Mar/2024:01:05:52 -0500] "HEAD / HTTP/1.1" 200 -1 "https://softbesplatno.net/" "Mozilla/5.0 (Windows NT 10.0; Win64; x64; rv:102.0) Gecko/20100101 Firefox/102.0"
79.137.204.186 - - [28/Mar/2024:01:05:52 -0500] "GET /pub/Stats/usage_202403.html HTTP/1.0" 200 113173 "https://korpus-mebli.com.ua/" "Mozilla/5.0 (Windows NT 10.0; Win64; x64) AppleWebKit/537.36 (KHTML, like Gecko) Chrome/120.0.0.0 Iron Safari/537.36"
5.101.47.173 - - [28/Mar/2024:01:05:53 -0500] "HEAD / HTTP/1.1" 200 -1 "https://softbesplatno.net/" "Mozilla/5.0 (Windows NT 10.0; Win64; x64; rv:102.0) Gecko/20100101 Firefox/102.0"
37.139.53.88 - - [28/Mar/2024:01:05:53 -0500] "GET /pub/Stats/usage_202403.html HTTP/1.0" 200 113173 "https://www.bigsexvideo.tube/" "Mozilla/5.0 (Windows NT 10.0; Win64; x64) AppleWebKit/537.36 (KHTML, like Gecko) Chrome/120.0.0.0 Iron Safari/537.36"
185.170.10.187 - - [28/Mar/2024:01:05:53 -0500] "HEAD / HTTP/1.1" 200 -1 "https://softbesplatno.net/" "Mozilla/5.0 (Windows NT 10.0; Win64; x64; rv:102.0) Gecko/20100101 Firefox/102.0"
46.22.51.77 - - [28/Mar/2024:01:05:54 -0500] "GET / HTTP/1.1" 200 -1 "https://top-chat24.ru/" "Mozilla/5.0 (Windows NT 5.1) AppleWebKit/537.36 (KHTML, like Gecko) Chrome/69.0.3497.81 Safari/537.36 Maxthon/5.3.8.2000"
152.228.218.191 - - [28/Mar/2024:01:05:54 -0500] "HEAD / HTTP/1.1" 200 -1 "https://softbesplatno.net/" "Mozilla/5.0 (Windows NT 10.0; Win64; x64; rv:102.0) Gecko/20100101 Firefox/102.0"
79.137.204.186 - - [28/Mar/2024:01:05:56 -0500] "GET /pub/Stats/usage_202403.html HTTP/1.0" 200 113173 "https://korpus-mebli.com.ua/" "Mozilla/5.0 (Windows NT 10.0; Win64; x64) AppleWebKit/537.36 (KHTML, like Gecko) Chrome/121.0.0.0 Safari/537.36"
37.139.53.88 - - [28/Mar/2024:01:05:56 -0500] "GET /pub/Stats/usage_202403.html HTTP/1.0" 200 113173 "https://www.bigsexvideo.tube/" "Mozilla/5.0 (Windows NT 10.0; Win64; x64) AppleWebKit/537.36 (KHTML, like Gecko) Chrome/120.0.6099.71 Safari/537.36"
37.139.53.88 - - [28/Mar/2024:01:05:59 -0500] "GET /pub/Stats/usage_202403.html HTTP/1.0" 200 113173 "https://www.bigsexvideo.tube/" "Mozilla/5.0 (Windows NT 10.0; Win64; x64) AppleWebKit/537.36 (KHTML, like Gecko) Chrome/114.0.0.0 Safari/537.36"
5.101.47.173 - - [28/Mar/2024:01:05:59 -0500] "HEAD / HTTP/1.1" 200 -1 "https://jester-soft.ws/" "Mozilla/5.0 (Windows NT 10.0; Win64; x64; rv:102.0) Gecko/20100101 Firefox/102.0"
5.101.47.173 - - [28/Mar/2024:01:06:00 -0500] "HEAD / HTTP/1.1" 200 -1 "https://jester-soft.ws/" "Mozilla/5.0 (Windows NT 10.0; Win64; x64; rv:102.0) Gecko/20100101 Firefox/102.0"
152.228.218.191 - - [28/Mar/2024:01:06:00 -0500] "HEAD / HTTP/1.1" 200 -1 "https://jester-soft.ws/" "Mozilla/5.0 (Windows NT 10.0; Win64; x64; rv:102.0) Gecko/20100101 Firefox/102.0"
152.228.218.191 - - [28/Mar/2024:01:06:01 -0500] "HEAD / HTTP/1.1" 200 -1 "https://jester-soft.ws/" "Mozilla/5.0 (Windows NT 10.0; Win64; x64; rv:102.0) Gecko/20100101 Firefox/102.0"
5.101.47.173 - - [28/Mar/2024:01:06:01 -0500] "HEAD / HTTP/1.1" 200 -1 "https://jester-soft.ws/" "Mozilla/5.0 (Windows NT 10.0; Win64; x64; rv:102.0) Gecko/20100101 Firefox/102.0"
95.216.227.15 - - [28/Mar/2024:01:06:03 -0500] "GET /pub/Stats/usage_202403.html HTTP/1.0" 200 113173 "https://krakenat.com" "Mozilla/5.0 (Windows NT 10.0; Win64; x64) AppleWebKit/537.36 (KHTML, like Gecko) Chrome/120.0.0.0 Iron Safari/537.36"
46.22.51.77 - - [28/Mar/2024:01:06:06 -0500] "GET / HTTP/1.1" 200 -1 "https://wmusor.ru/" "Mozilla/5.0 (Macintosh; Intel Mac OS X 10.12; rv:47.0) Gecko/20100101 Firefox/47.0"
95.216.227.15 - - [28/Mar/2024:01:06:06 -0500] "GET /pub/Stats/usage_202403.html HTTP/1.0" 200 113173 "https://krakenat.com" "Mozilla/5.0 (Windows NT 10.0; Win64; x64) AppleWebKit/537.36 (KHTML, like Gecko) Chrome/120.0.6099.71 Safari/537.36"
95.216.227.15 - - [28/Mar/2024:01:06:09 -0500] "GET /pub/Stats/usage_202403.html HTTP/1.0" 200 113173 "https://vk9at.com" "Mozilla/5.0 (Windows NT 6.1; Win64; x64) AppleWebKit/537.36 (KHTML, like Gecko) Chrome/114.0.5735.289 Safari/537.36"
136.243.13.183 - - [28/Mar/2024:01:06:15 -0500] "HEAD /pub/stats/ HTTP/1.0" 200 -1 "https://www.mobilecards.com.ua/" "Mozilla/5.0 (compatible; Googlebot/2.1; +http://www.google.com/bot.html)"
136.243.13.183 - - [28/Mar/2024:01:06:15 -0500] "HEAD /pub/stats/ HTTP/1.0" 200 -1 "https://www.mobilecards.com.ua/" "Mozilla/5.0 (compatible; Googlebot/2.1; +http://www.google.com/bot.html)"
136.243.13.183 - - [28/Mar/2024:01:06:15 -0500] "HEAD /pub/stats/ HTTP/1.0" 200 -1 "https://www.mobilecards.com.ua/" "Mozilla/5.0 (compatible; Googlebot/2.1; +http://www.google.com/bot.html)"
46.22.51.77 - - [28/Mar/2024:01:06:30 -0500] "GET / HTTP/1.1" 200 -1 "https://wmusor.ru/" "Mozilla/5.0 (Windows NT 10.0; Win64; x64) AppleWebKit/537.36 (KHTML, like Gecko) Chrome/91.0.4472.77 Safari/537.36 Edg/91.0.864.41"
46.22.51.77 - - [28/Mar/2024:01:06:42 -0500] "GET / HTTP/1.1" 200 -1 "https://vesti.spb.ru/" "Mozilla/5.0 (Windows NT 6.1) AppleWebKit/537.36 (KHTML, like Gecko) Chrome/65.0.3325.181 Safari/537.36 OPR/52.0.2871.64"
176.79.190.245 - - [28/Mar/2024:01:06:45 -0500] "HEAD / HTTP/1.0" 200 -1 "https://cooktips.com.ua" "Mozilla/5.0 (compatible; Googlebot/2.1; +http://www.google.com/bot.html)"
46.22.51.77 - - [28/Mar/2024:01:06:46 -0500] "GET / HTTP/1.1" 200 -1 "https://sigs.ru/" "Mozilla/5.0 (Windows NT 10.0; Win64; x64) AppleWebKit/537.36 (KHTML, like Gecko) Chrome/88.0.4324.41 YaBrowser/21.2.0.1097 Yowser/2.5 Safari/537.36"
46.22.51.77 - - [28/Mar/2024:01:06:47 -0500] "GET / HTTP/1.1" 200 -1 "https://sigs.ru/" "Mozilla/5.0 (Windows NT 6.1; ) AppleWebKit/537.36 (KHTML, like Gecko) Chrome/83.0.4103.106 YaBrowser/20.7.1.68 Yowser/2.5 Safari/537.36"
176.79.190.245 - - [28/Mar/2024:01:06:49 -0500] "HEAD / HTTP/1.0" 200 -1 "https://cooktips.com.ua" "Mozilla/5.0 (compatible; Googlebot/2.1; +http://www.google.com/bot.html)"
176.79.190.245 - - [28/Mar/2024:01:06:49 -0500] "HEAD / HTTP/1.0" 200 -1 "https://cooktips.com.ua" "Mozilla/5.0 (compatible; Googlebot/2.1; +http://www.google.com/bot.html)"
176.79.190.245 - - [28/Mar/2024:01:06:49 -0500] "HEAD / HTTP/1.0" 200 -1 "https://cooktips.com.ua" "Mozilla/5.0 (compatible; Googlebot/2.1; +http://www.google.com/bot.html)"
176.79.190.245 - - [28/Mar/2024:01:06:49 -0500] "HEAD / HTTP/1.0" 200 -1 "https://cooktips.com.ua" "Mozilla/5.0 (compatible; Googlebot/2.1; +http://www.google.com/bot.html)"
46.22.51.77 - - [28/Mar/2024:01:06:54 -0500] "GET / HTTP/1.1" 200 -1 "https://autoportal24.ru/" "Mozilla/5.0 (Windows NT 6.1; Win64; x64) AppleWebKit/537.36 (KHTML, like Gecko) Chrome/66.0.3359.170 Safari/537.36 OPR/53.0.2907.99"
176.79.190.245 - - [28/Mar/2024:01:07:02 -0500] "HEAD / HTTP/1.0" 200 -1 "https://cooktips.com.ua" "Mozilla/5.0 (compatible; Googlebot/2.1; +http://www.google.com/bot.html)"
176.79.190.245 - - [28/Mar/2024:01:07:02 -0500] "HEAD / HTTP/1.0" 200 -1 "https://cooktips.com.ua" "Mozilla/5.0 (compatible; Googlebot/2.1; +http://www.google.com/bot.html)"
176.79.190.245 - - [28/Mar/2024:01:07:02 -0500] "HEAD / HTTP/1.0" 200 -1 "http://teg.com.ua" "Mozilla/5.0 (compatible; Googlebot/2.1; +http://www.google.com/bot.html)"
176.79.190.245 - - [28/Mar/2024:01:07:02 -0500] "HEAD / HTTP/1.0" 200 -1 "https://cooktips.com.ua" "Mozilla/5.0 (compatible; Googlebot/2.1; +http://www.google.com/bot.html)"
176.79.190.245 - - [28/Mar/2024:01:07:02 -0500] "HEAD / HTTP/1.0" 200 -1 "https://cooktips.com.ua" "Mozilla/5.0 (compatible; Googlebot/2.1; +http://www.google.com/bot.html)"
176.79.190.245 - - [28/Mar/2024:01:07:02 -0500] "HEAD / HTTP/1.0" 200 -1 "https://cooktips.com.ua" "Mozilla/5.0 (compatible; Googlebot/2.1; +http://www.google.com/bot.html)"
176.79.190.245 - - [28/Mar/2024:01:07:02 -0500] "HEAD / HTTP/1.0" 200 -1 "https://cooktips.com.ua" "Mozilla/5.0 (compatible; Googlebot/2.1; +http://www.google.com/bot.html)"
176.79.190.245 - - [28/Mar/2024:01:07:02 -0500] "HEAD / HTTP/1.0" 200 -1 "https://cooktips.com.ua" "Mozilla/5.0 (compatible; Googlebot/2.1; +http://www.google.com/bot.html)"
176.79.190.245 - - [28/Mar/2024:01:07:02 -0500] "HEAD / HTTP/1.0" 200 -1 "https://cooktips.com.ua" "Mozilla/5.0 (compatible; Googlebot/2.1; +http://www.google.com/bot.html)"
176.79.190.245 - - [28/Mar/2024:01:07:02 -0500] "HEAD / HTTP/1.0" 200 -1 "https://cooktips.com.ua" "Mozilla/5.0 (compatible; Googlebot/2.1; +http://www.google.com/bot.html)"
176.79.190.245 - - [28/Mar/2024:01:07:02 -0500] "HEAD / HTTP/1.0" 200 -1 "https://cooktips.com.ua" "Mozilla/5.0 (compatible; Googlebot/2.1; +http://www.google.com/bot.html)"
176.79.190.245 - - [28/Mar/2024:01:07:02 -0500] "HEAD / HTTP/1.0" 200 -1 "https://cooktips.com.ua" "Mozilla/5.0 (compatible; Googlebot/2.1; +http://www.google.com/bot.html)"
176.79.190.245 - - [28/Mar/2024:01:07:02 -0500] "HEAD / HTTP/1.0" 200 -1 "https://pryvitop.net.ua" "Mozilla/5.0 (compatible; Googlebot/2.1; +http://www.google.com/bot.html)"
176.79.190.245 - - [28/Mar/2024:01:07:02 -0500] "HEAD / HTTP/1.0" 200 -1 "https://cooktips.com.ua" "Mozilla/5.0 (compatible; Googlebot/2.1; +http://www.google.com/bot.html)"
176.79.190.245 - - [28/Mar/2024:01:07:02 -0500] "HEAD / HTTP/1.0" 200 -1 "https://cooktips.com.ua" "Mozilla/5.0 (compatible; Googlebot/2.1; +http://www.google.com/bot.html)"
176.79.190.245 - - [28/Mar/2024:01:07:02 -0500] "HEAD / HTTP/1.0" 200 -1 "https://cooktips.com.ua" "Mozilla/5.0 (compatible; Googlebot/2.1; +http://www.google.com/bot.html)"
46.22.51.77 - - [28/Mar/2024:01:07:03 -0500] "GET / HTTP/1.1" 200 -1 "https://autoportal24.ru/" "Mozilla/5.0 (Windows NT 10.0; Win64; x64) AppleWebKit/537.36 (KHTML, like Gecko) Chrome/89.0.4389.114 Safari/537.36 Edg/89.0.774.68"
66.249.80.232 - - [28/Mar/2024:01:07:06 -0500] "GET /thetoolbag/thebookibm/obcomw95.gif HTTP/1.1" 200 17073 "" "Mozilla/5.0 (Windows NT 5.1; rv:11.0) Gecko Firefox/11.0 (via ggpht.com GoogleImageProxy)"
46.22.51.77 - - [28/Mar/2024:01:07:09 -0500] "GET / HTTP/1.1" 200 -1 "https://autoportal24.ru/" "Mozilla/5.0 (Windows NT 10.0; Win64; x64) AppleWebKit/537.36 (KHTML, like Gecko) Chrome/83.0.4103.14 Safari/537.36"
46.22.51.77 - - [28/Mar/2024:01:07:19 -0500] "GET / HTTP/1.1" 200 -1 "https://wmusor.ru/" "Mozilla/5.0 (Windows NT 6.1; Win64; x64) AppleWebKit/537.36 (KHTML, like Gecko) Chrome/88.0.4324.41 YaBrowser/21.2.0.1097 Yowser/2.5 Safari/537.36"
95.216.227.15 - - [28/Mar/2024:01:07:20 -0500] "GET /pub/Stats/usage_202403.html HTTP/1.0" 200 113173 "https://xn--k1-h2s.com" "Mozilla/5.0 (Windows NT 10.0) AppleWebKit/537.36 (KHTML, like Gecko) Chrome/110.0.0.0 Safari/537.36"
95.216.227.15 - - [28/Mar/2024:01:07:23 -0500] "GET /pub/Stats/usage_202403.html HTTP/1.0" 200 113173 "https://krakenat.com" "Mozilla/5.0 (Windows NT 10.0; Win64; x64) AppleWebKit/537.36 (KHTML, like Gecko) Chrome/121.0.0.0 Safari/537.36"
5.42.65.70 - - [28/Mar/2024:01:07:25 -0500] "GET /pub/Stats/usage_202403.html HTTP/1.0" 200 113173 "https://xn--megab-mdb.com" "Mozilla/5.0 (Windows NT 6.1; Win64; x64) AppleWebKit/537.36 (KHTML, like Gecko) Chrome/103.0.5060.114 Safari/537.36"
46.22.51.77 - - [28/Mar/2024:01:07:27 -0500] "GET / HTTP/1.1" 200 -1 "https://vesti.spb.ru/" "Mozilla/5.0 (Windows NT 10.0; WOW64) AppleWebKit/537.36 (KHTML, like Gecko) Chrome/91.0.4472.135 YaBrowser/21.6.2.854 Yowser/2.5 Safari/537.36"
95.216.227.15 - - [28/Mar/2024:01:07:27 -0500] "GET /pub/Stats/usage_202403.html HTTP/1.0" 200 113173 "https://krakenat.com" "Mozilla/5.0 (Windows NT 10.0; Win64; x64) AppleWebKit/537.36 (KHTML, like Gecko) Chrome/122.0.0.0 Safari/537.36"
37.139.53.88 - - [28/Mar/2024:01:07:36 -0500] "GET /pub/Stats/usage_202403.html HTTP/1.0" 200 113173 "https://www.bigsexvideo.tube/" "Mozilla/5.0 (Windows NT 10.0; Win64; x64) AppleWebKit/537.36 (KHTML, like Gecko) Chrome/120.0.0.0 Iron Safari/537.36"
46.22.51.77 - - [28/Mar/2024:01:07:38 -0500] "GET / HTTP/1.1" 200 -1 "https://top-chat24.ru/" "Mozilla/5.0 (Windows NT 6.1; rv:3.4) Goanna/20180327 PaleMoon/27.8.3"
37.139.53.88 - - [28/Mar/2024:01:07:39 -0500] "GET /pub/Stats/usage_202403.html HTTP/1.0" 200 113173 "https://www.bigsexvideo.tube/" "Mozilla/5.0 (Windows NT 10.0; Win64; x64) AppleWebKit/537.36 (KHTML, like Gecko) Chrome/120.0.0.0 Iron Safari/537.36"
37.139.53.88 - - [28/Mar/2024:01:07:43 -0500] "GET /pub/Stats/usage_202403.html HTTP/1.0" 200 113173 "https://www.bigsexvideo.tube/" "Mozilla/5.0 (Windows NT 10.0; Win64; x64) AppleWebKit/537.36 (KHTML, like Gecko) Chrome/120.0.0.0 Safari/537.36"
46.22.51.77 - - [28/Mar/2024:01:07:44 -0500] "GET / HTTP/1.1" 200 -1 "https://sigs.ru/" "Mozilla/5.0 (Windows NT 6.1) AppleWebKit/537.36 (KHTML, like Gecko) Chrome/91.0.4472.77 Safari/537.36"
46.22.51.77 - - [28/Mar/2024:01:07:49 -0500] "GET / HTTP/1.1" 200 -1 "https://sigs.ru/" "Mozilla/5.0 (Windows NT 10.0; Win64; x64) AppleWebKit/537.36 (KHTML, like Gecko) Chrome/73.0.3683.86 Safari/537.36"
46.22.51.77 - - [28/Mar/2024:01:07:50 -0500] "GET / HTTP/1.1" 200 -1 "https://vesti.spb.ru/" "Mozilla/5.0 (Windows NT 6.1; WOW64) AppleWebKit/537.36 (KHTML, like Gecko) Chrome/86.0.4240.185 YaBrowser/20.11.2.80 Yowser/2.5 Safari/537.36"
46.22.51.77 - - [28/Mar/2024:01:08:13 -0500] "GET / HTTP/1.1" 200 -1 "https://top-chat24.ru/" "Mozilla/5.0 (Windows NT 6.1; Win64; x64) AppleWebKit/537.36 (KHTML, like Gecko) Chrome/67.0.3396.79 Safari/537.36"
95.216.227.15 - - [28/Mar/2024:01:08:37 -0500] "GET /pub/Stats/usage_202403.html HTTP/1.0" 200 113898 "https://krakenat.com" "Mozilla/5.0 (Windows NT 10.0; Win64; x64) AppleWebKit/537.36 (KHTML, like Gecko) Chrome/120.0.0.0 Safari/537.36"
95.216.227.15 - - [28/Mar/2024:01:08:40 -0500] "GET /pub/Stats/usage_202403.html HTTP/1.0" 200 113898 "https://xn--k1-h2s.com" "Mozilla/5.0 (Windows NT 10.0; Win64; x64) AppleWebKit/537.36 (KHTML, like Gecko) Chrome/120.0.6099.71 Safari/537.36"
95.216.227.15 - - [28/Mar/2024:01:08:43 -0500] "GET /pub/Stats/usage_202403.html HTTP/1.0" 200 113898 "https://vk9at.com" "Mozilla/5.0 (Windows NT 10.0; Win64; x64) AppleWebKit/537.36 (KHTML, like Gecko) Chrome/120.0.0.0 Safari/537.36"
46.22.51.77 - - [28/Mar/2024:01:08:51 -0500] "GET / HTTP/1.1" 200 -1 "https://top-chat24.ru/" "Mozilla/5.0 (Windows NT 6.3; ) AppleWebKit/537.36 (KHTML, like Gecko) Chrome/83.0.4103.61 Safari/537.36"
176.79.190.245 - - [28/Mar/2024:01:08:58 -0500] "HEAD / HTTP/1.0" 200 -1 "http://teg.com.ua" "Mozilla/5.0 (compatible; Googlebot/2.1; +http://www.google.com/bot.html)"
176.79.190.245 - - [28/Mar/2024:01:08:58 -0500] "HEAD / HTTP/1.0" 200 -1 "http://teg.com.ua" "Mozilla/5.0 (compatible; Googlebot/2.1; +http://www.google.com/bot.html)"
176.79.190.245 - - [28/Mar/2024:01:08:58 -0500] "HEAD / HTTP/1.0" 200 -1 "http://teg.com.ua" "Mozilla/5.0 (compatible; Googlebot/2.1; +http://www.google.com/bot.html)"
176.79.190.245 - - [28/Mar/2024:01:08:58 -0500] "HEAD / HTTP/1.0" 200 -1 "http://teg.com.ua" "Mozilla/5.0 (compatible; Googlebot/2.1; +http://www.google.com/bot.html)"
176.79.190.245 - - [28/Mar/2024:01:08:58 -0500] "HEAD / HTTP/1.0" 200 -1 "http://teg.com.ua" "Mozilla/5.0 (compatible; Googlebot/2.1; +http://www.google.com/bot.html)"
176.79.190.245 - - [28/Mar/2024:01:08:58 -0500] "HEAD / HTTP/1.0" 200 -1 "http://teg.com.ua" "Mozilla/5.0 (compatible; Googlebot/2.1; +http://www.google.com/bot.html)"
176.79.190.245 - - [28/Mar/2024:01:08:58 -0500] "HEAD / HTTP/1.0" 200 -1 "http://teg.com.ua" "Mozilla/5.0 (compatible; Googlebot/2.1; +http://www.google.com/bot.html)"
176.79.190.245 - - [28/Mar/2024:01:08:58 -0500] "HEAD / HTTP/1.0" 200 -1 "http://teg.com.ua" "Mozilla/5.0 (compatible; Googlebot/2.1; +http://www.google.com/bot.html)"
176.79.190.245 - - [28/Mar/2024:01:08:58 -0500] "HEAD / HTTP/1.0" 200 -1 "http://teg.com.ua" "Mozilla/5.0 (compatible; Googlebot/2.1; +http://www.google.com/bot.html)"
176.79.190.245 - - [28/Mar/2024:01:08:58 -0500] "HEAD / HTTP/1.0" 200 -1 "http://teg.com.ua" "Mozilla/5.0 (compatible; Googlebot/2.1; +http://www.google.com/bot.html)"
176.79.190.245 - - [28/Mar/2024:01:08:58 -0500] "HEAD / HTTP/1.0" 200 -1 "http://teg.com.ua" "Mozilla/5.0 (compatible; Googlebot/2.1; +http://www.google.com/bot.html)"
176.79.190.245 - - [28/Mar/2024:01:08:58 -0500] "HEAD / HTTP/1.0" 200 -1 "https://pryvitop.net.ua" "Mozilla/5.0 (compatible; Googlebot/2.1; +http://www.google.com/bot.html)"
176.79.190.245 - - [28/Mar/2024:01:08:58 -0500] "HEAD / HTTP/1.0" 200 -1 "http://teg.com.ua" "Mozilla/5.0 (compatible; Googlebot/2.1; +http://www.google.com/bot.html)"
176.79.190.245 - - [28/Mar/2024:01:08:58 -0500] "HEAD / HTTP/1.0" 200 -1 "http://teg.com.ua" "Mozilla/5.0 (compatible; Googlebot/2.1; +http://www.google.com/bot.html)"
176.79.190.245 - - [28/Mar/2024:01:08:58 -0500] "HEAD / HTTP/1.0" 200 -1 "http://teg.com.ua" "Mozilla/5.0 (compatible; Googlebot/2.1; +http://www.google.com/bot.html)"
176.79.190.245 - - [28/Mar/2024:01:08:58 -0500] "HEAD / HTTP/1.0" 200 -1 "http://teg.com.ua" "Mozilla/5.0 (compatible; Googlebot/2.1; +http://www.google.com/bot.html)"
176.79.190.245 - - [28/Mar/2024:01:08:58 -0500] "HEAD / HTTP/1.0" 200 -1 "http://teg.com.ua" "Mozilla/5.0 (compatible; Googlebot/2.1; +http://www.google.com/bot.html)"
176.79.190.245 - - [28/Mar/2024:01:08:58 -0500] "HEAD / HTTP/1.0" 200 -1 "http://teg.com.ua" "Mozilla/5.0 (compatible; Googlebot/2.1; +http://www.google.com/bot.html)"
176.79.190.245 - - [28/Mar/2024:01:08:58 -0500] "HEAD / HTTP/1.0" 200 -1 "http://teg.com.ua" "Mozilla/5.0 (compatible; Googlebot/2.1; +http://www.google.com/bot.html)"
176.79.190.245 - - [28/Mar/2024:01:08:58 -0500] "HEAD / HTTP/1.0" 200 -1 "https://wday.com.ua" "Mozilla/5.0 (compatible; Googlebot/2.1; +http://www.google.com/bot.html)"
176.79.190.245 - - [28/Mar/2024:01:08:58 -0500] "HEAD / HTTP/1.0" 200 -1 "http://teg.com.ua" "Mozilla/5.0 (compatible; Googlebot/2.1; +http://www.google.com/bot.html)"
66.249.66.199 - - [28/Mar/2024:01:09:00 -0500] "GET /thetoolbag/howto/blockips/ip-Blocking_files/route_route_exe.htm HTTP/1.1" 200 9041 "" "Mozilla/5.0 (Linux; Android 6.0.1; Nexus 5X Build/MMB29P) AppleWebKit/537.36 (KHTML, like Gecko) Chrome/122.0.6261.94 Mobile Safari/537.36 (compatible; Googlebot/2.1; +http://www.google.com/bot.html)"
66.249.66.201 - - [28/Mar/2024:01:09:01 -0500] "GET /thetoolbag/HowTo/BlockIPs/ip-Blocking_files/route_route_exe.htm HTTP/1.1" 200 9041 "" "Mozilla/5.0 (Linux; Android 6.0.1; Nexus 5X Build/MMB29P) AppleWebKit/537.36 (KHTML, like Gecko) Chrome/122.0.6261.94 Mobile Safari/537.36 (compatible; Googlebot/2.1; +http://www.google.com/bot.html)"
46.22.51.77 - - [28/Mar/2024:01:09:02 -0500] "GET / HTTP/1.1" 200 -1 "https://wmusor.ru/" "Mozilla/5.0 (Windows NT 6.1) AppleWebKit/537.36 (KHTML, like Gecko) Chrome/63.0.3239.84 Safari/B85648"
46.22.51.77 - - [28/Mar/2024:01:09:04 -0500] "GET / HTTP/1.1" 200 -1 "https://wmusor.ru/" "Mozilla/5.0 (Windows NT 6.1) AppleWebKit/537.36 (KHTML, like Gecko) Chrome/88.0.4324.182 Safari/537.36"
46.22.51.77 - - [28/Mar/2024:01:09:07 -0500] "GET / HTTP/1.1" 200 -1 "https://vesti.spb.ru/" "Mozilla/5.0 (Windows NT 6.1) AppleWebKit/537.36 (KHTML, like Gecko) Chrome/89.0.4389.90 Safari/537.36"
136.243.13.183 - - [28/Mar/2024:01:09:17 -0500] "HEAD /pub/stats/ HTTP/1.0" 200 -1 "https://coloriage-carnaval.com/" "Mozilla/5.0 (compatible; Googlebot/2.1; +http://www.google.com/bot.html)"
136.243.13.183 - - [28/Mar/2024:01:09:18 -0500] "HEAD /pub/stats/ HTTP/1.0" 200 -1 "https://coloriage-carnaval.com/" "Mozilla/5.0 (compatible; Googlebot/2.1; +http://www.google.com/bot.html)"
136.243.13.183 - - [28/Mar/2024:01:09:18 -0500] "HEAD /pub/stats/ HTTP/1.0" 200 -1 "https://coloriage-carnaval.com/" "Mozilla/5.0 (compatible; Googlebot/2.1; +http://www.google.com/bot.html)"
46.22.51.77 - - [28/Mar/2024:01:09:18 -0500] "GET / HTTP/1.1" 200 -1 "https://vesti.spb.ru/" "Mozilla/5.0 (Windows NT 6.1; Win64; x64; rv:91.0) Gecko/20100101 Firefox/91.0"
37.139.53.88 - - [28/Mar/2024:01:09:19 -0500] "GET /pub/Stats/usage_202403.html HTTP/1.0" 200 113898 "https://www.bigsexvideo.tube/" "Mozilla/5.0 (Windows NT 6.1; Win64; x64) AppleWebKit/537.36 (KHTML, like Gecko) Chrome/109.0.5414.120 Safari/537.36"
37.139.53.88 - - [28/Mar/2024:01:09:22 -0500] "GET /pub/Stats/usage_202403.html HTTP/1.0" 200 113898 "https://www.bigsexvideo.tube/" "Mozilla/5.0 (Windows NT 10.0) AppleWebKit/537.36 (KHTML, like Gecko) Chrome/110.0.0.0 Safari/537.36"
37.139.53.88 - - [28/Mar/2024:01:09:25 -0500] "GET /pub/Stats/usage_202403.html HTTP/1.0" 200 113898 "https://www.bigsexvideo.tube/" "Mozilla/5.0 (Windows NT 10.0; Win64; x64) AppleWebKit/537.36 (KHTML, like Gecko) Chrome/120.0.0.0 Safari/537.36"
46.22.51.77 - - [28/Mar/2024:01:09:31 -0500] "GET / HTTP/1.1" 200 -1 "https://sigs.ru/" "Mozilla/5.0 (Windows NT 10.0; Win64; x64) AppleWebKit/537.36 (KHTML, like Gecko) Chrome/86.0.4240.111 Safari/537.36"
79.137.204.186 - - [28/Mar/2024:01:09:40 -0500] "GET /pub/Stats/usage_202403.html HTTP/1.0" 200 113898 "https://korpus-mebli.com.ua/" "Mozilla/5.0 (Windows NT 10.0; Win64; x64) AppleWebKit/537.36 (KHTML, like Gecko) Chrome/111.0.0.0 Safari/537.36"
46.22.51.77 - - [28/Mar/2024:01:09:40 -0500] "GET / HTTP/1.1" 200 -1 "https://autoportal24.ru/" "Mozilla/5.0 (X11; Linux x86_64) AppleWebKit/537.36 (KHTML, like Gecko) Chrome/66.0.3359.158 Safari/537.36"
79.137.204.186 - - [28/Mar/2024:01:09:44 -0500] "GET /pub/Stats/usage_202403.html HTTP/1.0" 200 113898 "https://korpus-mebli.com.ua/" "Mozilla/5.0 (Windows NT 10.0; Win64; x64) AppleWebKit/537.36 (KHTML, like Gecko) Chrome/120.0.6099.71 Safari/537.36"
79.137.204.186 - - [28/Mar/2024:01:09:46 -0500] "GET /pub/Stats/usage_202403.html HTTP/1.0" 200 113898 "https://korpus-mebli.com.ua/" "Mozilla/5.0 (Windows NT 10.0; Win64; x64) AppleWebKit/537.36 (KHTML, like Gecko) Chrome/120.0.6099.71 Safari/537.36"
46.22.51.77 - - [28/Mar/2024:01:09:51 -0500] "GET / HTTP/1.1" 200 -1 "https://sigs.ru/" "Mozilla/5.0 (Windows NT 6.1; WOW64) AppleWebKit/537.36 (KHTML, like Gecko) Chrome/83.0.4103.101 YaBrowser/20.7.0.899 Yowser/2.5 Safari/537.36"
95.216.227.15 - - [28/Mar/2024:01:09:54 -0500] "GET /pub/Stats/usage_202403.html HTTP/1.0" 200 113898 "https://kraken30at.com" "Mozilla/5.0 (Windows NT 10.0; Win64; x64) AppleWebKit/537.36 (KHTML, like Gecko) Chrome/121.0.0.0 Safari/537.36"
46.22.51.77 - - [28/Mar/2024:01:09:56 -0500] "GET / HTTP/1.1" 200 -1 "https://top-chat24.ru/" "Mozilla/5.0 (Windows NT 10.0; Win64; x64) AppleWebKit/537.36 (KHTML, like Gecko) Chrome/91.0.4472.101 Safari/537.36"
95.216.227.15 - - [28/Mar/2024:01:09:57 -0500] "GET /pub/Stats/usage_202403.html HTTP/1.0" 200 113898 "https://krakenat.com" "Mozilla/5.0 (Windows NT 10.0; Win64; x64) AppleWebKit/537.36 (KHTML, like Gecko) Chrome/120.0.0.0 Iron Safari/537.36"
95.216.227.15 - - [28/Mar/2024:01:10:00 -0500] "GET /pub/Stats/usage_202403.html HTTP/1.0" 200 113898 "https://xn--krkn-xva44n.com" "Mozilla/5.0 (Windows NT 10.0; Win64; x64) AppleWebKit/537.36 (KHTML, like Gecko) Chrome/120.0.6099.71 Safari/537.36"
