176.79.190.245 - - [28/Mar/2024:02:54:22 -0500] "HEAD / HTTP/1.0" 200 -1 "https://pryvitay.com.ua" "Mozilla/5.0 (compatible; Googlebot/2.1; +http://www.google.com/bot.html)"
46.22.51.77 - - [28/Mar/2024:02:54:23 -0500] "GET / HTTP/1.1" 200 -1 "https://sigs.ru/" "Mozilla/5.0 (Windows NT 6.1; WOW64) AppleWebKit/537.36 (KHTML, like Gecko) Chrome/47.0.2526.80 Safari/537.36 Core/1.47.516.400 QQBrowser/9.4.8186.400"
95.216.227.15 - - [28/Mar/2024:02:54:28 -0500] "GET /pub/Stats/usage_202403.html HTTP/1.0" 200 113898 "https://krakenat.com" "Mozilla/5.0 (Windows NT 10.0; Win64; x64) AppleWebKit/537.36 (KHTML, like Gecko) Chrome/120.0.0.0 Safari/537.36"
136.243.13.183 - - [28/Mar/2024:02:54:31 -0500] "HEAD /pub/stats/ HTTP/1.0" 200 -1 "https://driverss.net/" "Mozilla/5.0 (compatible; Googlebot/2.1; +http://www.google.com/bot.html)"
136.243.13.183 - - [28/Mar/2024:02:54:31 -0500] "HEAD /pub/stats/ HTTP/1.0" 200 -1 "https://driverss.net/" "Mozilla/5.0 (compatible; Googlebot/2.1; +http://www.google.com/bot.html)"
136.243.13.183 - - [28/Mar/2024:02:54:31 -0500] "HEAD /pub/stats/ HTTP/1.0" 200 -1 "https://driverss.net/" "Mozilla/5.0 (compatible; Googlebot/2.1; +http://www.google.com/bot.html)"
95.216.227.15 - - [28/Mar/2024:02:54:31 -0500] "GET /pub/Stats/usage_202403.html HTTP/1.0" 200 113898 "https://krakenat.com" "Mozilla/5.0 (Windows NT 6.1; Win64; x64) AppleWebKit/537.36 (KHTML, like Gecko) Chrome/109.0.0.0 Safari/537.36"
46.22.51.77 - - [28/Mar/2024:02:54:32 -0500] "GET / HTTP/1.1" 200 -1 "https://wmusor.ru/" "Mozilla/5.0 (Windows NT 10.0; Win64; x64) AppleWebKit/537.36 (KHTML, like Gecko) Chrome/80.0.3987.132 Safari/537.36"
136.243.13.183 - - [28/Mar/2024:02:54:32 -0500] "HEAD /pub/stats/ HTTP/1.0" 200 -1 "https://pdatop.net/" "Mozilla/5.0 (compatible; Googlebot/2.1; +http://www.google.com/bot.html)"
136.243.13.183 - - [28/Mar/2024:02:54:32 -0500] "HEAD /pub/stats/ HTTP/1.0" 200 -1 "https://pdatop.net/" "Mozilla/5.0 (compatible; Googlebot/2.1; +http://www.google.com/bot.html)"
136.243.13.183 - - [28/Mar/2024:02:54:32 -0500] "HEAD /pub/stats/ HTTP/1.0" 200 -1 "https://pdatop.net/" "Mozilla/5.0 (compatible; Googlebot/2.1; +http://www.google.com/bot.html)"
95.216.227.15 - - [28/Mar/2024:02:54:34 -0500] "GET /pub/Stats/usage_202403.html HTTP/1.0" 200 113898 "https://krakenat.com" "Mozilla/5.0 (Windows NT 10.0; Win64; x64) AppleWebKit/537.36 (KHTML, like Gecko) Chrome/115.0.0.0 Safari/537.36"
46.22.51.77 - - [28/Mar/2024:02:54:35 -0500] "GET / HTTP/1.1" 200 -1 "https://top-chat24.ru/" "Mozilla/5.0 (Windows NT 10.0; WOW64) AppleWebKit/537.36 (KHTML, like Gecko) Chrome/87.0.4280.88 YaBrowser/20.12.2.105 Yowser/2.5 Safari/537.36"
46.22.51.77 - - [28/Mar/2024:02:54:51 -0500] "GET / HTTP/1.1" 200 -1 "https://vesti.spb.ru/" "Mozilla/5.0 (Windows NT 10.0; Win64; x64) AppleWebKit/537.36 (KHTML, like Gecko) Chrome/81.0.4044.138 Safari/537.36 OPR/68.0.3618.125"
5.42.65.70 - - [28/Mar/2024:02:55:00 -0500] "GET /pub/Stats/usage_202403.html HTTP/1.0" 200 113898 "https://xn--megab-mdb.com" "Mozilla/5.0 (Windows NT 6.3; WOW64) AppleWebKit/537.36 (KHTML, like Gecko) Chrome/103.0.5060.114 Safari/537.36"
136.243.13.183 - - [28/Mar/2024:02:55:02 -0500] "HEAD /pub/stats/ HTTP/1.0" 200 -1 "https://driverss.net/" "Mozilla/5.0 (compatible; Googlebot/2.1; +http://www.google.com/bot.html)"
136.243.13.183 - - [28/Mar/2024:02:55:03 -0500] "HEAD /pub/stats/ HTTP/1.0" 200 -1 "https://driverss.net/" "Mozilla/5.0 (compatible; Googlebot/2.1; +http://www.google.com/bot.html)"
46.22.51.77 - - [28/Mar/2024:02:55:03 -0500] "GET / HTTP/1.1" 200 -1 "https://wmusor.ru/" "Mozilla/5.0 (Windows; U; Windows NT 6.0; en-US; rv:1.9.1b3) Gecko/20090405 Firefox/3.1b3"
136.243.13.183 - - [28/Mar/2024:02:55:03 -0500] "HEAD /pub/stats/ HTTP/1.0" 200 -1 "https://driverss.net/" "Mozilla/5.0 (compatible; Googlebot/2.1; +http://www.google.com/bot.html)"
46.22.51.77 - - [28/Mar/2024:02:55:05 -0500] "GET / HTTP/1.1" 200 -1 "https://autoportal24.ru/" "Mozilla/5.0 (Windows NT 10.0; Win64; x64) AppleWebKit/537.36 (KHTML, like Gecko) Chrome/83.0.4098.0 Safari/537.36"
46.22.51.77 - - [28/Mar/2024:02:55:29 -0500] "GET / HTTP/1.1" 200 -1 "https://wmusor.ru/" "Mozilla/5.0 (Windows NT 6.3; WOW64; rv:59.0) Gecko/20100101 Firefox/59.0"
46.22.51.77 - - [28/Mar/2024:02:55:32 -0500] "GET / HTTP/1.1" 200 -1 "https://autoportal24.ru/" "Mozilla/5.0 (Windows NT 10.0; Win64; x64) AppleWebKit/537.36 (KHTML, like Gecko) Chrome/83.0.4099.2 Safari/537.36"
46.22.51.77 - - [28/Mar/2024:02:55:34 -0500] "GET / HTTP/1.1" 200 -1 "https://autoportal24.ru/" "Mozilla/5.0 (Windows NT 10.0; WOW64) AppleWebKit/537.36 (KHTML, like Gecko) Chrome/64.0.3282.189 Safari/537.36 Vivaldi/1.95.1077.60"
136.243.13.183 - - [28/Mar/2024:02:55:41 -0500] "HEAD /pub/stats/ HTTP/1.0" 200 -1 "https://vzlomannye-igry-na-android.net/" "Mozilla/5.0 (compatible; Googlebot/2.1; +http://www.google.com/bot.html)"
136.243.13.183 - - [28/Mar/2024:02:55:41 -0500] "HEAD /pub/stats/ HTTP/1.0" 200 -1 "https://vzlomannye-igry-na-android.net/" "Mozilla/5.0 (compatible; Googlebot/2.1; +http://www.google.com/bot.html)"
136.243.13.183 - - [28/Mar/2024:02:55:41 -0500] "HEAD /pub/stats/ HTTP/1.0" 200 -1 "https://vzlomannye-igry-na-android.net/" "Mozilla/5.0 (compatible; Googlebot/2.1; +http://www.google.com/bot.html)"
95.216.227.15 - - [28/Mar/2024:02:55:44 -0500] "GET /pub/Stats/usage_202403.html HTTP/1.0" 200 113898 "https://xn--krkn-xva44n.com" "Mozilla/5.0 (Windows NT 10.0; Win64; x64) AppleWebKit/537.36 (KHTML, like Gecko) Chrome/120.0.0.0 Safari/537.36"
95.216.227.15 - - [28/Mar/2024:02:55:47 -0500] "GET /pub/Stats/usage_202403.html HTTP/1.0" 200 113898 "https://kraken30at.com" "Mozilla/5.0 (Windows NT 10.0; Win64; x64) AppleWebKit/537.36 (KHTML, like Gecko) Chrome/120.0.0.0 Safari/537.36"
46.22.51.77 - - [28/Mar/2024:02:55:50 -0500] "GET / HTTP/1.1" 200 -1 "https://vesti.spb.ru/" "Mozilla/5.0 (Windows NT 6.1; Win64; x64) AppleWebKit/537.36 (KHTML, like Gecko) Chrome/90.0.4430.212 Safari/537.36 OPR/76.0.4017.177"
46.22.51.77 - - [28/Mar/2024:02:55:50 -0500] "GET / HTTP/1.1" 200 -1 "https://vesti.spb.ru/" "Mozilla/5.0 (Windows NT 6.3; Win64; x64) AppleWebKit/537.36 (KHTML, like Gecko) Chrome/91.0.4472.124 Safari/537.36"
95.216.227.15 - - [28/Mar/2024:02:55:50 -0500] "GET /pub/Stats/usage_202403.html HTTP/1.0" 200 113898 "https://vk9at.com" "Mozilla/5.0 (Windows NT 10.0; Win64; x64) AppleWebKit/537.36 (KHTML, like Gecko) Chrome/114.0.0.0 Safari/537.36"
46.22.51.77 - - [28/Mar/2024:02:55:54 -0500] "GET / HTTP/1.1" 200 -1 "https://vesti.spb.ru/" "Mozilla/5.0 (Windows NT 10.0; WOW64) AppleWebKit/537.36 (KHTML, like Gecko) Chrome/84.0.4147.125 YaBrowser/20.8.2.95 Yowser/2.5 Safari/537.36"
46.22.51.77 - - [28/Mar/2024:02:55:55 -0500] "GET / HTTP/1.1" 200 -1 "https://sigs.ru/" "Mozilla/5.0 (Windows NT 6.3; WOW64) AppleWebKit/537.36 (KHTML, like Gecko) Chrome/55.0.2883.75 Safari/537.36 Maxthon/5.1.5.3000"
37.139.53.88 - - [28/Mar/2024:02:55:56 -0500] "GET /pub/Stats/usage_202403.html HTTP/1.0" 200 113898 "https://www.bigsexvideo.tube/" "Mozilla/5.0 (Windows NT 6.1; Win64; x64) AppleWebKit/537.36 (KHTML, like Gecko) Chrome/109.0.0.0 Safari/537.36"
37.139.53.88 - - [28/Mar/2024:02:56:00 -0500] "GET /pub/Stats/usage_202403.html HTTP/1.0" 200 113898 "https://www.bigsexvideo.tube/" "Mozilla/5.0 (Windows NT 10.0; Win64; x64) AppleWebKit/537.36 (KHTML, like Gecko) Chrome/120.0.0.0 Safari/537.36"
37.139.53.88 - - [28/Mar/2024:02:56:03 -0500] "GET /pub/Stats/usage_202403.html HTTP/1.0" 200 113898 "https://www.bigsexvideo.tube/" "Mozilla/5.0 (Windows NT 6.3; Win64; x64) AppleWebKit/537.36 (KHTML, like Gecko) Chrome/113.0.0.0 Safari/537.36"
136.243.13.183 - - [28/Mar/2024:02:56:04 -0500] "HEAD /pub/stats/ HTTP/1.0" 200 -1 "https://prodroiders.net/" "Mozilla/5.0 (compatible; Googlebot/2.1; +http://www.google.com/bot.html)"
136.243.13.183 - - [28/Mar/2024:02:56:04 -0500] "HEAD /pub/stats/ HTTP/1.0" 200 -1 "https://prodroiders.net/" "Mozilla/5.0 (compatible; Googlebot/2.1; +http://www.google.com/bot.html)"
136.243.13.183 - - [28/Mar/2024:02:56:04 -0500] "HEAD /pub/stats/ HTTP/1.0" 200 -1 "https://prodroiders.net/" "Mozilla/5.0 (compatible; Googlebot/2.1; +http://www.google.com/bot.html)"
136.243.13.183 - - [28/Mar/2024:02:56:05 -0500] "HEAD /pub/stats/ HTTP/1.0" 200 -1 "https://vzlomannye-igry-dlya-android.net/" "Mozilla/5.0 (compatible; Googlebot/2.1; +http://www.google.com/bot.html)"
136.243.13.183 - - [28/Mar/2024:02:56:05 -0500] "HEAD /pub/stats/ HTTP/1.0" 200 -1 "https://vzlomannye-igry-dlya-android.net/" "Mozilla/5.0 (compatible; Googlebot/2.1; +http://www.google.com/bot.html)"
136.243.13.183 - - [28/Mar/2024:02:56:05 -0500] "HEAD /pub/stats/ HTTP/1.0" 200 -1 "https://vzlomannye-igry-dlya-android.net/" "Mozilla/5.0 (compatible; Googlebot/2.1; +http://www.google.com/bot.html)"
46.22.51.77 - - [28/Mar/2024:02:56:06 -0500] "GET / HTTP/1.1" 200 -1 "https://autoportal24.ru/" "Mozilla/5.0 (Windows NT 6.3; Win64; x64) AppleWebKit/537.36 (KHTML, like Gecko) Chrome/86.0.4240.198 Safari/537.36"
51.222.253.1 - - [28/Mar/2024:02:56:07 -0500] "GET /DeadPage/Fidelity/events/completed_events/CHips/2007/14.html HTTP/1.1" 200 813 "" "Mozilla/5.0 (compatible; AhrefsBot/7.0; +http://ahrefs.com/robot/)"
46.22.51.77 - - [28/Mar/2024:02:56:11 -0500] "GET / HTTP/1.1" 200 -1 "https://top-chat24.ru/" "Mozilla/5.0 (Windows NT 10.0; WOW64) AppleWebKit/537.36 (KHTML, like Gecko) Chrome/81.0.4044.138 YaBrowser/20.6.0.910 Yowser/2.5 Yptp/1.23 Safari/537.36"
46.22.51.77 - - [28/Mar/2024:02:56:28 -0500] "GET / HTTP/1.1" 200 -1 "https://top-chat24.ru/" "Mozilla/5.0 (Windows NT 6.1; Win64; x64; rv:52.9) Gecko/20100101 Goanna/3.4 Firefox/52.9 PaleMoon/27.8.1"
46.22.51.77 - - [28/Mar/2024:02:56:36 -0500] "GET / HTTP/1.1" 200 -1 "https://vesti.spb.ru/" "Mozilla/5.0 (Windows NT 6.1) AppleWebKit/537.36 (KHTML, like Gecko) Chrome/86.0.4240.198 YaBrowser/20.11.3.179 Yowser/2.5 Safari/537.36"
176.79.190.245 - - [28/Mar/2024:02:56:36 -0500] "HEAD / HTTP/1.0" 200 -1 "https://slova.in.ua" "Mozilla/5.0 (compatible; Googlebot/2.1; +http://www.google.com/bot.html)"
176.79.190.245 - - [28/Mar/2024:02:56:36 -0500] "HEAD / HTTP/1.0" 200 -1 "https://slova.in.ua" "Mozilla/5.0 (compatible; Googlebot/2.1; +http://www.google.com/bot.html)"
176.79.190.245 - - [28/Mar/2024:02:56:36 -0500] "HEAD / HTTP/1.0" 200 -1 "https://slova.in.ua" "Mozilla/5.0 (compatible; Googlebot/2.1; +http://www.google.com/bot.html)"
176.79.190.245 - - [28/Mar/2024:02:56:36 -0500] "HEAD / HTTP/1.0" 200 -1 "https://slova.in.ua" "Mozilla/5.0 (compatible; Googlebot/2.1; +http://www.google.com/bot.html)"
176.79.190.245 - - [28/Mar/2024:02:56:36 -0500] "HEAD / HTTP/1.0" 200 -1 "https://slova.in.ua" "Mozilla/5.0 (compatible; Googlebot/2.1; +http://www.google.com/bot.html)"
176.79.190.245 - - [28/Mar/2024:02:56:36 -0500] "HEAD / HTTP/1.0" 200 -1 "https://slova.in.ua" "Mozilla/5.0 (compatible; Googlebot/2.1; +http://www.google.com/bot.html)"
176.79.190.245 - - [28/Mar/2024:02:56:36 -0500] "HEAD / HTTP/1.0" 200 -1 "https://slova.in.ua" "Mozilla/5.0 (compatible; Googlebot/2.1; +http://www.google.com/bot.html)"
176.79.190.245 - - [28/Mar/2024:02:56:36 -0500] "HEAD / HTTP/1.0" 200 -1 "https://slova.in.ua" "Mozilla/5.0 (compatible; Googlebot/2.1; +http://www.google.com/bot.html)"
176.79.190.245 - - [28/Mar/2024:02:56:36 -0500] "HEAD / HTTP/1.0" 200 -1 "https://slova.in.ua" "Mozilla/5.0 (compatible; Googlebot/2.1; +http://www.google.com/bot.html)"
176.79.190.245 - - [28/Mar/2024:02:56:36 -0500] "HEAD / HTTP/1.0" 200 -1 "https://slova.in.ua" "Mozilla/5.0 (compatible; Googlebot/2.1; +http://www.google.com/bot.html)"
176.79.190.245 - - [28/Mar/2024:02:56:36 -0500] "HEAD / HTTP/1.0" 200 -1 "https://slova.in.ua" "Mozilla/5.0 (compatible; Googlebot/2.1; +http://www.google.com/bot.html)"
176.79.190.245 - - [28/Mar/2024:02:56:36 -0500] "HEAD / HTTP/1.0" 200 -1 "https://slova.in.ua" "Mozilla/5.0 (compatible; Googlebot/2.1; +http://www.google.com/bot.html)"
176.79.190.245 - - [28/Mar/2024:02:56:36 -0500] "HEAD / HTTP/1.0" 200 -1 "https://citata.net.ua" "Mozilla/5.0 (compatible; Googlebot/2.1; +http://www.google.com/bot.html)"
176.79.190.245 - - [28/Mar/2024:02:56:36 -0500] "HEAD / HTTP/1.0" 200 -1 "https://slova.in.ua" "Mozilla/5.0 (compatible; Googlebot/2.1; +http://www.google.com/bot.html)"
176.79.190.245 - - [28/Mar/2024:02:56:36 -0500] "HEAD / HTTP/1.0" 200 -1 "https://slova.in.ua" "Mozilla/5.0 (compatible; Googlebot/2.1; +http://www.google.com/bot.html)"
176.79.190.245 - - [28/Mar/2024:02:56:36 -0500] "HEAD / HTTP/1.0" 200 -1 "https://slova.in.ua" "Mozilla/5.0 (compatible; Googlebot/2.1; +http://www.google.com/bot.html)"
176.79.190.245 - - [28/Mar/2024:02:56:36 -0500] "HEAD / HTTP/1.0" 200 -1 "https://topvitannya.net.ua" "Mozilla/5.0 (compatible; Googlebot/2.1; +http://www.google.com/bot.html)"
176.79.190.245 - - [28/Mar/2024:02:56:36 -0500] "HEAD / HTTP/1.0" 200 -1 "https://slova.in.ua" "Mozilla/5.0 (compatible; Googlebot/2.1; +http://www.google.com/bot.html)"
176.79.190.245 - - [28/Mar/2024:02:56:36 -0500] "HEAD / HTTP/1.0" 200 -1 "https://slova.in.ua" "Mozilla/5.0 (compatible; Googlebot/2.1; +http://www.google.com/bot.html)"
176.79.190.245 - - [28/Mar/2024:02:56:36 -0500] "HEAD / HTTP/1.0" 200 -1 "https://slova.in.ua" "Mozilla/5.0 (compatible; Googlebot/2.1; +http://www.google.com/bot.html)"
176.79.190.245 - - [28/Mar/2024:02:56:36 -0500] "HEAD / HTTP/1.0" 200 -1 "https://slova.in.ua" "Mozilla/5.0 (compatible; Googlebot/2.1; +http://www.google.com/bot.html)"
46.22.51.77 - - [28/Mar/2024:02:56:41 -0500] "GET / HTTP/1.1" 200 -1 "https://sigs.ru/" "Mozilla/5.0 (Windows NT 6.1; Win64; x64; rv:85.0) Gecko/20100101 Firefox/85.0"
50.63.13.3 - - [28/Mar/2024:02:56:44 -0500] "GET /AdminBookMarks.htm HTTP/1.0" 200 22075 "http://pcexpress.theolddub.com/AdminBookMarks.htm" "Mozilla/5.0 (Windows NT 10.0; Win64; x64) AppleWebKit/537.36 (KHTML, like Gecko) Chrome/122.0.0.0 Safari/537.36"
46.22.51.77 - - [28/Mar/2024:02:56:44 -0500] "GET / HTTP/1.1" 200 -1 "https://sigs.ru/" "Mozilla/5.0 (Windows NT 10.0; WOW64) AppleWebKit/537.36 (KHTML, like Gecko) Chrome/62.0.3202.9 Safari/537.36"
46.22.51.77 - - [28/Mar/2024:02:56:44 -0500] "GET / HTTP/1.1" 200 -1 "https://top-chat24.ru/" "Mozilla/5.0 (Windows NT 6.1; Win64; x64) AppleWebKit/537.36 (KHTML, like Gecko) Chrome/66.0.3359.117 Safari/537.36"
95.216.227.15 - - [28/Mar/2024:02:57:01 -0500] "GET /pub/Stats/usage_202403.html HTTP/1.0" 200 113898 "https://kraken30at.com" "Mozilla/5.0 (Windows NT 10.0; Win64; x64) AppleWebKit/537.36 (KHTML, like Gecko) Chrome/120.0.6099.71 Safari/537.36"
95.216.227.15 - - [28/Mar/2024:02:57:04 -0500] "GET /pub/Stats/usage_202403.html HTTP/1.0" 200 113898 "https://krakenat.com" "Mozilla/5.0 (Windows NT 10.0; Win64; x64) AppleWebKit/537.36 (KHTML, like Gecko) Chrome/113.0.0.0 Safari/537.36"
46.22.51.77 - - [28/Mar/2024:02:57:05 -0500] "GET / HTTP/1.1" 200 -1 "https://vesti.spb.ru/" "Mozilla/5.0 (Windows NT 6.3; Win64; x64; rv:84.0) Gecko/20100101 Firefox/84.0"
95.216.227.15 - - [28/Mar/2024:02:57:07 -0500] "GET /pub/Stats/usage_202403.html HTTP/1.0" 200 113898 "https://krakenat.com" "Mozilla/5.0 (Windows NT 11.0; WOW64) AppleWebKit/537.36 (KHTML, like Gecko) Chrome/114.0.5814.214 Safari/537.36"
46.22.51.77 - - [28/Mar/2024:02:57:15 -0500] "GET / HTTP/1.1" 200 -1 "https://wmusor.ru/" "Mozilla/5.0 (Windows NT 10.0; WOW64; rv:45.0) Gecko/20100101 Firefox/45.0"
46.22.51.77 - - [28/Mar/2024:02:57:22 -0500] "GET / HTTP/1.1" 200 -1 "https://autoportal24.ru/" "Mozilla/5.0 (Windows NT 10.0; Win64; x64) AppleWebKit/537.36 (KHTML, like Gecko) Chrome/78.0.3904.97 Safari/537.36"
79.137.204.186 - - [28/Mar/2024:02:57:25 -0500] "GET /pub/Stats/usage_202403.html HTTP/1.0" 200 113898 "https://korpus-mebli.com.ua/" "Mozilla/5.0 (Windows NT 10.0; Win64; x64) AppleWebKit/537.36 (KHTML, like Gecko) Chrome/120.0.6099.71 Safari/537.36"
46.22.51.77 - - [28/Mar/2024:02:57:25 -0500] "GET / HTTP/1.1" 200 -1 "https://top-chat24.ru/" "Mozilla/5.0 (Windows NT 6.3; WOW64) AppleWebKit/537.36 (KHTML, like Gecko) Chrome/87.0.4280.60 YaBrowser/20.12.0.966 Yowser/2.5 Safari/537.36"
79.137.204.186 - - [28/Mar/2024:02:57:28 -0500] "GET /pub/Stats/usage_202403.html HTTP/1.0" 200 113898 "https://korpus-mebli.com.ua/" "Mozilla/5.0 (Windows NT 10.0; Win64; x64) AppleWebKit/537.36 (KHTML, like Gecko) Chrome/120.0.0.0 Safari/537.36"
46.22.51.77 - - [28/Mar/2024:02:57:30 -0500] "GET / HTTP/1.1" 200 -1 "https://autoportal24.ru/" "Mozilla/5.0 (Windows NT 10.0; WOW64) AppleWebKit/537.36 (KHTML, like Gecko) Chrome/88.0.4324.152 YaBrowser/21.2.2.102 Yowser/2.5 Safari/537.36"
46.22.51.77 - - [28/Mar/2024:02:57:30 -0500] "GET / HTTP/1.1" 200 -1 "https://sigs.ru/" "Mozilla/5.0 (Windows NT 6.1; Win64; x64) AppleWebKit/537.36 (KHTML, like Gecko) Chrome/85.0.4183.102 Safari/537.36"
79.137.204.186 - - [28/Mar/2024:02:57:32 -0500] "GET /pub/Stats/usage_202403.html HTTP/1.0" 200 113898 "https://korpus-mebli.com.ua/" "Mozilla/5.0 (Windows NT 10.0; Win64; x64) AppleWebKit/537.36 (KHTML, like Gecko) Chrome/115.0.0.0 Safari/537.36"
37.139.53.88 - - [28/Mar/2024:02:57:40 -0500] "GET /pub/Stats/usage_202403.html HTTP/1.0" 200 113898 "https://www.bigsexvideo.tube/" "Mozilla/5.0 (Windows NT 10.0; Win64; x64) AppleWebKit/537.36 (KHTML, like Gecko) Chrome/122.0.0.0 Safari/537.36"
46.22.51.77 - - [28/Mar/2024:02:57:40 -0500] "GET / HTTP/1.1" 200 -1 "https://top-chat24.ru/" "Mozilla/5.0 (Windows NT 6.3; Win64; x64) AppleWebKit/537.36 (KHTML, like Gecko) Chrome/84.0.4147.89 Safari/537.36"
37.139.53.88 - - [28/Mar/2024:02:57:43 -0500] "GET /pub/Stats/usage_202403.html HTTP/1.0" 200 113898 "https://www.bigsexvideo.tube/" "Mozilla/5.0 (Windows NT 10.0; Win64; x64) AppleWebKit/537.36 (KHTML, like Gecko) Chrome/120.0.6099.71 Safari/537.36"
37.139.53.88 - - [28/Mar/2024:02:57:46 -0500] "GET /pub/Stats/usage_202403.html HTTP/1.0" 200 113898 "https://www.bigsexvideo.tube/" "Mozilla/5.0 (Windows NT 10.0; Win64; x64) AppleWebKit/537.36 (KHTML, like Gecko) Chrome/120.0.0.0 Iron Safari/537.36"
46.22.51.77 - - [28/Mar/2024:02:57:49 -0500] "GET / HTTP/1.1" 200 -1 "https://wmusor.ru/" "Mozilla/5.0 (Windows NT 10.0; WOW64) AppleWebKit/537.36 (KHTML, like Gecko) Chrome/92.0.4515.131 YaBrowser/21.8.0.1373 Yowser/2.5 Safari/537.36"
46.22.51.77 - - [28/Mar/2024:02:57:51 -0500] "GET / HTTP/1.1" 200 -1 "https://wmusor.ru/" "Mozilla/5.0 (Windows NT 10.0; WOW64) AppleWebKit/537.36 (KHTML, like Gecko) Chrome/68.0.3409.2 Safari/537.36"
5.42.65.70 - - [28/Mar/2024:02:57:59 -0500] "GET /pub/Stats/usage_202403.html HTTP/1.0" 200 113898 "https://xn--megab-mdb.com" "Mozilla/5.0 (Windows NT 10.0; Win64; x64) AppleWebKit/537.36 (KHTML, like Gecko) Chrome/103.0.0.0 Safari/537.36 Herring/95.1.8810.11"
46.22.51.77 - - [28/Mar/2024:02:58:04 -0500] "GET / HTTP/1.1" 200 -1 "https://vesti.spb.ru/" "Mozilla/5.0 (Windows NT 10.0; WOW64) AppleWebKit/537.36 (KHTML, like Gecko) Chrome/89.0.4389.90 Safari/537.36"
46.22.51.77 - - [28/Mar/2024:02:58:09 -0500] "GET / HTTP/1.1" 200 -1 "https://wmusor.ru/" "Mozilla/5.0 (Macintosh; Intel Mac OS X 10_15_7) AppleWebKit/605.1.15 (KHTML, like Gecko) Version/14.1 Safari/605.1.15"
46.22.51.77 - - [28/Mar/2024:02:58:09 -0500] "GET / HTTP/1.1" 200 -1 "https://sigs.ru/" "Mozilla/5.0 (Windows NT 10.0; WOW64) AppleWebKit/537.36 (KHTML, like Gecko) Chrome/83.0.4103.116 YaBrowser/20.7.3.101 Yowser/2.5 Safari/537.36"
95.216.227.15 - - [28/Mar/2024:02:58:18 -0500] "GET /pub/Stats/usage_202403.html HTTP/1.0" 200 113898 "https://xn--k1-h2s.com" "Mozilla/5.0 (Windows NT 10.0; Win64; x64) AppleWebKit/537.36 (KHTML, like Gecko) Chrome/121.0.0.0 Safari/537.36"
95.216.227.15 - - [28/Mar/2024:02:58:20 -0500] "GET /pub/Stats/usage_202403.html HTTP/1.0" 200 113898 "https://vk9at.com" "Mozilla/5.0 (Windows NT 10.0; Win64; x64) AppleWebKit/537.36 (KHTML, like Gecko) Chrome/120.0.6099.71 Safari/537.36"
95.216.227.15 - - [28/Mar/2024:02:58:23 -0500] "GET /pub/Stats/usage_202403.html HTTP/1.0" 200 113898 "https://vk9at.com" "Mozilla/5.0 (Windows NT 10.0; Win64; x64) AppleWebKit/537.36 (KHTML, like Gecko) Chrome/120.0.0.0 Safari/537.36"
46.22.51.77 - - [28/Mar/2024:02:58:24 -0500] "GET / HTTP/1.1" 200 -1 "https://top-chat24.ru/" "Mozilla/5.0 (Windows NT 6.1; WOW64; rv:40.0) Gecko/20100101 Firefox/40.0"
136.243.13.183 - - [28/Mar/2024:02:58:25 -0500] "HEAD /pub/stats/ HTTP/1.0" 200 -1 "https://ausmalbilderdisney.com/" "Mozilla/5.0 (compatible; Googlebot/2.1; +http://www.google.com/bot.html)"
136.243.13.183 - - [28/Mar/2024:02:58:25 -0500] "HEAD /pub/stats/ HTTP/1.0" 200 -1 "https://ausmalbilderdisney.com/" "Mozilla/5.0 (compatible; Googlebot/2.1; +http://www.google.com/bot.html)"
136.243.13.183 - - [28/Mar/2024:02:58:25 -0500] "HEAD /pub/stats/ HTTP/1.0" 200 -1 "https://ausmalbilderdisney.com/" "Mozilla/5.0 (compatible; Googlebot/2.1; +http://www.google.com/bot.html)"
136.243.13.183 - - [28/Mar/2024:02:58:31 -0500] "HEAD /pub/stats/ HTTP/1.0" 200 -1 "https://vzlomannye-igry-dlya-android.net/" "Mozilla/5.0 (compatible; Googlebot/2.1; +http://www.google.com/bot.html)"
136.243.13.183 - - [28/Mar/2024:02:58:31 -0500] "HEAD /pub/stats/ HTTP/1.0" 200 -1 "https://vzlomannye-igry-dlya-android.net/" "Mozilla/5.0 (compatible; Googlebot/2.1; +http://www.google.com/bot.html)"
136.243.13.183 - - [28/Mar/2024:02:58:31 -0500] "HEAD /pub/stats/ HTTP/1.0" 200 -1 "https://vzlomannye-igry-dlya-android.net/" "Mozilla/5.0 (compatible; Googlebot/2.1; +http://www.google.com/bot.html)"
46.22.51.77 - - [28/Mar/2024:02:58:32 -0500] "GET / HTTP/1.1" 200 -1 "https://vesti.spb.ru/" "Mozilla/5.0 (Windows NT 6.3; WOW64) AppleWebKit/537.36 (KHTML, like Gecko) Chrome/55.0.2883.75 Safari/537.36 Maxthon/5.1.5.3000"
136.243.13.183 - - [28/Mar/2024:02:58:35 -0500] "HEAD /pub/stats/ HTTP/1.0" 200 -1 "https://pdatop.net/" "Mozilla/5.0 (compatible; Googlebot/2.1; +http://www.google.com/bot.html)"
136.243.13.183 - - [28/Mar/2024:02:58:36 -0500] "HEAD /pub/stats/ HTTP/1.0" 200 -1 "https://pdatop.net/" "Mozilla/5.0 (compatible; Googlebot/2.1; +http://www.google.com/bot.html)"
136.243.13.183 - - [28/Mar/2024:02:58:36 -0500] "HEAD /pub/stats/ HTTP/1.0" 200 -1 "https://pdatop.net/" "Mozilla/5.0 (compatible; Googlebot/2.1; +http://www.google.com/bot.html)"
51.222.253.10 - - [28/Mar/2024:02:58:43 -0500] "GET /deadpage/Fidelity/events/misc_docs/_vti_cnf/SMD_HLP.htm HTTP/1.1" 200 2640 "" "Mozilla/5.0 (compatible; AhrefsBot/7.0; +http://ahrefs.com/robot/)"
176.79.190.245 - - [28/Mar/2024:02:58:45 -0500] "HEAD / HTTP/1.0" 200 -1 "https://topvitannya.net.ua" "Mozilla/5.0 (compatible; Googlebot/2.1; +http://www.google.com/bot.html)"
176.79.190.245 - - [28/Mar/2024:02:58:45 -0500] "HEAD / HTTP/1.0" 200 -1 "https://topvitannya.net.ua" "Mozilla/5.0 (compatible; Googlebot/2.1; +http://www.google.com/bot.html)"
176.79.190.245 - - [28/Mar/2024:02:58:45 -0500] "HEAD / HTTP/1.0" 200 -1 "https://vitannya.net" "Mozilla/5.0 (compatible; Googlebot/2.1; +http://www.google.com/bot.html)"
176.79.190.245 - - [28/Mar/2024:02:58:45 -0500] "HEAD / HTTP/1.0" 200 -1 "https://topvitannya.net.ua" "Mozilla/5.0 (compatible; Googlebot/2.1; +http://www.google.com/bot.html)"
176.79.190.245 - - [28/Mar/2024:02:58:45 -0500] "HEAD / HTTP/1.0" 200 -1 "https://topvitannya.net.ua" "Mozilla/5.0 (compatible; Googlebot/2.1; +http://www.google.com/bot.html)"
176.79.190.245 - - [28/Mar/2024:02:58:45 -0500] "HEAD / HTTP/1.0" 200 -1 "https://topvitannya.net.ua" "Mozilla/5.0 (compatible; Googlebot/2.1; +http://www.google.com/bot.html)"
176.79.190.245 - - [28/Mar/2024:02:58:45 -0500] "HEAD / HTTP/1.0" 200 -1 "https://citata.net.ua" "Mozilla/5.0 (compatible; Googlebot/2.1; +http://www.google.com/bot.html)"
176.79.190.245 - - [28/Mar/2024:02:58:45 -0500] "HEAD / HTTP/1.0" 200 -1 "https://topvitannya.net.ua" "Mozilla/5.0 (compatible; Googlebot/2.1; +http://www.google.com/bot.html)"
176.79.190.245 - - [28/Mar/2024:02:58:45 -0500] "HEAD / HTTP/1.0" 200 -1 "https://topvitannya.net.ua" "Mozilla/5.0 (compatible; Googlebot/2.1; +http://www.google.com/bot.html)"
176.79.190.245 - - [28/Mar/2024:02:58:45 -0500] "HEAD / HTTP/1.0" 200 -1 "https://topvitannya.net.ua" "Mozilla/5.0 (compatible; Googlebot/2.1; +http://www.google.com/bot.html)"
176.79.190.245 - - [28/Mar/2024:02:58:45 -0500] "HEAD / HTTP/1.0" 200 -1 "https://topvitannya.net.ua" "Mozilla/5.0 (compatible; Googlebot/2.1; +http://www.google.com/bot.html)"
176.79.190.245 - - [28/Mar/2024:02:58:45 -0500] "HEAD / HTTP/1.0" 200 -1 "https://topvitannya.net.ua" "Mozilla/5.0 (compatible; Googlebot/2.1; +http://www.google.com/bot.html)"
176.79.190.245 - - [28/Mar/2024:02:58:45 -0500] "HEAD / HTTP/1.0" 200 -1 "https://topvitannya.net.ua" "Mozilla/5.0 (compatible; Googlebot/2.1; +http://www.google.com/bot.html)"
176.79.190.245 - - [28/Mar/2024:02:58:45 -0500] "HEAD / HTTP/1.0" 200 -1 "https://topvitannya.net.ua" "Mozilla/5.0 (compatible; Googlebot/2.1; +http://www.google.com/bot.html)"
176.79.190.245 - - [28/Mar/2024:02:58:45 -0500] "HEAD / HTTP/1.0" 200 -1 "https://topvitannya.net.ua" "Mozilla/5.0 (compatible; Googlebot/2.1; +http://www.google.com/bot.html)"
176.79.190.245 - - [28/Mar/2024:02:58:45 -0500] "HEAD / HTTP/1.0" 200 -1 "https://topvitannya.net.ua" "Mozilla/5.0 (compatible; Googlebot/2.1; +http://www.google.com/bot.html)"
176.79.190.245 - - [28/Mar/2024:02:58:45 -0500] "HEAD / HTTP/1.0" 200 -1 "https://topvitannya.net.ua" "Mozilla/5.0 (compatible; Googlebot/2.1; +http://www.google.com/bot.html)"
176.79.190.245 - - [28/Mar/2024:02:58:45 -0500] "HEAD / HTTP/1.0" 200 -1 "https://topvitannya.net.ua" "Mozilla/5.0 (compatible; Googlebot/2.1; +http://www.google.com/bot.html)"
176.79.190.245 - - [28/Mar/2024:02:58:45 -0500] "HEAD / HTTP/1.0" 200 -1 "https://topvitannya.net.ua" "Mozilla/5.0 (compatible; Googlebot/2.1; +http://www.google.com/bot.html)"
176.79.190.245 - - [28/Mar/2024:02:58:45 -0500] "HEAD / HTTP/1.0" 200 -1 "https://topvitannya.net.ua" "Mozilla/5.0 (compatible; Googlebot/2.1; +http://www.google.com/bot.html)"
176.79.190.245 - - [28/Mar/2024:02:58:45 -0500] "HEAD / HTTP/1.0" 200 -1 "https://topvitannya.net.ua" "Mozilla/5.0 (compatible; Googlebot/2.1; +http://www.google.com/bot.html)"
46.22.51.77 - - [28/Mar/2024:02:58:47 -0500] "GET / HTTP/1.1" 200 -1 "https://wmusor.ru/" "Mozilla/5.0 (Windows NT 10.0; Win64; x64) AppleWebKit/537.36 (KHTML, like Gecko) Chrome/84.0.4147.105 Safari/537.36"
46.22.51.77 - - [28/Mar/2024:02:58:59 -0500] "GET / HTTP/1.1" 200 -1 "https://vesti.spb.ru/" "Mozilla/5.0 (Windows NT 6.3; Win64; x64) AppleWebKit/537.36 (KHTML, like Gecko) Chrome/87.0.4280.141 Safari/537.36"
46.22.51.77 - - [28/Mar/2024:02:59:18 -0500] "GET / HTTP/1.1" 200 -1 "https://autoportal24.ru/" "Mozilla/5.0 (Windows NT 6.1; WOW64; rv:40.0) Gecko/20100101 Firefox/40.0"
46.22.51.77 - - [28/Mar/2024:02:59:22 -0500] "GET / HTTP/1.1" 200 -1 "https://wmusor.ru/" "Mozilla/5.0 (Windows NT 10.0; WOW64) AppleWebKit/537.36 (KHTML, like Gecko) Chrome/85.0.4183.102 YaBrowser/20.9.3.136 Yowser/2.5 Safari/537.36"
37.139.53.88 - - [28/Mar/2024:02:59:22 -0500] "GET /pub/Stats/usage_202403.html HTTP/1.0" 200 113898 "https://www.bigsexvideo.tube/" "Mozilla/5.0 (Windows NT 10.0; Win64; x64) AppleWebKit/537.36 (KHTML, like Gecko) Chrome/116.0.0.0 Safari/537.36"
46.22.51.77 - - [28/Mar/2024:02:59:23 -0500] "GET / HTTP/1.1" 200 -1 "https://autoportal24.ru/" "Mozilla/5.0 (Windows NT 6.1; Win64; x64) AppleWebKit/537.36 (KHTML, like Gecko) Chrome/85.0.4183.83 Safari/537.36"
46.22.51.77 - - [28/Mar/2024:02:59:24 -0500] "GET / HTTP/1.1" 200 -1 "https://sigs.ru/" "Mozilla/5.0 (Windows NT 6.1; WOW64) AppleWebKit/537.36 (KHTML, like Gecko) Chrome/63.0.3239.26 Safari/537.36 Core/1.63.5383.400 QQBrowser/10.0.1313.400"
37.139.53.88 - - [28/Mar/2024:02:59:26 -0500] "GET /pub/Stats/usage_202403.html HTTP/1.0" 200 113898 "https://www.bigsexvideo.tube/" "Mozilla/5.0 (Windows NT 10.0; Win64; x64) AppleWebKit/537.36 (KHTML, like Gecko) Chrome/111.0.0.0 Safari/537.36"
37.139.53.88 - - [28/Mar/2024:02:59:29 -0500] "GET /pub/Stats/usage_202403.html HTTP/1.0" 200 113898 "https://www.bigsexvideo.tube/" "Mozilla/5.0 (Windows NT 6.1; Win64; x64) AppleWebKit/537.36 (KHTML, like Gecko) Chrome/109.0.0.0 Safari/537.36"
95.216.227.15 - - [28/Mar/2024:02:59:35 -0500] "GET /pub/Stats/usage_202403.html HTTP/1.0" 200 113898 "https://xn--krkn-xva44n.com" "Mozilla/5.0 (Windows NT 10.0; Win64; x64) AppleWebKit/537.36 (KHTML, like Gecko) Chrome/122.0.0.0 Safari/537.36"
46.22.51.77 - - [28/Mar/2024:02:59:37 -0500] "GET / HTTP/1.1" 200 -1 "https://top-chat24.ru/" "Mozilla/5.0 (Windows NT 6.1; WOW64) AppleWebKit/537.36 (KHTML, like Gecko) Chrome/86.0.4240.185 YaBrowser/20.11.2.80 Yowser/2.5 Safari/537.36"
95.216.227.15 - - [28/Mar/2024:02:59:38 -0500] "GET /pub/Stats/usage_202403.html HTTP/1.0" 200 113898 "https://xn--k1-h2s.com" "Mozilla/5.0 (Windows NT 10.0; Win64; x64) AppleWebKit/537.36 (KHTML, like Gecko) Chrome/117.0.5938.132 Safari/537.36"
136.243.13.183 - - [28/Mar/2024:02:59:40 -0500] "HEAD /pub/stats/ HTTP/1.0" 200 -1 "https://blackdroid.mobi/" "Mozilla/5.0 (compatible; Googlebot/2.1; +http://www.google.com/bot.html)"
136.243.13.183 - - [28/Mar/2024:02:59:40 -0500] "HEAD /pub/stats/ HTTP/1.0" 200 -1 "https://blackdroid.mobi/" "Mozilla/5.0 (compatible; Googlebot/2.1; +http://www.google.com/bot.html)"
136.243.13.183 - - [28/Mar/2024:02:59:40 -0500] "HEAD /pub/stats/ HTTP/1.0" 200 -1 "https://blackdroid.mobi/" "Mozilla/5.0 (compatible; Googlebot/2.1; +http://www.google.com/bot.html)"
95.216.227.15 - - [28/Mar/2024:02:59:42 -0500] "GET /pub/Stats/usage_202403.html HTTP/1.0" 200 113898 "https://vk9at.com" "Mozilla/5.0 (Windows NT 10.0; Win64; x64) AppleWebKit/537.36 (KHTML, like Gecko) Chrome/120.0.0.0 Safari/537.36"
46.22.51.77 - - [28/Mar/2024:02:59:42 -0500] "GET / HTTP/1.1" 200 -1 "https://autoportal24.ru/" "Mozilla/5.0 (Windows NT 10.0; WOW64) AppleWebKit/537.36 (KHTML, like Gecko) Chrome/55.0.2883.87 UBrowser/7.0.185.1002 Safari/537.36"
46.22.51.77 - - [28/Mar/2024:02:59:51 -0500] "GET / HTTP/1.1" 200 -1 "https://wmusor.ru/" "Mozilla/5.0 (Windows NT 6.1; Win64; x64) AppleWebKit/537.36 (KHTML, like Gecko) Chrome/84.0.4147.105 Safari/537.36"
136.243.13.183 - - [28/Mar/2024:02:59:52 -0500] "HEAD /pub/stats/ HTTP/1.0" 200 -1 "https://driverss.net/" "Mozilla/5.0 (compatible; Googlebot/2.1; +http://www.google.com/bot.html)"
136.243.13.183 - - [28/Mar/2024:02:59:52 -0500] "HEAD /pub/stats/ HTTP/1.0" 200 -1 "https://driverss.net/" "Mozilla/5.0 (compatible; Googlebot/2.1; +http://www.google.com/bot.html)"
136.243.13.183 - - [28/Mar/2024:02:59:52 -0500] "HEAD /pub/stats/ HTTP/1.0" 200 -1 "https://driverss.net/" "Mozilla/5.0 (compatible; Googlebot/2.1; +http://www.google.com/bot.html)"
46.22.51.77 - - [28/Mar/2024:02:59:54 -0500] "GET / HTTP/1.1" 200 -1 "https://sigs.ru/" "Mozilla/5.0 (Windows NT 6.1; Win64; x64) AppleWebKit/537.36 (KHTML, like Gecko) Chrome/84.0.4147.89 Safari/537.36"
46.22.51.77 - - [28/Mar/2024:02:59:57 -0500] "GET / HTTP/1.1" 200 -1 "https://vesti.spb.ru/" "Mozilla/5.0 (Windows NT 10.0; WOW64) AppleWebKit/537.36 (KHTML, like Gecko) Chrome/61.0.3163.79 Safari/537.36 Maxthon/5.2.3.2000"
46.22.51.77 - - [28/Mar/2024:03:00:04 -0500] "GET / HTTP/1.1" 200 -1 "https://top-chat24.ru/" "Mozilla/5.0 (Windows NT 10.0; Win64; x64) AppleWebKit/537.36 (KHTML, like Gecko) Chrome/88.0.4324.152 YaBrowser/21.2.3.100 Yowser/2.5 Safari/537.36"
51.222.253.16 - - [28/Mar/2024:03:00:22 -0500] "GET /DeadPage/Fidelity/events/completed_events/CHips/2003/?order=tnx HTTP/1.1" 200 -1 "" "Mozilla/5.0 (compatible; AhrefsBot/7.0; +http://ahrefs.com/robot/)"
46.22.51.77 - - [28/Mar/2024:03:00:23 -0500] "GET / HTTP/1.1" 200 -1 "https://vesti.spb.ru/" "Mozilla/5.0 (Windows NT 10.0; WOW64) AppleWebKit/537.36 (KHTML, like Gecko) Chrome/65.0.3325.181 Safari/537.36 OPR/52.0.2871.99"
46.22.51.77 - - [28/Mar/2024:03:00:47 -0500] "GET / HTTP/1.1" 200 -1 "https://sigs.ru/" "Mozilla/5.0 (Windows NT 6.1; Win64; x64) AppleWebKit/537.36 (KHTML, like Gecko) Chrome/84.0.4147.89 Safari/537.36"
176.79.190.245 - - [28/Mar/2024:03:00:51 -0500] "HEAD / HTTP/1.0" 200 -1 "https://citata.net.ua" "Mozilla/5.0 (compatible; Googlebot/2.1; +http://www.google.com/bot.html)"
176.79.190.245 - - [28/Mar/2024:03:00:51 -0500] "HEAD / HTTP/1.0" 200 -1 "https://citata.net.ua" "Mozilla/5.0 (compatible; Googlebot/2.1; +http://www.google.com/bot.html)"
176.79.190.245 - - [28/Mar/2024:03:00:51 -0500] "HEAD / HTTP/1.0" 200 -1 "https://citata.net.ua" "Mozilla/5.0 (compatible; Googlebot/2.1; +http://www.google.com/bot.html)"
176.79.190.245 - - [28/Mar/2024:03:00:51 -0500] "HEAD / HTTP/1.0" 200 -1 "https://vitannya.net" "Mozilla/5.0 (compatible; Googlebot/2.1; +http://www.google.com/bot.html)"
176.79.190.245 - - [28/Mar/2024:03:00:51 -0500] "HEAD / HTTP/1.0" 200 -1 "https://citata.net.ua" "Mozilla/5.0 (compatible; Googlebot/2.1; +http://www.google.com/bot.html)"
176.79.190.245 - - [28/Mar/2024:03:00:51 -0500] "HEAD / HTTP/1.0" 200 -1 "https://citata.net.ua" "Mozilla/5.0 (compatible; Googlebot/2.1; +http://www.google.com/bot.html)"
176.79.190.245 - - [28/Mar/2024:03:00:51 -0500] "HEAD / HTTP/1.0" 200 -1 "https://citata.net.ua" "Mozilla/5.0 (compatible; Googlebot/2.1; +http://www.google.com/bot.html)"
176.79.190.245 - - [28/Mar/2024:03:00:51 -0500] "HEAD / HTTP/1.0" 200 -1 "https://citata.net.ua" "Mozilla/5.0 (compatible; Googlebot/2.1; +http://www.google.com/bot.html)"
176.79.190.245 - - [28/Mar/2024:03:00:51 -0500] "HEAD / HTTP/1.0" 200 -1 "https://citata.net.ua" "Mozilla/5.0 (compatible; Googlebot/2.1; +http://www.google.com/bot.html)"
176.79.190.245 - - [28/Mar/2024:03:00:51 -0500] "HEAD / HTTP/1.0" 200 -1 "https://citata.net.ua" "Mozilla/5.0 (compatible; Googlebot/2.1; +http://www.google.com/bot.html)"
176.79.190.245 - - [28/Mar/2024:03:00:51 -0500] "HEAD / HTTP/1.0" 200 -1 "https://citata.net.ua" "Mozilla/5.0 (compatible; Googlebot/2.1; +http://www.google.com/bot.html)"
176.79.190.245 - - [28/Mar/2024:03:00:51 -0500] "HEAD / HTTP/1.0" 200 -1 "https://mammedia.com.ua" "Mozilla/5.0 (compatible; Googlebot/2.1; +http://www.google.com/bot.html)"
176.79.190.245 - - [28/Mar/2024:03:00:51 -0500] "HEAD / HTTP/1.0" 200 -1 "https://citata.net.ua" "Mozilla/5.0 (compatible; Googlebot/2.1; +http://www.google.com/bot.html)"
176.79.190.245 - - [28/Mar/2024:03:00:51 -0500] "HEAD / HTTP/1.0" 200 -1 "https://citata.net.ua" "Mozilla/5.0 (compatible; Googlebot/2.1; +http://www.google.com/bot.html)"
176.79.190.245 - - [28/Mar/2024:03:00:51 -0500] "HEAD / HTTP/1.0" 200 -1 "https://citata.net.ua" "Mozilla/5.0 (compatible; Googlebot/2.1; +http://www.google.com/bot.html)"
176.79.190.245 - - [28/Mar/2024:03:00:51 -0500] "HEAD / HTTP/1.0" 200 -1 "https://citata.net.ua" "Mozilla/5.0 (compatible; Googlebot/2.1; +http://www.google.com/bot.html)"
176.79.190.245 - - [28/Mar/2024:03:00:51 -0500] "HEAD / HTTP/1.0" 200 -1 "https://citata.net.ua" "Mozilla/5.0 (compatible; Googlebot/2.1; +http://www.google.com/bot.html)"
176.79.190.245 - - [28/Mar/2024:03:00:51 -0500] "HEAD / HTTP/1.0" 200 -1 "https://citata.net.ua" "Mozilla/5.0 (compatible; Googlebot/2.1; +http://www.google.com/bot.html)"
176.79.190.245 - - [28/Mar/2024:03:00:51 -0500] "HEAD / HTTP/1.0" 200 -1 "https://citata.net.ua" "Mozilla/5.0 (compatible; Googlebot/2.1; +http://www.google.com/bot.html)"
176.79.190.245 - - [28/Mar/2024:03:00:51 -0500] "HEAD / HTTP/1.0" 200 -1 "https://citata.net.ua" "Mozilla/5.0 (compatible; Googlebot/2.1; +http://www.google.com/bot.html)"
176.79.190.245 - - [28/Mar/2024:03:00:51 -0500] "HEAD / HTTP/1.0" 200 -1 "https://citata.net.ua" "Mozilla/5.0 (compatible; Googlebot/2.1; +http://www.google.com/bot.html)"
95.216.227.15 - - [28/Mar/2024:03:00:52 -0500] "GET /pub/Stats/usage_202403.html HTTP/1.0" 200 113898 "https://xn--krkn-xva44n.com" "Mozilla/5.0 (Windows NT 10.0; Win64; x64) AppleWebKit/537.36 (KHTML, like Gecko) Chrome/120.0.0.0 Iron Safari/537.36"
95.216.227.15 - - [28/Mar/2024:03:00:55 -0500] "GET /pub/Stats/usage_202403.html HTTP/1.0" 200 113898 "https://vk9at.com" "Mozilla/5.0 (Windows NT 11.0; WOW64) AppleWebKit/537.36 (KHTML, like Gecko) Chrome/114.0.5814.214 Safari/537.36"
95.216.227.15 - - [28/Mar/2024:03:00:58 -0500] "GET /pub/Stats/usage_202403.html HTTP/1.0" 200 113898 "https://xn--k1-h2s.com" "Mozilla/5.0 (Windows NT 10.0; Win64; x64) AppleWebKit/537.36 (KHTML, like Gecko) Chrome/121.0.0.0 Safari/537.36"
5.42.65.70 - - [28/Mar/2024:03:01:00 -0500] "GET /pub/Stats/usage_202403.html HTTP/1.0" 200 113898 "https://xn--megab-mdb.com" "Mozilla/5.0 (Windows NT 10.0) AppleWebKit/537.36 (KHTML, like Gecko) Chrome/103.0.0.0 Safari/537.36"
46.22.51.77 - - [28/Mar/2024:03:01:04 -0500] "GET / HTTP/1.1" 200 -1 "https://top-chat24.ru/" "Mozilla/5.0 (Windows NT 6.3; Win64; x64; rv:88.0) Gecko/20100101 Firefox/88.0"
37.139.53.88 - - [28/Mar/2024:03:01:06 -0500] "GET /pub/Stats/usage_202403.html HTTP/1.0" 200 113898 "https://www.bigsexvideo.tube/" "Mozilla/5.0 (Windows NT 10.0; Win64; x64) AppleWebKit/537.36 (KHTML, like Gecko) Chrome/120.0.0.0 Iron Safari/537.36"
37.139.53.88 - - [28/Mar/2024:03:01:09 -0500] "GET /pub/Stats/usage_202403.html HTTP/1.0" 200 113898 "https://www.bigsexvideo.tube/" "Mozilla/5.0 (Windows NT 10.0; Win64; x64) AppleWebKit/537.36 (KHTML, like Gecko) Chrome/120.0.0.0 Safari/537.36"
37.139.53.88 - - [28/Mar/2024:03:01:12 -0500] "GET /pub/Stats/usage_202403.html HTTP/1.0" 200 113898 "https://www.bigsexvideo.tube/" "Mozilla/5.0 (Windows NT 6.1; Win64; x64) AppleWebKit/537.36 (KHTML, like Gecko) Chrome/109.0.0.0 Safari/537.36"
46.22.51.77 - - [28/Mar/2024:03:01:14 -0500] "GET / HTTP/1.1" 200 -1 "https://sigs.ru/" "Mozilla/5.0 (X11; Datanyze; Linux x86_64) AppleWebKit/537.36 (KHTML, like Gecko) Chrome/65.0.3325.181 Safari/537.36"
79.137.204.186 - - [28/Mar/2024:03:01:15 -0500] "GET /pub/Stats/usage_202403.html HTTP/1.0" 200 113898 "https://korpus-mebli.com.ua/" "Mozilla/5.0 (Windows NT 10.0; Win64; x64) AppleWebKit/537.36 (KHTML, like Gecko) Chrome/111.0.0.0 Safari/537.36"
79.137.204.186 - - [28/Mar/2024:03:01:19 -0500] "GET /pub/Stats/usage_202403.html HTTP/1.0" 200 113898 "https://korpus-mebli.com.ua/" "Mozilla/5.0 (Windows NT 10.0; Win64; x64) AppleWebKit/537.36 (KHTML, like Gecko) Chrome/116.0.0.0 Safari/537.36"
95.56.29.166 - - [28/Mar/2024:03:01:22 -0500] "GET / HTTP/1.1" 200 -1 "https://updowntoday.com" "Mozilla/5.0 (Windows NT 10.0; Win64; x64) AppleWebKit/537.36 (KHTML, like Gecko) Chrome/70.0.3538.77 Safari/537.36"
79.137.204.186 - - [28/Mar/2024:03:01:23 -0500] "GET /pub/Stats/usage_202403.html HTTP/1.0" 200 113898 "https://korpus-mebli.com.ua/" "Mozilla/5.0 (Windows NT 10.0; Win64; x64) AppleWebKit/537.36 (KHTML, like Gecko) Chrome/112.0.0.0 Safari/537.36"
95.56.29.166 - - [28/Mar/2024:03:01:23 -0500] "GET / HTTP/1.1" 200 -1 "https://updowntoday.com" "Mozilla/5.0 (Windows NT 10.0; Win64; x64) AppleWebKit/537.36 (KHTML, like Gecko) Chrome/70.0.3538.77 Safari/537.36"
95.56.29.166 - - [28/Mar/2024:03:01:24 -0500] "GET / HTTP/1.1" 200 -1 "https://updowntoday.com" "Mozilla/5.0 (Windows NT 10.0; Win64; x64) AppleWebKit/537.36 (KHTML, like Gecko) Chrome/70.0.3538.77 Safari/537.36"
95.56.29.166 - - [28/Mar/2024:03:01:25 -0500] "GET / HTTP/1.1" 200 -1 "https://updowntoday.com" "Mozilla/5.0 (Windows NT 10.0; Win64; x64) AppleWebKit/537.36 (KHTML, like Gecko) Chrome/70.0.3538.77 Safari/537.36"
95.56.29.166 - - [28/Mar/2024:03:01:26 -0500] "GET / HTTP/1.1" 200 -1 "https://updowntoday.com" "Mozilla/5.0 (Windows NT 10.0; Win64; x64) AppleWebKit/537.36 (KHTML, like Gecko) Chrome/70.0.3538.77 Safari/537.36"
95.56.29.166 - - [28/Mar/2024:03:01:27 -0500] "GET / HTTP/1.1" 200 -1 "https://updowntoday.com" "Mozilla/5.0 (Windows NT 10.0; Win64; x64) AppleWebKit/537.36 (KHTML, like Gecko) Chrome/70.0.3538.77 Safari/537.36"
46.22.51.77 - - [28/Mar/2024:03:01:27 -0500] "GET / HTTP/1.1" 200 -1 "https://autoportal24.ru/" "Mozilla/5.0 (Windows NT 6.3; Win64; x64) AppleWebKit/537.36 (KHTML, like Gecko) Chrome/87.0.4280.88 Safari/537.36"
46.22.51.77 - - [28/Mar/2024:03:01:27 -0500] "GET / HTTP/1.1" 200 -1 "https://top-chat24.ru/" "Mozilla/5.0 (Windows NT 6.1; Win64; x64) AppleWebKit/537.36 (KHTML, like Gecko) Chrome/65.0.3325.183 Safari/537.36 Vivaldi/1.96.1147.42"
95.56.29.166 - - [28/Mar/2024:03:01:28 -0500] "GET / HTTP/1.1" 200 -1 "https://updowntoday.com" "Mozilla/5.0 (Windows NT 10.0; Win64; x64) AppleWebKit/537.36 (KHTML, like Gecko) Chrome/70.0.3538.77 Safari/537.36"
95.56.29.166 - - [28/Mar/2024:03:01:28 -0500] "GET / HTTP/1.1" 200 -1 "https://updowntoday.com" "Mozilla/5.0 (Windows NT 10.0; Win64; x64) AppleWebKit/537.36 (KHTML, like Gecko) Chrome/70.0.3538.77 Safari/537.36"
95.56.29.166 - - [28/Mar/2024:03:01:29 -0500] "GET / HTTP/1.1" 200 -1 "https://updowntoday.com" "Mozilla/5.0 (Windows NT 10.0; Win64; x64) AppleWebKit/537.36 (KHTML, like Gecko) Chrome/70.0.3538.77 Safari/537.36"
95.56.29.166 - - [28/Mar/2024:03:01:30 -0500] "GET / HTTP/1.1" 200 -1 "https://updowntoday.com" "Mozilla/5.0 (Windows NT 10.0; Win64; x64) AppleWebKit/537.36 (KHTML, like Gecko) Chrome/70.0.3538.77 Safari/537.36"
95.56.29.166 - - [28/Mar/2024:03:01:30 -0500] "GET / HTTP/1.1" 200 -1 "https://updowntoday.com" "Mozilla/5.0 (Windows NT 10.0; Win64; x64) AppleWebKit/537.36 (KHTML, like Gecko) Chrome/70.0.3538.77 Safari/537.36"
46.22.51.77 - - [28/Mar/2024:03:01:31 -0500] "GET / HTTP/1.1" 200 -1 "https://sigs.ru/" "Mozilla/5.0 (Windows NT 10.0; Win64; x64) AppleWebKit/537.36 (KHTML, like Gecko) Chrome/83.0.4093.3 Safari/537.36"
46.22.51.77 - - [28/Mar/2024:03:01:49 -0500] "GET / HTTP/1.1" 200 -1 "https://vesti.spb.ru/" "Mozilla/5.0 (Windows NT 10.0; WOW64) AppleWebKit/537.36 (KHTML, like Gecko) Chrome/81.0.4044.138 YaBrowser/20.6.2.197 Yowser/2.5 Yptp/1.23 Safari/537.36"
46.22.51.77 - - [28/Mar/2024:03:01:51 -0500] "GET / HTTP/1.1" 200 -1 "https://vesti.spb.ru/" "Mozilla/5.0 (Windows NT 6.1; Win64; x64) AppleWebKit/537.36 (KHTML, like Gecko) Chrome/66.0.3343.4 Safari/537.36"
46.22.51.77 - - [28/Mar/2024:03:02:01 -0500] "GET / HTTP/1.1" 200 -1 "https://wmusor.ru/" "Mozilla/5.0 (Windows NT 10.0; Win64; x64) AppleWebKit/537.36 (KHTML, like Gecko) Chrome/90.0.4430.72 Safari/537.36 Edg/90.0.818.42"
46.22.51.77 - - [28/Mar/2024:03:02:03 -0500] "GET / HTTP/1.1" 200 -1 "https://wmusor.ru/" "Mozilla/5.0 (Windows NT 6.1; WOW64) AppleWebKit/537.36 (KHTML, like Gecko) Chrome/90.0.4430.72 YaBrowser/21.5.1.355 Yowser/2.5 Safari/537.36"
46.22.51.77 - - [28/Mar/2024:03:02:03 -0500] "GET / HTTP/1.1" 200 -1 "https://wmusor.ru/" "Mozilla/5.0 (Windows NT 10.0; WOW64) AppleWebKit/537.36 (KHTML, like Gecko) Chrome/53.0.2785.116 Safari/537.36"
95.216.227.15 - - [28/Mar/2024:03:02:11 -0500] "GET /pub/Stats/usage_202403.html HTTP/1.0" 200 113898 "https://xn--k1-h2s.com" "Mozilla/5.0 (Windows NT 10.0; Win64; x64) AppleWebKit/537.36 (KHTML, like Gecko) Chrome/122.0.0.0 Safari/537.36"
95.216.227.15 - - [28/Mar/2024:03:02:13 -0500] "GET /pub/Stats/usage_202403.html HTTP/1.0" 200 113898 "https://krakenat.com" "Mozilla/5.0 (Windows NT 10.0; Win64; x64) AppleWebKit/537.36 (KHTML, like Gecko) Chrome/111.0.0.0 Safari/537.36"
46.22.51.77 - - [28/Mar/2024:03:02:13 -0500] "GET / HTTP/1.1" 200 -1 "https://top-chat24.ru/" "Mozilla/5.0 (Windows NT 6.1) AppleWebKit/537.36 (KHTML, like Gecko) Chrome/67.0.3396.87 Safari/537.36"
95.216.227.15 - - [28/Mar/2024:03:02:17 -0500] "GET /pub/Stats/usage_202403.html HTTP/1.0" 200 113898 "https://krakenat.com" "Mozilla/5.0 (Windows NT 10.0; Win64; x64) AppleWebKit/537.36 (KHTML, like Gecko) Chrome/121.0.0.0 Safari/537.36"
46.22.51.77 - - [28/Mar/2024:03:02:24 -0500] "GET / HTTP/1.1" 200 -1 "https://autoportal24.ru/" "Mozilla/5.0 (Windows NT 10.0; WOW64) AppleWebKit/537.36 (KHTML, like Gecko) Chrome/67.0.3396.62 Safari/537.36"
46.22.51.77 - - [28/Mar/2024:03:02:30 -0500] "GET / HTTP/1.1" 200 -1 "https://sigs.ru/" "Mozilla/5.0 (Macintosh; Intel Mac OS X 10_15_7) AppleWebKit/605.1.15 (KHTML, like Gecko) Version/14.0.1 Safari/605.1.15"
46.22.51.77 - - [28/Mar/2024:03:02:36 -0500] "GET / HTTP/1.1" 200 -1 "https://vesti.spb.ru/" "Mozilla/5.0 (Windows NT 6.1; WOW64) AppleWebKit/537.36 (KHTML, like Gecko) Chrome/64.0.3282.186 YaBrowser/18.3.1.1232 Yowser/2.5 Safari/537.36"
176.79.190.245 - - [28/Mar/2024:03:02:40 -0500] "HEAD / HTTP/1.0" 200 -1 "https://vitannya.net" "Mozilla/5.0 (compatible; Googlebot/2.1; +http://www.google.com/bot.html)"
176.79.190.245 - - [28/Mar/2024:03:02:40 -0500] "HEAD / HTTP/1.0" 200 -1 "https://vitannya.net" "Mozilla/5.0 (compatible; Googlebot/2.1; +http://www.google.com/bot.html)"
176.79.190.245 - - [28/Mar/2024:03:02:40 -0500] "HEAD / HTTP/1.0" 200 -1 "https://vitannya.net" "Mozilla/5.0 (compatible; Googlebot/2.1; +http://www.google.com/bot.html)"
176.79.190.245 - - [28/Mar/2024:03:02:40 -0500] "HEAD / HTTP/1.0" 200 -1 "https://vitannya.net" "Mozilla/5.0 (compatible; Googlebot/2.1; +http://www.google.com/bot.html)"
176.79.190.245 - - [28/Mar/2024:03:02:40 -0500] "HEAD / HTTP/1.0" 200 -1 "https://vitannya.net" "Mozilla/5.0 (compatible; Googlebot/2.1; +http://www.google.com/bot.html)"
176.79.190.245 - - [28/Mar/2024:03:02:40 -0500] "HEAD / HTTP/1.0" 200 -1 "https://vitannya.net" "Mozilla/5.0 (compatible; Googlebot/2.1; +http://www.google.com/bot.html)"
176.79.190.245 - - [28/Mar/2024:03:02:40 -0500] "HEAD / HTTP/1.0" 200 -1 "https://mammedia.com.ua" "Mozilla/5.0 (compatible; Googlebot/2.1; +http://www.google.com/bot.html)"
176.79.190.245 - - [28/Mar/2024:03:02:40 -0500] "HEAD / HTTP/1.0" 200 -1 "https://vitannya.net" "Mozilla/5.0 (compatible; Googlebot/2.1; +http://www.google.com/bot.html)"
176.79.190.245 - - [28/Mar/2024:03:02:40 -0500] "HEAD / HTTP/1.0" 200 -1 "https://vitannya.net" "Mozilla/5.0 (compatible; Googlebot/2.1; +http://www.google.com/bot.html)"
176.79.190.245 - - [28/Mar/2024:03:02:40 -0500] "HEAD / HTTP/1.0" 200 -1 "https://vitannya.net" "Mozilla/5.0 (compatible; Googlebot/2.1; +http://www.google.com/bot.html)"
176.79.190.245 - - [28/Mar/2024:03:02:40 -0500] "HEAD / HTTP/1.0" 200 -1 "https://vitannya.net" "Mozilla/5.0 (compatible; Googlebot/2.1; +http://www.google.com/bot.html)"
176.79.190.245 - - [28/Mar/2024:03:02:40 -0500] "HEAD / HTTP/1.0" 200 -1 "https://vitannya.net" "Mozilla/5.0 (compatible; Googlebot/2.1; +http://www.google.com/bot.html)"
176.79.190.245 - - [28/Mar/2024:03:02:40 -0500] "HEAD / HTTP/1.0" 200 -1 "https://svyato365.net.ua" "Mozilla/5.0 (compatible; Googlebot/2.1; +http://www.google.com/bot.html)"
176.79.190.245 - - [28/Mar/2024:03:02:40 -0500] "HEAD / HTTP/1.0" 200 -1 "https://vitannya.net" "Mozilla/5.0 (compatible; Googlebot/2.1; +http://www.google.com/bot.html)"
176.79.190.245 - - [28/Mar/2024:03:02:40 -0500] "HEAD / HTTP/1.0" 200 -1 "https://vitannya.net" "Mozilla/5.0 (compatible; Googlebot/2.1; +http://www.google.com/bot.html)"
176.79.190.245 - - [28/Mar/2024:03:02:40 -0500] "HEAD / HTTP/1.0" 200 -1 "https://vitannya.net" "Mozilla/5.0 (compatible; Googlebot/2.1; +http://www.google.com/bot.html)"
176.79.190.245 - - [28/Mar/2024:03:02:40 -0500] "HEAD / HTTP/1.0" 200 -1 "https://vitannya.net" "Mozilla/5.0 (compatible; Googlebot/2.1; +http://www.google.com/bot.html)"
176.79.190.245 - - [28/Mar/2024:03:02:40 -0500] "HEAD / HTTP/1.0" 200 -1 "https://vitannya.net" "Mozilla/5.0 (compatible; Googlebot/2.1; +http://www.google.com/bot.html)"
176.79.190.245 - - [28/Mar/2024:03:02:40 -0500] "HEAD / HTTP/1.0" 200 -1 "https://vitannya.net" "Mozilla/5.0 (compatible; Googlebot/2.1; +http://www.google.com/bot.html)"
176.79.190.245 - - [28/Mar/2024:03:02:40 -0500] "HEAD / HTTP/1.0" 200 -1 "https://vitannya.net" "Mozilla/5.0 (compatible; Googlebot/2.1; +http://www.google.com/bot.html)"
176.79.190.245 - - [28/Mar/2024:03:02:41 -0500] "HEAD / HTTP/1.0" 200 -1 "https://vitannya.net" "Mozilla/5.0 (compatible; Googlebot/2.1; +http://www.google.com/bot.html)"
37.139.53.88 - - [28/Mar/2024:03:02:49 -0500] "GET /pub/Stats/usage_202403.html HTTP/1.0" 200 113898 "https://www.bigsexvideo.tube/" "Mozilla/5.0 (Windows NT 10.0; Win64; x64) AppleWebKit/537.36 (KHTML, like Gecko) Chrome/112.0.0.0 Safari/537.36"
46.22.51.77 - - [28/Mar/2024:03:02:50 -0500] "GET / HTTP/1.1" 200 -1 "https://autoportal24.ru/" "Mozilla/5.0 (Windows NT 6.1; Win64; x64) AppleWebKit/537.36 (KHTML, like Gecko) Chrome/88.0.4324.190 Safari/537.36"
136.243.13.183 - - [28/Mar/2024:03:02:50 -0500] "HEAD /pub/stats/ HTTP/1.0" 200 -1 "https://vzlomannye-igry-na-android.net/" "Mozilla/5.0 (compatible; Googlebot/2.1; +http://www.google.com/bot.html)"
136.243.13.183 - - [28/Mar/2024:03:02:50 -0500] "HEAD /pub/stats/ HTTP/1.0" 200 -1 "https://vzlomannye-igry-na-android.net/" "Mozilla/5.0 (compatible; Googlebot/2.1; +http://www.google.com/bot.html)"
136.243.13.183 - - [28/Mar/2024:03:02:50 -0500] "HEAD /pub/stats/ HTTP/1.0" 200 -1 "https://vzlomannye-igry-na-android.net/" "Mozilla/5.0 (compatible; Googlebot/2.1; +http://www.google.com/bot.html)"
37.139.53.88 - - [28/Mar/2024:03:02:52 -0500] "GET /pub/Stats/usage_202403.html HTTP/1.0" 200 113898 "https://www.bigsexvideo.tube/" "Mozilla/5.0 (Windows NT 10.0; Win64; x64) AppleWebKit/537.36 (KHTML, like Gecko) Chrome/120.0.0.0 Safari/537.36"
37.139.53.88 - - [28/Mar/2024:03:02:55 -0500] "GET /pub/Stats/usage_202403.html HTTP/1.0" 200 113898 "https://www.bigsexvideo.tube/" "Mozilla/5.0 (Windows NT 6.1; Win64; x64) AppleWebKit/537.36 (KHTML, like Gecko) Chrome/114.0.5735.289 Safari/537.36"
46.22.51.77 - - [28/Mar/2024:03:03:06 -0500] "GET / HTTP/1.1" 200 -1 "https://autoportal24.ru/" "Mozilla/5.0 (Windows NT 6.3; Win64; x64; rv:81.0) Gecko/20100101 Firefox/81.0"
46.22.51.77 - - [28/Mar/2024:03:03:09 -0500] "GET / HTTP/1.1" 200 -1 "https://sigs.ru/" "Mozilla/5.0 (Windows NT 6.1; ) AppleWebKit/537.36 (KHTML, like Gecko) Chrome/83.0.4103.116 Safari/537.36"
46.22.51.77 - - [28/Mar/2024:03:03:10 -0500] "GET / HTTP/1.1" 200 -1 "https://wmusor.ru/" "Mozilla/5.0 (Windows NT 6.1; Win64; x64) AppleWebKit/537.36 (KHTML, like Gecko) Chrome/91.0.4472.106 Safari/537.36"
46.22.51.77 - - [28/Mar/2024:03:03:26 -0500] "GET / HTTP/1.1" 200 -1 "https://top-chat24.ru/" "Mozilla/5.0 (Windows NT 6.1; Win64; x64) AppleWebKit/537.36 (KHTML, like Gecko) Chrome/67.0.3396.79 Safari/4CDC03"
